000
CXUS54 KBMX 051447
CLMANB
CLIMATE REPORT
NATIONAL WEATHER SERVICE BIRMINGHAM AL
947 AM CDT WED APR 05 2023
...................................
...THE ANNISTON CLIMATE SUMMARY FOR THE MONTH OF MARCH 2023...
CLIMATE NORMAL PERIOD 1991 TO 2020
CLIMATE RECORD PERIOD 1903 TO 2023
WEATHER OBSERVED NORMAL DEPART LAST YEAR`S
VALUE DATE(S) VALUE FROM VALUE DATE(S)
NORMAL
................................................................
TEMPERATURE (F)
RECORD
HIGH 89 03/09/1974
03/31/1963
LOW 8 03/13/1993
HIGHEST 84 03/25 MM MM 83 03/04
03/30
LOWEST 23 03/20 MM MM 22 03/13
AVG. MAXIMUM 69.9 66.9 3.0 69.0
AVG. MINIMUM 44.5 43.8 0.7 43.6
MEAN 57.2 56.3
DAYS MAX >= 90 0 0.0 0.0 0
DAYS MAX <= 32 0 0.0 0.0 0
DAYS MIN <= 32 5 4.5 0.5 3
DAYS MIN <= 0 0 0.0 0.0 0
PRECIPITATION (INCHES)
RECORD
MAXIMUM 18.09 1977
MINIMUM 1.38 1985
TOTALS 5.53 5.37 0.16 8.25
DAILY AVG. 0.18 0.17 0.01
DAYS >= .01 9 11.1 -2.1
DAYS >= .10 8 7.6 0.4
DAYS >= .50 5 3.7 1.3
DAYS >= 1.00 1 1.9 -0.9
DEGREE DAYS
HEATING TOTAL 258 314 -56 278
SINCE 7/1 1990 2483 -493 MM
COOLING TOTAL 22 15 7 15
SINCE 1/1 53 18 35 MM
................................................................
WIND (MPH)
AVERAGE WIND SPEED 5.7
HIGHEST WIND SPEED/DIRECTION 35/260 DATE 03/03
HIGHEST GUST SPEED/DIRECTION 48/280 DATE 03/03
AVERAGE RH (PERCENT) 61
WEATHER CONDITIONS. NUMBER OF DAYS WITH
THUNDERSTORM 6 MIXED PRECIP 0
HEAVY RAIN 9 RAIN 8
LIGHT RAIN 11 FREEZING RAIN 0
LT FREEZING RAIN 0 HAIL 0
HEAVY SNOW 0 SNOW 0
LIGHT SNOW 0 SLEET 0
FOG 14 FOG W/VIS <= 1/4 MILE 0
HAZE 3
- INDICATES NEGATIVE NUMBERS.
R INDICATES RECORD WAS SET OR TIED.
MM INDICATES DATA IS MISSING.
T INDICATES TRACE AMOUNT.
$$