000
CXUS54 KBMX 041508
CLMANB
CLIMATE REPORT
NATIONAL WEATHER SERVICE BIRMINGHAM AL
908 AM CST SUN FEB 04 2024
...................................
...THE ANNISTON CLIMATE SUMMARY FOR THE MONTH OF JANUARY 2024...
CLIMATE NORMAL PERIOD 1991 TO 2020
CLIMATE RECORD PERIOD 1903 TO 2024
WEATHER OBSERVED NORMAL DEPART LAST YEAR`S
VALUE DATE(S) VALUE FROM VALUE DATE(S)
NORMAL
................................................................
TEMPERATURE (F)
RECORD
HIGH 80 01/25/1950
01/11/1949
01/10/1949
LOW -5 01/21/1985
HIGHEST 71 01/25 MM MM 74 01/03
LOWEST 10 01/17 MM MM 25 01/15
AVG. MAXIMUM 53.3 54.7 -1.4 60.7
AVG. MINIMUM 31.6 34.0 -2.4 39.7
MEAN 42.5 50.2
DAYS MAX >= 90 0 0.0 0.0 0
DAYS MAX <= 32 1 0.7 0.3 0
DAYS MIN <= 32 20 15.8 4.2 10
DAYS MIN <= 0 0 0.0 0.0 0
PRECIPITATION (INCHES)
RECORD
MAXIMUM 12.69 1972
MINIMUM 0.95 1986
TOTALS 8.34 4.84 3.50 7.61
DAILY AVG. 0.27 0.16 0.11
DAYS >= .01 13 10.9 2.1
DAYS >= .10 9 7.3 1.7
DAYS >= .50 6 3.6 2.4
DAYS >= 1.00 3 1.5 1.5
DEGREE DAYS
HEATING TOTAL 693 641 52 454
SINCE 7/1 1634 1699 -65 MM
................................................................
WIND (MPH)
AVERAGE WIND SPEED 6.0
HIGHEST WIND SPEED/DIRECTION 29/250 DATE 01/09
HIGHEST GUST SPEED/DIRECTION 45/240 DATE 01/09
45/160 01/12
AVERAGE RH (PERCENT) 70
WEATHER CONDITIONS. NUMBER OF DAYS WITH
THUNDERSTORM 2 MIXED PRECIP 1
HEAVY RAIN 8 RAIN 8
LIGHT RAIN 17 FREEZING RAIN 1
LT FREEZING RAIN 1 HAIL 0
HEAVY SNOW 0 SNOW 0
LIGHT SNOW 1 SLEET 0
FOG 14 FOG W/VIS <= 1/4 MILE 0
HAZE 1
- INDICATES NEGATIVE NUMBERS.
R INDICATES RECORD WAS SET OR TIED.
MM INDICATES DATA IS MISSING.
T INDICATES TRACE AMOUNT.
$$