000
CXUS54 KBMX 020332
CLMANB
CLIMATE REPORT
NATIONAL WEATHER SERVICE BIRMINGHAM AL
1032 PM CDT TUE AUG 01 2023
...................................
...THE ANNISTON CLIMATE SUMMARY FOR THE MONTH OF JULY 2023...
CLIMATE NORMAL PERIOD 1991 TO 2020
CLIMATE RECORD PERIOD 1903 TO 2023
WEATHER OBSERVED NORMAL DEPART LAST YEAR`S
VALUE DATE(S) VALUE FROM VALUE DATE(S)
NORMAL
................................................................
TEMPERATURE (F)
RECORD
HIGH 105 07/13/1980
LOW 50 07/15/1967
HIGHEST 98 07/28 MM MM 97 07/08
LOWEST 65 07/24 MM MM 66 07/15
AVG. MAXIMUM 90.8 90.2 0.6 91.5
AVG. MINIMUM 70.3 70.6 -0.3 71.6
MEAN 80.6 81.5
DAYS MAX >= 90 19 19.4 -0.4 26
DAYS MAX <= 32 0 0.0 0.0 0
DAYS MIN <= 32 0 0.0 0.0 0
DAYS MIN <= 0 0 0.0 0.0 0
PRECIPITATION (INCHES)
RECORD
MAXIMUM 13.90 1950
MINIMUM 0.57 2014
TOTALS 3.47 4.68 -1.21 7.48
DAILY AVG. 0.11 0.15 -0.04
DAYS >= .01 11 12.2 -1.2
DAYS >= .10 8 7.7 0.3
DAYS >= .50 3 3.2 -0.2
DAYS >= 1.00 0 1.3 -1.3
DEGREE DAYS
COOLING TOTAL 494 477 17 521
SINCE 1/1 1096 1118 -22 MM
................................................................
WIND (MPH)
AVERAGE WIND SPEED 3.6
HIGHEST WIND SPEED/DIRECTION 29/250 DATE 07/09
HIGHEST GUST SPEED/DIRECTION 45/300 DATE 07/30
AVERAGE RH (PERCENT) 76
WEATHER CONDITIONS. NUMBER OF DAYS WITH
THUNDERSTORM 16 MIXED PRECIP 0
HEAVY RAIN 9 RAIN 7
LIGHT RAIN 14 FREEZING RAIN 0
LT FREEZING RAIN 0 HAIL 0
HEAVY SNOW 0 SNOW 0
LIGHT SNOW 0 SLEET 0
FOG 20 FOG W/VIS <= 1/4 MILE 1
HAZE 4
- INDICATES NEGATIVE NUMBERS.
R INDICATES RECORD WAS SET OR TIED.
MM INDICATES DATA IS MISSING.
T INDICATES TRACE AMOUNT.
$$