000
CXUS54 KBMX 021154
CLMANB
CLIMATE REPORT
NATIONAL WEATHER SERVICE BIRMINGHAM AL
554 AM CST SAT MAR 02 2024
...................................
...THE ANNISTON CLIMATE SUMMARY FOR THE MONTH OF FEBRUARY 2024...
CLIMATE NORMAL PERIOD 1991 TO 2020
CLIMATE RECORD PERIOD 1903 TO 2024
WEATHER OBSERVED NORMAL DEPART LAST YEAR`S
VALUE DATE(S) VALUE FROM VALUE DATE(S)
NORMAL
................................................................
TEMPERATURE (F)
RECORD
HIGH 84 02/24/1996
02/23/1996
02/26/1977
LOW -4 02/14/1905
HIGHEST 77 02/27 MM MM 82 02/22
LOWEST 24 02/19 MM MM 28 02/18
AVG. MAXIMUM 64.9 59.2 5.7 66.5
AVG. MINIMUM 38.1 37.3 0.8 45.4
MEAN 51.5 55.9
DAYS MAX >= 90 0 0.0 0.0 0
DAYS MAX <= 32 0 0.1 -0.1 0
DAYS MIN <= 32 7 10.7 -3.7 4
DAYS MIN <= 0 0 0.0 0.0 0
PRECIPITATION (INCHES)
RECORD
MAXIMUM 11.86 2020
MINIMUM 1.19 1978
TOTALS 3.70 5.08 -1.38 4.68
DAILY AVG. 0.13 NAN NAN
DAYS >= .01 8 10.7 -2.7
DAYS >= .10 7 7.1 -0.1
DAYS >= .50 3 3.7 -0.7
DAYS >= 1.00 2 1.5 0.5
DEGREE DAYS
HEATING TOTAL 389 471 -82 272
SINCE 7/1 2023 2197 -174 MM
................................................................
WIND (MPH)
AVERAGE WIND SPEED 5.7
HIGHEST WIND SPEED/DIRECTION 28/270 DATE 02/12
28/270 02/28
HIGHEST GUST SPEED/DIRECTION 50/290 DATE 02/28
AVERAGE RH (PERCENT) 64
WEATHER CONDITIONS. NUMBER OF DAYS WITH
THUNDERSTORM 3 MIXED PRECIP 0
HEAVY RAIN 4 RAIN 7
LIGHT RAIN 8 FREEZING RAIN 0
LT FREEZING RAIN 0 HAIL 0
HEAVY SNOW 0 SNOW 0
LIGHT SNOW 0 SLEET 0
FOG 8 FOG W/VIS <= 1/4 MILE 0
HAZE 3
- INDICATES NEGATIVE NUMBERS.
R INDICATES RECORD WAS SET OR TIED.
MM INDICATES DATA IS MISSING.
T INDICATES TRACE AMOUNT.
$$