000
CXUS52 KGSP 011125
CF6AND
PRELIMINARY LOCAL CLIMATOLOGICAL DATA (WS FORM: F-6)
STATION: ANDERSON SC
MONTH: JUNE
YEAR: 2022
LATITUDE: 34 30 N
LONGITUDE: 82 43 W
TEMPERATURE IN F: :PCPN: SNOW: WIND :SUNSHINE: SKY :PK WND
================================================================================
1 2 3 4 5 6A 6B 7 8 9 10 11 12 13 14 15 16 17 18
12Z AVG MX 2MIN
DY MAX MIN AVG DEP HDD CDD WTR SNW DPTH SPD SPD DIR MIN PSBL S-S WX SPD DR
================================================================================
1 91 65 78 4 0 13 0.00 M M 3.3 10 160 M M 0 14 150
2 93 68 81 7 0 16 0.00 M M 6.5 18 220 M M 1 22 220
3 86 69 78 4 0 13 0.23 M M 5.0 16 60 M M 4 13 21 50
4 83 67 75 1 0 10 T M M 7.9 18 60 M M 3 23 80
5 84 63 74 -1 0 9 0.00 M M 5.7 14 70 M M 1 18 130
6 85 61 73 -2 0 8 0.00 M M 5.5 12 140 M M 4 19 120
7 84 67 76 1 0 11 0.00 M M 3.7 13 280 M M 6 16 230
8 87 69 78 3 0 13 0.03 M M 8.3 22 230 M M 3 13 30 220
9 90 67 79 3 0 14 0.01 M M 8.0 18 270 M M 2 24 280
10 82 62 72 -4 0 7 0.00 M M 3.6 14 80 M M 2 19 60
11 89 67 78 2 0 13 0.00 M M 3.7 13 200 M M 3 16 260
12 93 69 81 5 0 16 0.00 M M 4.2 14 280 M M 2 22 260
13 98 71 85 9 0 20 T M M 4.3 17 310 M M 1 21 310
14 97 73 85 8 0 20 0.01 M M 4.6 18 210 M M 1 3 23 200
15 101 73 87 10 0 22 0.00 M M 5.0 14 90 M M 1 17 60
16 98 76 87 10 0 22 0.00 M M 5.5 18 340 M M 2 3 23 340
17 99 71 85 8 0 20 0.07 M M 6.2 38 310 M M 1 3 53 300
18 94 67 81 3 0 16 0.00 M M 5.9 16 40 M M 1 23 50
19 88 57 73 -5 0 8 0.00 M M 5.3 15 60 M M 0 20 50
20 91 58 75 -3 0 10 0.00 M M 3.4 13 270 M M 1 18 240
21 98 64 81 3 0 16 0.00 M M 3.9 10 340 M M 0 14 350
22 101 63 82 4 0 17 0.00 M M 4.3 13 300 M M 0 16 290
23 98 73 86 8 0 21 0.10 M M 4.6 16 110 M M 2 23 30
24 92 73 83 4 0 18 0.00 M M 7.6 15 70 M M 5 18 70
25 89 73 81 2 0 16 0.00 M M 3.8 12 100 M M 6 15 80
26 91 73 82 3 0 17 0.00 M M 4.3 12 280 M M 6 15 250
27 91 74 83 4 0 18 0.23 M M 5.4 14 150 M M 4 13 19 40
28 86 71 79 0 0 14 0.05 M M 9.3 20 80 M M 8 13 24 60
29 87 71 79 0 0 14 0.10 M M 4.1 12 160 M M 6 3 14 120
30 90 71 81 2 0 16 0.10 M M 5.3 16 110 M M 5 3 20 100
================================================================================
SM 2736 2046 0 448 0.93 M 158.2 M 81
================================================================================
AV 91.2 68.2 5.3 FASTST M M 3 MAX(MPH)
MISC ----> 38 310 53 300
================================================================================
NOTES:
# LAST OF SEVERAL OCCURRENCES
COLUMN 17 PEAK WIND IN M.P.H.
PRELIMINARY LOCAL CLIMATOLOGICAL DATA (WS FORM: F-6) , PAGE 2
STATION: ANDERSON SC
MONTH: JUNE
YEAR: 2022
LATITUDE: 34 30 N
LONGITUDE: 82 43 W
[TEMPERATURE DATA] [PRECIPITATION DATA] SYMBOLS USED IN COLUMN 16
AVERAGE MONTHLY: 79.7 TOTAL FOR MONTH: 0.93 1 = FOG OR MIST
DPTR FM NORMAL: 2.9 DPTR FM NORMAL: -3.25 2 = FOG REDUCING VISIBILITY
HIGHEST: 101 ON 22,15 GRTST 24HR 0.23 ON 3- 3 TO 1/4 MILE OR LESS
LOWEST: 57 ON 19 3 = THUNDER
SNOW, ICE PELLETS, HAIL 4 = ICE PELLETS
TOTAL MONTH: M 5 = HAIL
GRTST 24HR M ON M 6 = FREEZING RAIN OR DRIZZLE
GRTST DEPTH: M ON M 7 = DUSTSTORM OR SANDSTORM:
VSBY 1/2 MILE OR LESS
8 = SMOKE OR HAZE
[NO. OF DAYS WITH] [WEATHER - DAYS WITH] 9 = BLOWING SNOW
X = TORNADO
MAX 32 OR BELOW: 0 0.01 INCH OR MORE: 10
MAX 90 OR ABOVE: 18 0.10 INCH OR MORE: 5
MIN 32 OR BELOW: 0 0.50 INCH OR MORE: 0
MIN 0 OR BELOW: 0 1.00 INCH OR MORE: 0
[HDD (BASE 65) ]
TOTAL THIS MO. 0 CLEAR (SCALE 0-3) 20
DPTR FM NORMAL -1 PTCLDY (SCALE 4-7) 10
TOTAL FM JUL 1 2422 CLOUDY (SCALE 8-10) 0
DPTR FM NORMAL -488
[CDD (BASE 65) ]
TOTAL THIS MO. 448
DPTR FM NORMAL 92 [PRESSURE DATA]
TOTAL FM JAN 1 737 HIGHEST SLP 30.25 ON 20
DPTR FM NORMAL 161 LOWEST SLP 29.76 ON 2
[REMARKS]
#FINAL-06-22#