000
CXUS52 KGSP 021425
CF6AND
PRELIMINARY LOCAL CLIMATOLOGICAL DATA (WS FORM: F-6)
STATION: ANDERSON SC
MONTH: FEBRUARY
YEAR: 2020
LATITUDE: 34 30 N
LONGITUDE: 82 43 W
TEMPERATURE IN F: :PCPN: SNOW: WIND :SUNSHINE: SKY :PK WND
================================================================================
1 2 3 4 5 6A 6B 7 8 9 10 11 12 13 14 15 16 17 18
12Z AVG MX 2MIN
DY MAX MIN AVG DEP HDD CDD WTR SNW DPTH SPD SPD DIR MIN PSBL S-S WX SPD DR
================================================================================
1 56 36 46 3 19 0 0.00 M M 6.9 18 280 M M 7 1 25 280
2 63 40 52 9 13 0 0.00 M M 13.9 24 250 M M 0 32 250
3 77 41 59 16 6 0 0.00 M M 8.2 18 240 M M 0 25 230
4 65 51 58 14 7 0 T M M 9.2 18 220 M M 3 25 240
5 65 57 61 17 4 0 0.27 M M 8.3 18 120 M M 9 1 28 120
6 68 60 64 20 1 0 4.18 M M 11.3 25 190 M M 10 13 36 180
7 60 33 47 3 18 0 T M M 18.4 33 250 M M 6 46 250
8 36 27 32 -12 33 0 0.19 M M 1.7 9 290 M M 6 12 12 300
9 43 32 38 -6 27 0 0.00 M M 1.8 8 80 M M 7 12 10 80
10 50 31 41 -3 24 0 0.85 M M 2.3 12 320 M M 8 1 13 320
11 76 50 63 18 2 0 0.43 M M 10.9 24 230 M M 9 1 32 220
12 63 53 58 13 7 0 T M M 5.4 12 50 M M 10 1 14 50
13 68 48 58 13 7 0 0.78 M M 12.1 25 260 M M 7 1 29 250
14 59 35 47 2 18 0 0.00 M M 4.6 15 280 M M 0 20 280
15 51 32 42 -4 23 0 0.00 M M 6.2 20 70 M M 0 26 60
16 45 34 40 -6 25 0 0.05 M M 1.4 7 340 M M 7 1 8 350
17 63 34 49 3 16 0 0.00 M M 4.3 15 80 M M 5 12 19 100
18 56 51 54 8 11 0 0.61 M M 2.2 10 330 M M 10 12 12 150
19 55 48 52 6 13 0 0.14 M M 7.7 17 60 M M 10 1 22 70
20 48 34 41 -5 24 0 0.61 M M 8.0 15 60 M M 10 1 21 50
21 49 29 39 -8 26 0 0.00 M M 5.1 16 80 M M 1 1 21 70
22 56 24 40 -7 25 0 0.00 M M 3.0 13 250 M M 0 17 220
23 61 30 46 -1 19 0 0.00 M M 4.4 13 210 M M 3 18 230
24 50 45 48 0 17 0 1.02 M M 3.1 10 100 M M 10 1 13 100
25 64 47 56 8 9 0 0.21 M M 4.1 17 220 M M 6 1 21 240
26 60 41 51 3 14 0 T M M 8.0 25 280 M M 6 12 36 270
27 52 35 44 -4 21 0 0.00 M M 12.4 21 300 M M 0 26 320
28 50 29 40 -8 25 0 T M M 9.4 30 240 M M 3 40 240
29 54 32 43 -6 22 0 0.00 M M 9.9 20 280 M M 0 25 270
================================================================================
SM 1663 1139 476 0 9.34 M 204.2 M 153
================================================================================
AV 57.3 39.3 7.0 FASTST M M 5 MAX(MPH)
MISC ----> # 33 250 # 46 250
================================================================================
NOTES:
# LAST OF SEVERAL OCCURRENCES
COLUMN 17 PEAK WIND IN M.P.H.
PRELIMINARY LOCAL CLIMATOLOGICAL DATA (WS FORM: F-6) , PAGE 2
STATION: ANDERSON SC
MONTH: FEBRUARY
YEAR: 2020
LATITUDE: 34 30 N
LONGITUDE: 82 43 W
[TEMPERATURE DATA] [PRECIPITATION DATA] SYMBOLS USED IN COLUMN 16
AVERAGE MONTHLY: 48.3 TOTAL FOR MONTH: 9.34 1 = FOG OR MIST
DPTR FM NORMAL: 2.8 DPTR FM NORMAL: 5.44 2 = FOG REDUCING VISIBILITY
HIGHEST: 77 ON 3 GRTST 24HR 4.18 ON 6- 6 TO 1/4 MILE OR LESS
LOWEST: 24 ON 22 3 = THUNDER
SNOW, ICE PELLETS, HAIL 4 = ICE PELLETS
TOTAL MONTH: M 5 = HAIL
GRTST 24HR M ON M 6 = FREEZING RAIN OR DRIZZLE
GRTST DEPTH: M ON M 7 = DUSTSTORM OR SANDSTORM:
VSBY 1/2 MILE OR LESS
8 = SMOKE OR HAZE
[NO. OF DAYS WITH] [WEATHER - DAYS WITH] 9 = BLOWING SNOW
X = TORNADO
MAX 32 OR BELOW: 0 0.01 INCH OR MORE: 12
MAX 90 OR ABOVE: 0 0.10 INCH OR MORE: 11
MIN 32 OR BELOW: 9 0.50 INCH OR MORE: 6
MIN 0 OR BELOW: 0 1.00 INCH OR MORE: 2
[HDD (BASE 65) ]
TOTAL THIS MO. 476 CLEAR (SCALE 0-3) 10
DPTR FM NORMAL -70 PTCLDY (SCALE 4-7) 11
TOTAL FM JUL 1 1997 CLOUDY (SCALE 8-10) 8
DPTR FM NORMAL -514
[CDD (BASE 65) ]
TOTAL THIS MO. 0
DPTR FM NORMAL 0 [PRESSURE DATA]
TOTAL FM JAN 1 0 HIGHEST SLP 30.56 ON 9
DPTR FM NORMAL 0 LOWEST SLP 29.25 ON 7
[REMARKS]
#FINAL-02-20#