000
CXUS53 KAPX 010534
CLMANJ
CLIMATE REPORT
NATIONAL WEATHER SERVICE
1234 AM EST THU FEB 01 2024
...................................
...THE SAULT STE MARIE MI CLIMATE SUMMARY FOR THE MONTH OF JANUARY 2024...
CLIMATE NORMAL PERIOD: 1991 TO 2020
CLIMATE RECORD PERIOD: 1888 TO 2024
WEATHER OBSERVED NORMAL DEPART LAST YEAR`S
VALUE DATE(S) VALUE FROM VALUE
NORMAL
..............................................................
TEMPERATURE (F)
RECORD
HIGH 48 01/29/1914
LOW -36 01/10/1982
HIGHEST 39 01/26 MM MM
LOWEST -4 01/19 MM MM
AVG. MAXIMUM 26.9 24.0 2.9
AVG. MINIMUM 18.1 8.4 9.7
MEAN 22.5 16.2 6.3
DAYS MAX <= 32 22 24.4 -2.4
DAYS MIN <= 0 3 9.1 -6.1
DAYS MIN <= -20 0
PRECIPITATION (INCHES)
TOTALS 1.30 2.21 -0.91
DAYS >= .01 13 18.5 -5.5
DAYS >= .10 6 7.2 -1.2
DAYS >= .50 0 0.7 -0.7
DAYS >= 1.00 0 0.1 -0.1
GREATEST
24 HR. TOTAL 0.27 01/06 TO 01/07
SNOWFALL (INCHES)
RECORDS
TOTAL 71.0 1982
TOTALS 18.6 30.3 -11.7 27.7
DAYS >= TRACE 24 19.6 MM
GREATEST
SNOW DEPTH 10 01/14 28
DEGREE DAYS
HEATING TOTAL 1310 1513 -203
SINCE 7/1 3938 4626 -688
COOLING TOTAL 0 0 0
SINCE 1/1 0 0 0
..............................................................
WIND (MPH)
AVERAGE WIND SPEED 6.9
HIGHEST WIND SPEED/DIRECTION 23/300 DATE 01/03
HIGHEST GUST SPEED/DIRECTION 39/070 DATE 01/12
39/060 01/13
SKY COVER
AVERAGE SKY COVER 0.88
AVERAGE RH (PERCENT) 81
- INDICATES NEGATIVE NUMBERS.
R INDICATES RECORD WAS SET OR TIED.
MM INDICATES DATA IS MISSING.
T INDICATES TRACE AMOUNT.
$$