000
CXUS53 KAPX 010730
CF6APN
PRELIMINARY LOCAL CLIMATOLOGICAL DATA (WS FORM: F-6)
STATION: ALPENA MI
MONTH: APRIL
YEAR: 2022
LATITUDE: 45 4 N
LONGITUDE: 83 34 W
TEMPERATURE IN F: :PCPN: SNOW: WIND :SUNSHINE: SKY :PK WND
================================================================================
1 2 3 4 5 6A 6B 7 8 9 10 11 12 13 14 15 16 17 18
12Z AVG MX 2MIN
DY MAX MIN AVG DEP HDD CDD WTR SNW DPTH SPD SPD DIR MIN PSBL S-S WX SPD DR
================================================================================
1 34 21 28 -7 37 0 0.07 0.7 1 8.2 20 320 M M 8 1 27 310
2 44 17 31 -5 34 0 0.01 0.0 T 4.8 14 100 M M 6 1 17 100
3 43 25 34 -2 31 0 0.04 0.2 1 2.8 12 340 M M 8 1 15 320
4 39 25 32 -4 33 0 0.06 T T 6.7 14 120 M M 8 1 21 110
5 42 28 35 -2 30 0 0.01 0.0 T 4.9 12 100 M M 8 12 16 110
6 45 32 39 2 26 0 0.82 0.0 T 8.2 17 130 M M 7 12 28 110
7 48 36 42 4 23 0 0.01 0.0 0 6.3 21 210 M M 10 1 34 210
8 46 29 38 0 27 0 0.15 T 0 3.9 16 20 M M 10 1 20 10
9 37 28 33 -5 32 0 T 0.1 T 8.0 16 330 M M 10 1 24 310
10 53 30 42 3 23 0 0.00 0.0 0 7.9 18 140 M M 3 23 140
11 64 37 51 12 14 0 0.08 0.0 0 10.3 22 170 M M 3 1 30 140
12 66 28 47 7 18 0 0.00 0.0 0 6.7 15 50 M M 2 21 260
13 50 39 45 5 20 0 0.47 0.0 0 8.3 20 120 M M 10 13 29 120
14 51 37 44 3 21 0 0.07 0.0 0 14.1 29 210 M M 7 12 48 220
15 42 28 35 -6 30 0 T T 0 11.1 22 260 M M 7 35 270
16 35 23 29 -12 36 0 0.02 T 0 6.6 20 320 M M 9 18 26 320
17 41 22 32 -10 33 0 0.00 0.0 0 7.6 14 120 M M 5 21 110
18 40 21 31 -11 34 0 0.17 1.7 0 7.1 16 130 M M 7 18 21 350
19 43 31 37 -6 28 0 0.07 1.5 2 12.3 21 310 M M 8 1 39 330
20 43 26 35 -8 30 0 0.03 0.0 0 9.6 16 120 M M 5 30 130
21 58 39 49 5 16 0 0.24 0.0 0 10.8 23 290 M M 7 1 37 330
22 49 28 39 -5 26 0 0.00 0.0 0 8.0 16 120 M M 2 28 130
23 49 38 44 0 21 0 1.04 0.0 0 13.4 23 100 M M 7 13 34 130
24 77 40 59 14 6 0 0.19 0.0 0 9.6 22 200 M M 3 1 36 220
25 63 40 52 7 13 0 0.00 0.0 0 5.3 15 270 M M 5 23 270
26 42 28 35 -11 30 0 T T 0 9.1 17 320 M M 10 1 24 310
27 42 25 34 -12 31 0 0.01 T 0 11.4 24 360 M M 5 32 320
28 49 23 36 -10 29 0 0.00 0.0 0 4.1 14 120 M M 0 18 100
29 54 21 38 -9 27 0 0.00 0.0 0 6.1 18 130 M M 0 25 100
30 54 25 40 -7 25 0 T 0.0 0 9.3 20 120 M M 2 27 110
================================================================================
SM 1443 870 784 0 3.56 4.2 242.5 M 182
================================================================================
AV 48.1 29.0 8.1 FASTST M M 6 MAX(MPH)
MISC ----> 29 210 48 220
================================================================================
NOTES:
# LAST OF SEVERAL OCCURRENCES
COLUMN 17 PEAK WIND IN M.P.H.
PRELIMINARY LOCAL CLIMATOLOGICAL DATA (WS FORM: F-6) , PAGE 2
STATION: ALPENA MI
MONTH: APRIL
YEAR: 2022
LATITUDE: 45 4 N
LONGITUDE: 83 34 W
[TEMPERATURE DATA] [PRECIPITATION DATA] SYMBOLS USED IN COLUMN 16
AVERAGE MONTHLY: 38.6 TOTAL FOR MONTH: 3.56 1 = FOG OR MIST
DPTR FM NORMAL: -2.7 DPTR FM NORMAL: 0.63 2 = FOG REDUCING VISIBILITY
HIGHEST: 77 ON 24 GRTST 24HR 1.04 ON 23-23 TO 1/4 MILE OR LESS
LOWEST: 17 ON 2 3 = THUNDER
SNOW, ICE PELLETS, HAIL 4 = ICE PELLETS
TOTAL MONTH: 4.2 INCHES 5 = HAIL
GRTST 24HR 1.7 ON 18-18 6 = FREEZING RAIN OR DRIZZLE
GRTST DEPTH: 2 ON 19 7 = DUSTSTORM OR SANDSTORM:
VSBY 1/2 MILE OR LESS
8 = SMOKE OR HAZE
[NO. OF DAYS WITH] [WEATHER - DAYS WITH] 9 = BLOWING SNOW
X = TORNADO
MAX 32 OR BELOW: 0 0.01 INCH OR MORE: 19
MAX 90 OR ABOVE: 0 0.10 INCH OR MORE: 7
MIN 32 OR BELOW: 22 0.50 INCH OR MORE: 2
MIN 0 OR BELOW: 0 1.00 INCH OR MORE: 1
[HDD (BASE 65) ]
TOTAL THIS MO. 784 CLEAR (SCALE 0-3) 8
DPTR FM NORMAL 69 PTCLDY (SCALE 4-7) 15
TOTAL FM JUL 1 7212 CLOUDY (SCALE 8-10) 7
DPTR FM NORMAL -134
[CDD (BASE 65) ]
TOTAL THIS MO. 0
DPTR FM NORMAL -1 [PRESSURE DATA]
TOTAL FM JAN 1 0 HIGHEST SLP 30.57 ON 22
DPTR FM NORMAL -1 LOWEST SLP 29.32 ON 14
[REMARKS]
#FINAL-04-22#