000
CXUS54 KEWX 011010
CF6AQO
PRELIMINARY LOCAL CLIMATOLOGICAL DATA (WS FORM: F-6)
STATION: LLANO MUNICIPAL AIRPORT
MONTH: SEPTEMBER
YEAR: 2021
LATITUDE: 30 47 N
LONGITUDE: 98 40 W
TEMPERATURE IN F: :PCPN: SNOW: WIND :SUNSHINE: SKY :PK WND
================================================================================
1 2 3 4 5 6A 6B 7 8 9 10 11 12 13 14 15 16 17 18
12Z AVG MX 2MIN
DY MAX MIN AVG DEP HDD CDD WTR SNW DPTH SPD SPD DIR MIN PSBL S-S WX SPD DR
================================================================================
1 99 73 86 M 0 21 0.00 M M 4.8 13 150 M M 2 18 22 130
2 97 73 85 M 0 20 0.00 M M 5.5 10 150 M M 3 21 130
3 99 72 86 M 0 21 0.00 M M 4.7 10 130 M M 5 16 130
4 100 73 87 M 0 22 0.00 M M 3.8 14 140 M M 3 17 140
5 102 70 86 M 0 21 0.36 M M 4.1 13 20 M M 3 24 20
6 97 73 85 M 0 20 0.06 M M 3.0 10 310 M M 5 3 18 50
7 95 70 83 M 0 18 0.00 M M 2.3 9 40 M M 3 13 120
8 99 68 84 M 0 19 0.00 M M 2.6 10 30 M M 3 8 18 99
9 95 63 79 M 0 14 0.00 M M 3.5 10 60 M M 3 17 70
10 95 59 77 M 0 12 0.00 M M 3.2 12 80 M M 3 18 0
11 91 57 74 M 0 9 0.00 M M 3.7 9 130 M M 5 17 130
12 95 61 78 M 0 13 0.00 M M 4.3 12 120 M M 6 20 120
13 90 66 78 M 0 13 0.00 M M 4.7 13 100 M M 7 22 150
14 88 66 77 M 0 12 0.00 M M 5.6 12 60 M M 5 20 50
15 91 66 79 M 0 14 0.00 M M 5.4 12 70 M M 4 20 70
16 93 63 78 M 0 13 0.00 M M 3.1 9 100 M M 2 15 120
17 99 66 83 M 0 18 0.00 M M 3.5 10 60 M M 1 17 90
18 97 68 83 M 0 18 0.00 M M 3.5 12 40 M M 2 16 60
19 99 66 83 M 0 18 0.00 M M 1.9 6 130 M M 2 12 0
20 100 70 85 M 0 20 0.00 M M 6.3 14 180 M M 0 21 140
21 90 73 82 M 0 17 0.00 M M 8.3 16 10 M M 4 25 10
22 84 55 70 M 0 5 0.00 M M 6.7 14 40 M M 2 20 60
23 88 45 67 M 0 2 0.00 M M 2.9 8 100 M M 1 15 99
24 90 50 70 M 0 5 0.00 M M 3.6 9 190 M M 2 16 99
25 90 54 72 M 0 7 0.00 M M 2.3 7 140 M M 2 14 0
26 90 54 72 M 0 7 0.00 M M 4.0 10 110 M M 2 20 140
27 93 61 77 M 0 12 0.00 M M 4.1 12 140 M M 3 20 140
28 97 66 82 M 0 17 0.53 M M 5.2 15 330 M M 5 3 30 330
29 91 64 78 M 0 13 0.00 M M 5.3 10 210 M M 4 17 210
30 91 68 80 M 0 15 0.00 M M 5.4 13 40 M M 6 21 40
================================================================================
SM 2825 1933 0 436 0.95 M 127.4 M 98
================================================================================
AV 94.2 64.4 4.2 FASTST M M 3 MAX(MPH)
MISC ----> 16 10 30 330
================================================================================
NOTES:
# LAST OF SEVERAL OCCURRENCES
COLUMN 17 PEAK WIND IN M.P.H.
PRELIMINARY LOCAL CLIMATOLOGICAL DATA (WS FORM: F-6) , PAGE 2
STATION: LLANO MUNICIPAL AIRPORT
MONTH: SEPTEMBER
YEAR: 2021
LATITUDE: 30 47 N
LONGITUDE: 98 40 W
[TEMPERATURE DATA] [PRECIPITATION DATA] SYMBOLS USED IN COLUMN 16
AVERAGE MONTHLY: 79.3 TOTAL FOR MONTH: 0.95 1 = FOG OR MIST
DPTR FM NORMAL: 0.0 DPTR FM NORMAL: M 2 = FOG REDUCING VISIBILITY
HIGHEST: 102 ON 5 GRTST 24HR 0.53 ON 28-28 TO 1/4 MILE OR LESS
LOWEST: 45 ON 23 3 = THUNDER
SNOW, ICE PELLETS, HAIL 4 = ICE PELLETS
TOTAL MONTH: M 5 = HAIL
GRTST 24HR M ON M 6 = FREEZING RAIN OR DRIZZLE
GRTST DEPTH: M ON M 7 = DUSTSTORM OR SANDSTORM:
VSBY 1/2 MILE OR LESS
8 = SMOKE OR HAZE
[NO. OF DAYS WITH] [WEATHER - DAYS WITH] 9 = BLOWING SNOW
X = TORNADO
MAX 32 OR BELOW: 0 0.01 INCH OR MORE: 3
MAX 90 OR ABOVE: 27 0.10 INCH OR MORE: 2
MIN 32 OR BELOW: 0 0.50 INCH OR MORE: 1
MIN 0 OR BELOW: 0 1.00 INCH OR MORE: 0
[HDD (BASE 65) ]
TOTAL THIS MO. 0 CLEAR (SCALE 0-3) 14
DPTR FM NORMAL M PTCLDY (SCALE 4-7) 16
TOTAL FM JUL 1 0 CLOUDY (SCALE 8-10) 0
DPTR FM NORMAL M
[CDD (BASE 65) ]
TOTAL THIS MO. 436
DPTR FM NORMAL M [PRESSURE DATA]
TOTAL FM JAN 1 2364 HIGHEST SLP M ON M
DPTR FM NORMAL M LOWEST SLP M ON M
[REMARKS]
#FINAL-09-21#