000
CXUS54 KEWX 011010
CF6AQO
PRELIMINARY LOCAL CLIMATOLOGICAL DATA (WS FORM: F-6)
STATION: LLANO MUNICIPAL AIRPORT
MONTH: APRIL
YEAR: 2021
LATITUDE: 30 47 N
LONGITUDE: 98 40 W
TEMPERATURE IN F: :PCPN: SNOW: WIND :SUNSHINE: SKY :PK WND
================================================================================
1 2 3 4 5 6A 6B 7 8 9 10 11 12 13 14 15 16 17 18
12Z AVG MX 2MIN
DY MAX MIN AVG DEP HDD CDD WTR SNW DPTH SPD SPD DIR MIN PSBL S-S WX SPD DR
================================================================================
1 70 32 51 M 14 0 0.00 M M 3.5 10 100 M M 3 16 100
2 72 41 57 M 8 0 0.00 M M 8.6 17 140 M M 8 25 140
3 61 50 56 M 9 0 0.00 M M 7.4 15 110 M M 9 21 110
4 70 55 63 M 2 0 0.01 M M 4.7 9 140 M M 10 1 14 110
5 79 59 69 M 0 4 0.00 M M 7.4 15 170 M M 8 24 160
6 88 66 77 M 0 12 0.00 M M 12.9 20 190 M M 7 30 170
7 82 54 68 M 0 3 0.00 M M 8.8 21 330 M M 6 22 320
8 91 43 67 M 0 2 0.00 M M 6.2 15 180 M M 5 22 180
9 97 61 79 M 0 14 0.00 M M 7.8 16 310 M M 2 18 25 310
10 79 52 66 M 0 1 0.00 M M 7.8 15 20 M M 4 22 20
11 90 41 66 M 0 1 0.00 M M 5.7 14 190 M M 2 28 210
12 90 59 75 M 0 10 0.56 M M 6.1 14 100 M M 2 3 24 100
13 79 61 70 M 0 5 0.00 M M 5.8 12 10 M M 9 16 360
14 81 64 73 M 0 8 0.00 M M 6.1 10 70 M M 9 18 70
15 70 59 65 M 0 0 0.24 M M 7.8 13 80 M M 10 13 20 80
16 68 55 62 M 3 0 0.03 M M 7.7 18 350 M M 10 1 23 340
17 59 46 53 M 12 0 0.00 M M 10.6 17 10 M M 8 24 360
18 68 45 57 M 8 0 0.00 M M 5.4 13 40 M M 5 18 360
19 72 45 59 M 6 0 0.00 M M 1.6 5 210 M M 5 13 99
20 73 43 58 M 7 0 0.00 M M 7.8 21 360 M M 3 27 360
21 59 39 49 M 16 0 0.00 M M 7.7 13 40 M M 9 18 40
22 63 39 51 M 14 0 0.00 M M 5.6 13 130 M M 10 1 20 130
23 84 52 68 M 0 3 0.13 M M 5.3 10 130 M M 7 123 17 130
24 79 45 62 M 3 0 0.00 M M 7.9 17 330 M M 2 24 330
25 90 48 69 M 0 4 0.00 M M 5.9 15 200 M M 1 1 21 210
26 86 61 74 M 0 9 0.00 M M 9.2 16 170 M M 2 24 170
27 77 72 75 M 0 10 0.00 M M 7.9 12 150 M M 10 23 140
28 86 73 80 M 0 15 0.02 M M 8.6 14 170 M M 8 18 23 150
29 72 64 68 M 0 3 0.38 M M 8.1 15 330 M M 10 13 22 330
30 70 63 67 M 0 2 1.25 M M 7.0 23 90 M M 10 12 30 90
================================================================================
SM 2305 1587 102 106 2.62 M 213.0 M 194
================================================================================
AV 76.8 52.9 7.1 FASTST M M 6 MAX(MPH)
MISC ----> 23 90 30 90
================================================================================
NOTES:
# LAST OF SEVERAL OCCURRENCES
COLUMN 17 PEAK WIND IN M.P.H.
PRELIMINARY LOCAL CLIMATOLOGICAL DATA (WS FORM: F-6) , PAGE 2
STATION: LLANO MUNICIPAL AIRPORT
MONTH: APRIL
YEAR: 2021
LATITUDE: 30 47 N
LONGITUDE: 98 40 W
[TEMPERATURE DATA] [PRECIPITATION DATA] SYMBOLS USED IN COLUMN 16
AVERAGE MONTHLY: 64.9 TOTAL FOR MONTH: 2.62 1 = FOG OR MIST
DPTR FM NORMAL: 0.0 DPTR FM NORMAL: M 2 = FOG REDUCING VISIBILITY
HIGHEST: 97 ON 9 GRTST 24HR 1.25 ON 30-30 TO 1/4 MILE OR LESS
LOWEST: 32 ON 1 3 = THUNDER
SNOW, ICE PELLETS, HAIL 4 = ICE PELLETS
TOTAL MONTH: M 5 = HAIL
GRTST 24HR M ON M 6 = FREEZING RAIN OR DRIZZLE
GRTST DEPTH: M ON M 7 = DUSTSTORM OR SANDSTORM:
VSBY 1/2 MILE OR LESS
8 = SMOKE OR HAZE
[NO. OF DAYS WITH] [WEATHER - DAYS WITH] 9 = BLOWING SNOW
X = TORNADO
MAX 32 OR BELOW: 0 0.01 INCH OR MORE: 8
MAX 90 OR ABOVE: 5 0.10 INCH OR MORE: 5
MIN 32 OR BELOW: 1 0.50 INCH OR MORE: 2
MIN 0 OR BELOW: 0 1.00 INCH OR MORE: 1
[HDD (BASE 65) ]
TOTAL THIS MO. 102 CLEAR (SCALE 0-3) 8
DPTR FM NORMAL M PTCLDY (SCALE 4-7) 10
TOTAL FM JUL 1 1997 CLOUDY (SCALE 8-10) 12
DPTR FM NORMAL M
[CDD (BASE 65) ]
TOTAL THIS MO. 106
DPTR FM NORMAL M [PRESSURE DATA]
TOTAL FM JAN 1 146 HIGHEST SLP M ON M
DPTR FM NORMAL M LOWEST SLP M ON M
[REMARKS]
#FINAL-04-21#