000
CXUS54 KLCH 011513
CF6ARA
PRELIMINARY LOCAL CLIMATOLOGICAL DATA (WS FORM: F-6)
STATION: NEW IBERIA
MONTH: OCTOBER
YEAR: 2023
LATITUDE: 30 1 N
LONGITUDE: 91 53 W
TEMPERATURE IN F: :PCPN: SNOW: WIND :SUNSHINE: SKY :PK WND
================================================================================
1 2 3 4 5 6A 6B 7 8 9 10 11 12 13 14 15 16 17 18
12Z AVG MX 2MIN
DY MAX MIN AVG DEP HDD CDD WTR SNW DPTH SPD SPD DIR MIN PSBL S-S WX SPD DR
================================================================================
1 93 68 81 5 0 16 0.00 0.0 0 7.6 18 80 M M 0 24 60
2 92 67 80 4 0 15 0.00 0.0 0 8.3 18 110 M M 0 24 100
3 92 71 82 7 0 17 T M M 8.4 18 100 M M 3 24 120
4 91 72 82 7 0 17 0.00 M M 8.3 17 130 M M 0 18 24 150
5 87 71 79 4 0 14 0.27 M M 8.8 20 330 M M 5 138 26 330
6 85 69 77 3 0 12 0.00 0.0 0 9.9 17 360 M M 5 22 360
7 78 60 69 -5 0 4 0.00 0.0 M 10.5 20 20 M M 0 26 20
8 77 51 64 -10 1 0 0.00 0.0 0 5.4 15 30 M M 0 24 80
9 81 51 66 -7 0 1 0.00 0.0 M 3.5 14 200 M M 0 20 190
10 79 57 68 -5 0 3 T M M 3.8 12 150 M M 1 18 14 150
11 69 62 66 -7 0 1 0.54 M M 11.4 24 100 M M 9 1 34 110
12 77 58 68 -4 0 3 0.00 M M 3.6 13 70 M M 5 1 17 70
13 88 60 74 2 0 9 0.00 M M 2.5 8 200 M M 3 12 11 350
14 80 60 70 -2 0 5 0.00 M M 9.6 17 350 M M 2 1 24 360
15 74 54 64 -7 1 0 0.00 M M 11.4 23 360 M M 4 31 330
16 71 50 61 -10 4 0 0.00 M M 8.8 20 360 M M 1 27 320
17 75 45 60 -10 5 0 0.00 M M 3.5 13 210 M M 0 17 210
18 77 46 62 -8 3 0 0.00 M M 4.2 16 200 M M 0 12 20 210
19 84 55 70 0 0 5 0.00 M M 5.6 14 170 M M 2 1 20 220
20 90 60 75 6 0 10 0.00 M M 5.0 14 270 M M 3 12 19 290
21 88 54 71 2 0 6 0.00 M M 4.8 15 140 M M 1 128 19 140
22 89 64 77 9 0 12 0.00 M M 2.8 9 190 M M 6 12 11 190
23 88 62 75 7 0 10 0.00 M M 5.3 14 210 M M 4 12 21 160
24 88 66 77 9 0 12 0.00 M M 10.9 18 140 M M 3 12 24 170
25 89 71 80 13 0 15 0.00 M 0 10.1 17 140 M M 3 24 150
26 90 71 81 14 0 16 0.01 M M 9.5 20 130 M M 4 29 130
27 87 71 79 12 0 14 0.10 M M 5.3 10 130 M M 8 18 15 120
28 87 66 77 11 0 12 T M M 5.5 14 150 M M 4 12 19 120
29 87 61 74 8 0 9 0.00 M M 5.5 13 200 M M 1 12 19 180
30 70 48 59 -7 6 0 0.01 0.0 M 13.1 24 10 M M 9 128 36 350
31 59 42 51 -14 14 0 T 0.0 M 14.3 23 10 M M 6 1 32 360
================================================================================
SM 2562 1863 34 238 0.93 0.0 227.2 M 92
================================================================================
AV 82.6 60.1 7.3 FASTST M M 3 MAX(MPH)
MISC ----> # 24 100 36 350
================================================================================
NOTES:
# LAST OF SEVERAL OCCURRENCES
COLUMN 17 PEAK WIND IN M.P.H.
PRELIMINARY LOCAL CLIMATOLOGICAL DATA (WS FORM: F-6) , PAGE 2
STATION: NEW IBERIA
MONTH: OCTOBER
YEAR: 2023
LATITUDE: 30 1 N
LONGITUDE: 91 53 W
[TEMPERATURE DATA] [PRECIPITATION DATA] SYMBOLS USED IN COLUMN 16
AVERAGE MONTHLY: 71.4 TOTAL FOR MONTH: 0.93 1 = FOG OR MIST
DPTR FM NORMAL: 0.7 DPTR FM NORMAL: -4.16 2 = FOG REDUCING VISIBILITY
HIGHEST: 93 ON 1 GRTST 24HR 0.54 ON 11-11 TO 1/4 MILE OR LESS
LOWEST: 42 ON 31 3 = THUNDER
SNOW, ICE PELLETS, HAIL 4 = ICE PELLETS
TOTAL MONTH: 0.0 INCH 5 = HAIL
GRTST 24HR 0.0 6 = FREEZING RAIN OR DRIZZLE
GRTST DEPTH: 0 7 = DUSTSTORM OR SANDSTORM:
VSBY 1/2 MILE OR LESS
8 = SMOKE OR HAZE
[NO. OF DAYS WITH] [WEATHER - DAYS WITH] 9 = BLOWING SNOW
X = TORNADO
MAX 32 OR BELOW: 0 0.01 INCH OR MORE: 5
MAX 90 OR ABOVE: 6 0.10 INCH OR MORE: 3
MIN 32 OR BELOW: 0 0.50 INCH OR MORE: 1
MIN 0 OR BELOW: 0 1.00 INCH OR MORE: 0
[HDD (BASE 65) ]
TOTAL THIS MO. 34 CLEAR (SCALE 0-3) 18
DPTR FM NORMAL 4 PTCLDY (SCALE 4-7) 10
TOTAL FM JUL 1 34 CLOUDY (SCALE 8-10) 3
DPTR FM NORMAL 6
[CDD (BASE 65) ]
TOTAL THIS MO. 238
DPTR FM NORMAL 31 [PRESSURE DATA]
TOTAL FM JAN 1 3663 HIGHEST SLP 30.32 ON 31
DPTR FM NORMAL 805 LOWEST SLP 29.55 ON 11
[REMARKS]
#FINAL-10-23#