135
CXUS54 KHGX 020547
CF6ARM
PRELIMINARY LOCAL CLIMATOLOGICAL DATA (WS FORM: F-6)
STATION: Wharton
MONTH: NOVEMBER
YEAR: 2020
LATITUDE: 29 15 N
LONGITUDE: 96 9 W
TEMPERATURE IN F: :PCPN: SNOW: WIND :SUNSHINE: SKY :PK WND
================================================================================
1 2 3 4 5 6A 6B 7 8 9 10 11 12 13 14 15 16 17 18
12Z AVG MX 2MIN
DY MAX MIN AVG DEP HDD CDD WTR SNW DPTH SPD SPD DIR MIN PSBL S-S WX SPD DR
================================================================================
1 79 48 64 M 1 0 0.00 0.0 0 5.5 14 360 M M 0 1 21 360
2 74 43 59 M 6 0 0.00 0.0 0 5.0 9 20 M M 0 M M
3 78 40 59 M 6 0 0.00 0.0 0 2.6 7 80 M M 1 8 M M
4 80 46 63 M 2 0 0.00 0.0 0 4.4 10 110 M M 1 8 M M
5 83 55 69 M 0 4 0.00 0.0 0 2.5 9 140 M M 4 12 M M
6 80 55 68 M 0 3 0.00 0.0 0 3.6 7 70 M M 2 1 M M
7 83 54 69 M 0 4 0.00 0.0 0 3.9 9 90 M M 1 12 M M
8 84 62 73 M 0 8 0.00 0.0 0 4.8 10 90 M M 7 12 M M
9 85 67 76 M 0 11 0.00 0.0 0 6.8 14 160 M M 7 12 18 160
10 87 69 78 M 0 13 0.00 0.0 0 3.2 7 250 M M 7 12 M M
11 85 63 74 M 0 9 0.00 0.0 0 2.7 7 170 M M 4 1 M M
12 86 59 73 M 0 8 0.00 0.0 0 4.4 9 150 M M 4 1 M M
13 80 68 74 M 0 9 0.17 0.0 0 4.9 14 100 M M 9 18 M M
14 85 69 77 M 0 12 0.00 0.0 0 10.2 20 180 M M 7 1 27 180
15 76 49 63 M 2 0 0.31 M 0 11.2 24 360 M M 4 1 32 360
16 74 41 58 M 7 0 0.00 0.0 0 4.6 14 60 M M 0 17 60
17 76 40 58 M 7 0 0.00 0.0 0 4.7 10 60 M M 0 M M
18 79 45 62 M 3 0 0.00 0.0 0 4.9 9 100 M M 0 M M
19 81 55 68 M 0 3 0.00 0.0 0 5.5 14 180 M M 5 12 14 140
20 83 57 70 M 0 5 0.00 0.0 0 4.9 13 150 M M 6 12 20 140
21 82 64 73 M 0 8 0.00 0.0 0 6.0 9 120 M M 8 12 M M
22 80 65 73 M 0 8 0.00 0.0 0 3.7 9 340 M M 9 M M
23 74 58 66 M 0 1 0.00 0.0 0 7.7 12 110 M M 6 17 110
24 82 57 70 M 0 5 0.00 0.0 0 11.8 24 170 M M 8 31 170
25 73 52 63 M 2 0 0.00 0.0 0 7.7 14 350 M M 5 16 160
26 84 51 68 M 0 3 0.00 0.0 0 4.8 8 160 M M 5 M M
27 82 65 74 M 0 9 1.10 0.0 0 7.9 17 190 M M 10 13 24 190
28 66 62 64 M 1 0 2.65 0.0 0 7.6 12 100 M M 10 16 90
29 62 47 55 M 10 0 0.02 0.0 0 15.2 23 340 M M 8 1 32 350
30 54 34 44 M 21 0 0.00 0.0 0 11.7 22 340 M M 0 31 340
================================================================================
SM 2357 1640 68 123 4.25 0.0 184.4 M 138
================================================================================
AV 78.6 54.7 6.1 FASTST M M 5 MAX(MPH)
MISC ----> # 24 360 # 32 360
================================================================================
NOTES:
# LAST OF SEVERAL OCCURRENCES
COLUMN 17 PEAK WIND IN M.P.H.
PRELIMINARY LOCAL CLIMATOLOGICAL DATA (WS FORM: F-6) , PAGE 2
STATION: Wharton
MONTH: NOVEMBER
YEAR: 2020
LATITUDE: 29 15 N
LONGITUDE: 96 9 W
[TEMPERATURE DATA] [PRECIPITATION DATA] SYMBOLS USED IN COLUMN 16
AVERAGE MONTHLY: 66.6 TOTAL FOR MONTH: 4.25 1 = FOG OR MIST
DPTR FM NORMAL: 0.0 DPTR FM NORMAL: M 2 = FOG REDUCING VISIBILITY
HIGHEST: 87 ON 10 GRTST 24HR 2.65 ON 28-28 TO 1/4 MILE OR LESS
LOWEST: 34 ON 30 3 = THUNDER
SNOW, ICE PELLETS, HAIL 4 = ICE PELLETS
TOTAL MONTH: 0.0 INCH 5 = HAIL
GRTST 24HR 0.0 6 = FREEZING RAIN OR DRIZZLE
GRTST DEPTH: 0 7 = DUSTSTORM OR SANDSTORM:
VSBY 1/2 MILE OR LESS
8 = SMOKE OR HAZE
[NO. OF DAYS WITH] [WEATHER - DAYS WITH] 9 = BLOWING SNOW
X = TORNADO
MAX 32 OR BELOW: 0 0.01 INCH OR MORE: 5
MAX 90 OR ABOVE: 0 0.10 INCH OR MORE: 4
MIN 32 OR BELOW: 0 0.50 INCH OR MORE: 2
MIN 0 OR BELOW: 0 1.00 INCH OR MORE: 2
[HDD (BASE 65) ]
TOTAL THIS MO. 68 CLEAR (SCALE 0-3) 10
DPTR FM NORMAL M PTCLDY (SCALE 4-7) 14
TOTAL FM JUL 1 123 CLOUDY (SCALE 8-10) 6
DPTR FM NORMAL M
[CDD (BASE 65) ]
TOTAL THIS MO. 123
DPTR FM NORMAL M [PRESSURE DATA]
TOTAL FM JAN 1 3160 HIGHEST SLP M ON M
DPTR FM NORMAL M LOWEST SLP M ON M
[REMARKS]
#FINAL-11-20#