000
CXUS54 KEWX 011440
CF6ATT
PRELIMINARY LOCAL CLIMATOLOGICAL DATA (WS FORM: F-6)
STATION: AUSTIN CAMP MABRY
MONTH: NOVEMBER
YEAR: 2022
LATITUDE: 30 17 N
LONGITUDE: 97 42 W
TEMPERATURE IN F: :PCPN: SNOW: WIND :SUNSHINE: SKY :PK WND
================================================================================
1 2 3 4 5 6A 6B 7 8 9 10 11 12 13 14 15 16 17 18
12Z AVG MX 2MIN
DY MAX MIN AVG DEP HDD CDD WTR SNW DPTH SPD SPD DIR MIN PSBL S-S WX SPD DR
================================================================================
1 70 56 63 -3 2 0 0.02 0.0 0 2.6 10 150 M M 7 1 17 150
2 78 60 69 3 0 4 0.00 0.0 0 3.3 9 150 M M 8 1 17 150
3 84 70 77 12 0 12 T 0.0 0 6.3 15 160 M M 8 1 30 150
4 86 62 74 9 0 9 0.52 0.0 0 6.2 16 310 M M 7 13 33 280
5 72 50 61 -3 4 0 0.00 0.0 0 3.1 12 140 M M 2 19 160
6 84 53 69 5 0 4 0.00 0.0 0 2.1 12 210 M M 4 24 190
7 84 74 79 15 0 14 0.01 0.0 0 4.0 12 140 M M 7 1 20 150
8 78 66 72 9 0 7 0.05 0.0 0 2.8 8 150 M M 8 14 80
9 82 69 76 13 0 11 T 0.0 0 5.2 14 130 M M 6 22 160
10 82 67 75 12 0 10 T 0.0 0 3.7 9 160 M M 7 1 17 150
11 79 44 62 0 3 0 1.00 0.0 0 6.6 17 310 M M 8 13 35 310
12 58 38 48 -14 17 0 0.00 0.0 0 7.0 14 360 M M 0 24 360
13 59 35 47 -15 18 0 0.00 0.0 0 M M M M M 0 M M
14 54 48 51 -10 14 0 0.11 0.0 0 4.4 13 360 M M 5 1 22 20
15 52 38 45 -16 20 0 0.00 0.0 0 5.1 14 340 M M 3 25 360
16 57 41 49 -12 16 0 0.00 0.0 0 3.5 12 10 M M 4 20 350
17 59 42 51 -9 14 0 0.00 0.0 0 1.9 7 130 M M 6 11 90
18 56 48 52 -8 13 0 0.01 0.0 0 1.6 8 30 M M 10 16 20
19 48 37 43 -17 22 0 0.24 0.0 0 6.4 15 360 M M 10 1 26 360
20 47 38 43 -16 22 0 0.02 0.0 0 2.3 7 360 M M 10 13 350
21 46 40 43 -16 22 0 0.16 0.0 0 0.9 5 30 M M 10 1 9 310
22 55 45 50 -9 15 0 0.03 0.0 0 0.5 6 350 M M 10 1 9 10
23 64 52 58 -1 7 0 0.32 0.0 0 1.7 7 150 M M 10 1 10 110
24 68 60 64 6 1 0 0.26 0.0 0 3.2 10 30 M M 10 123 21 60
25 62 56 59 1 6 0 0.32 0.0 0 6.1 13 20 M M 10 13 25 20
26 61 45 53 -5 12 0 1.07 0.0 0 5.9 18 300 M M 5 13 36 290
27 73 47 60 2 5 0 0.00 0.0 0 1.7 9 230 M M 0 19 200
28 77 41 59 2 6 0 0.00 0.0 0 3.4 10 150 M M 2 21 190
29 84 65 75 18 0 10 0.00 0.0 0 4.8 15 200 M M 5 1 30 210
30 66 41 54 -3 11 0 0.00 0.0 0 7.7 17 340 M M 0 29 340
================================================================================
SM 2025 1528 250 81 4.14 0.0 114.0 M 182
================================================================================
AV 67.5 50.9 3.9 FASTST M M 6 MAX(MPH)
MISC ----> 18 300 36 290
================================================================================
NOTES:
# LAST OF SEVERAL OCCURRENCES
COLUMN 17 PEAK WIND IN M.P.H.
PRELIMINARY LOCAL CLIMATOLOGICAL DATA (WS FORM: F-6) , PAGE 2
STATION: AUSTIN CAMP MABRY
MONTH: NOVEMBER
YEAR: 2022
LATITUDE: 30 17 N
LONGITUDE: 97 42 W
[TEMPERATURE DATA] [PRECIPITATION DATA] SYMBOLS USED IN COLUMN 16
AVERAGE MONTHLY: 59.2 TOTAL FOR MONTH: 4.14 1 = FOG OR MIST
DPTR FM NORMAL: -1.8 DPTR FM NORMAL: 1.22 2 = FOG REDUCING VISIBILITY
HIGHEST: 86 ON 4 GRTST 24HR 1.39 ON 25-26 TO 1/4 MILE OR LESS
LOWEST: 35 ON 13 3 = THUNDER
SNOW, ICE PELLETS, HAIL 4 = ICE PELLETS
TOTAL MONTH: 0.0 INCH 5 = HAIL
GRTST 24HR 0.0 6 = FREEZING RAIN OR DRIZZLE
GRTST DEPTH: 0 7 = DUSTSTORM OR SANDSTORM:
VSBY 1/2 MILE OR LESS
8 = SMOKE OR HAZE
[NO. OF DAYS WITH] [WEATHER - DAYS WITH] 9 = BLOWING SNOW
X = TORNADO
MAX 32 OR BELOW: 0 0.01 INCH OR MORE: 15
MAX 90 OR ABOVE: 0 0.10 INCH OR MORE: 9
MIN 32 OR BELOW: 0 0.50 INCH OR MORE: 3
MIN 0 OR BELOW: 0 1.00 INCH OR MORE: 2
[HDD (BASE 65) ]
TOTAL THIS MO. 250 CLEAR (SCALE 0-3) 7
DPTR FM NORMAL 68 PTCLDY (SCALE 4-7) 14
TOTAL FM JUL 1 270 CLOUDY (SCALE 8-10) 9
DPTR FM NORMAL 55
[CDD (BASE 65) ]
TOTAL THIS MO. 81
DPTR FM NORMAL 19 [PRESSURE DATA]
TOTAL FM JAN 1 3990 HIGHEST SLP 30.53 ON 20
DPTR FM NORMAL 716 LOWEST SLP 29.68 ON 29
[REMARKS]
#FINAL-11-22#