000
CXUS55 KABR 030407
CF6ATY
PRELIMINARY LOCAL CLIMATOLOGICAL DATA (WS FORM: F-6)
STATION: WATERTOWN SD
MONTH: FEBRUARY
YEAR: 2021
LATITUDE: 44 55 N
LONGITUDE: 97 9 W
TEMPERATURE IN F: :PCPN: SNOW: WIND :SUNSHINE: SKY :PK WND
================================================================================
1 2 3 4 5 6A 6B 7 8 9 10 11 12 13 14 15 16 17 18
12Z AVG MX 2MIN
DY MAX MIN AVG DEP HDD CDD WTR SNW DPTH SPD SPD DIR MIN PSBL S-S WX SPD DR
================================================================================
1 24 18 21 7 44 0 T T 6 6.6 13 200 M M 10 12 15 150
2 27 13 20 6 45 0 T T 6 10.9 22 170 M M 6 1 28 170
3 31 21 26 12 39 0 T T 6 15.8 25 330 M M 10 1 32 330
4 22 3 13 -1 52 0 T T 6 20.6 30 320 M M 7 18 37 310
5 13 -2 6 -8 59 0 T T 6 15.6 22 330 M M 2 18 28 290
6 -2 -14 -8 -23 73 0 T T 6 13.0 24 310 M M 2 8 33 310
7 -5 -17 -11 -26 76 0 0.01 0.4 6 2.6 8 360 M M 6 8 12 30
8 0 -21 -10 -25 75 0 T T 6 3.7 14 220 M M 2 1 16 220
9 2 -6 -2 -18 67 0 T T 6 11.1 20 260 M M 4 1 25 250
10 3 -12 -4 -20 69 0 0.00 0.0 6 7.3 14 310 M M 3 17 310
11 -5 -14 -9 -25 74 0 0.01 T 6 7.6 15 340 M M 9 8 21 310
12 -7 -23 -15 -31 80 0 0.00 0.0 6 6.0 15 250 M M 1 8 20 260
13 -6 -23 -14 -31 79 0 T T 6 7.3 16 350 M M 1 8 21 320
14 -13 -27 -20 -37 85 0 0.00 0.0 6 6.3 13 330 M M 0 16 330
15 -5 -25 -15 -32 80 0 0.00 0.0 6 2.9 14 160 M M 0 17 160
16 -1 -19 -10 -28 75 0 0.00 0.0 6 9.0 16 150 M M 3 8 22 150
17 7 -2 3 -15 62 0 T 0.6 7 6.4 16 170 M M 10 18 21 180
18 15 -10 3 -15 62 0 T T 7 4.9 17 280 M M 4 128 25 300
19 20 -3 9 -10 56 0 0.00 0.0 7 5.6 15 210 M M 5 1 18 220
20 26 0 13 -6 52 0 T T 7 12.5 18 180 M M 3 18 26 170
21 33 16 25 5 40 0 0.06 0.4 7 4.5 13 150 M M 8 128 17 140
22 47 13 30 10 35 0 0.00 0.0 6 14.5 22 270 M M 1 1 29 270
23 45 24 35 15 30 0 T 0.0 5 6.9 16 290 M M 5 23 270
24 35 24 30 9 35 0 0.01 0.1 3 11.1 30 360 M M 7 1 38 20
25 39 16 28 7 37 0 0.00 0.0 3 12.5 21 190 M M 2 12 31 190
26 45 31 38 16 27 0 0.00 0.0 3 18.4 33 200 M M 2 44 200
27 44 19 32 10 33 0 0.02 0.3 2 7.4 17 20 M M 3 12 23 30
28 29 12 21 -1 44 0 0.13 1.0 3 14.1 24 350 M M 5 18 31 350
================================================================================
SM 463 -8 1585 0 0.24 2.8 265.1 M 121
================================================================================
AV 16.5 -0.3 9.5 FASTST M M 4 MAX(MPH)
MISC ----> 33 200 44 200
================================================================================
NOTES:
# LAST OF SEVERAL OCCURRENCES
COLUMN 17 PEAK WIND IN M.P.H.
PRELIMINARY LOCAL CLIMATOLOGICAL DATA (WS FORM: F-6) , PAGE 2
STATION: WATERTOWN SD
MONTH: FEBRUARY
YEAR: 2021
LATITUDE: 44 55 N
LONGITUDE: 97 9 W
[TEMPERATURE DATA] [PRECIPITATION DATA] SYMBOLS USED IN COLUMN 16
AVERAGE MONTHLY: 8.1 TOTAL FOR MONTH: 0.24 1 = FOG OR MIST
DPTR FM NORMAL: -9.4 DPTR FM NORMAL: -0.32 2 = FOG REDUCING VISIBILITY
HIGHEST: 47 ON 22 GRTST 24HR 0.13 ON 28-28 TO 1/4 MILE OR LESS
LOWEST: -27 ON 14 3 = THUNDER
SNOW, ICE PELLETS, HAIL 4 = ICE PELLETS
TOTAL MONTH: 2.8 INCHES 5 = HAIL
GRTST 24HR 1.0 ON 28-28 6 = FREEZING RAIN OR DRIZZLE
GRTST DEPTH: 7 ON 21,20 7 = DUSTSTORM OR SANDSTORM:
VSBY 1/2 MILE OR LESS
8 = SMOKE OR HAZE
[NO. OF DAYS WITH] [WEATHER - DAYS WITH] 9 = BLOWING SNOW
X = TORNADO
MAX 32 OR BELOW: 21 0.01 INCH OR MORE: 6
MAX 90 OR ABOVE: 0 0.10 INCH OR MORE: 1
MIN 32 OR BELOW: 28 0.50 INCH OR MORE: 0
MIN 0 OR BELOW: 16 1.00 INCH OR MORE: 0
[HDD (BASE 65) ]
TOTAL THIS MO. 1585 CLEAR (SCALE 0-3) 13
DPTR FM NORMAL 256 PTCLDY (SCALE 4-7) 11
TOTAL FM JUL 1 6031 CLOUDY (SCALE 8-10) 4
DPTR FM NORMAL -380
[CDD (BASE 65) ]
TOTAL THIS MO. 0
DPTR FM NORMAL 0 [PRESSURE DATA]
TOTAL FM JAN 1 0 HIGHEST SLP 30.86 ON 14
DPTR FM NORMAL 0 LOWEST SLP 29.53 ON 22
[REMARKS]
#FINAL-02-21#