000
CXUS51 KGYX 030226
CF6AUG
PRELIMINARY LOCAL CLIMATOLOGICAL DATA (WS FORM: F-6)
STATION: AUGUSTA
MONTH: APRIL
YEAR: 2022
LATITUDE: 44 18 N
LONGITUDE: 69 48 W
TEMPERATURE IN F: :PCPN: SNOW: WIND :SUNSHINE: SKY :PK WND
================================================================================
1 2 3 4 5 6A 6B 7 8 9 10 11 12 13 14 15 16 17 18
12Z AVG MX 2MIN
DY MAX MIN AVG DEP HDD CDD WTR SNW DPTH SPD SPD DIR MIN PSBL S-S WX SPD DR
================================================================================
1 51 38 45 7 20 0 0.39 M M 7.1 20 280 M M 10 12 29 270
2 49 33 41 3 24 0 0.00 M M 12.8 25 310 M M 3 38 310
3 50 30 40 2 25 0 0.00 M M 3.9 17 350 M M 3 22 360
4 56 38 47 8 18 0 0.00 M M 12.9 30 360 M M 4 39 360
5 59 36 48 9 17 0 0.00 M M 6.0 17 300 M M 0 23 300
6 62 31 47 7 18 0 0.00 M M 4.9 15 160 M M 0 21 160
7 54 33 44 4 21 0 0.02 M M 6.9 16 110 M M 5 26 100
8 53 40 47 7 18 0 1.11 M M 8.5 20 100 M M 8 1 29 110
9 54 32 43 2 22 0 0.21 M M 4.1 16 150 M M 7 12 22 140
10 56 36 46 5 19 0 0.00 M M 10.2 24 340 M M 4 35 330
11 62 41 52 10 13 0 0.00 M M 8.2 16 300 M M 2 22 240
12 65 42 54 12 11 0 0.07 M M 6.3 21 310 M M 6 1 29 290
13 60 45 53 10 12 0 0.14 M M 4.7 10 10 M M 7 15 80
14 47 43 45 2 20 0 0.33 M M 5.8 13 100 M M 10 1 19 80
15 65 42 54 10 11 0 0.01 M M 6.9 18 260 M M 4 25 250
16 59 40 50 6 15 0 0.51 M M 7.4 20 350 M M 6 1 26 150
17 49 38 44 0 21 0 0.01 M M 10.4 23 300 M M 6 29 320
18 56 33 45 0 20 0 0.00 M M 6.8 18 180 M M 0 24 120
19 52 39 46 1 19 0 0.68 M M 12.1 23 130 M M 6 1 41 110
20 49 34 42 -4 23 0 0.00 M M 10.4 22 300 M M 2 33 280
21 53 29 41 -5 24 0 T M M 8.5 20 150 M M 2 8 29 160
22 58 40 49 2 16 0 0.01 M M 12.0 26 330 M M 5 40 330
23 59 34 47 0 18 0 0.00 M M 8.3 15 330 M M 0 8 21 290
24 60 33 47 -1 18 0 0.00 M M 6.2 14 350 M M 0 19 10
25 60 39 50 2 15 0 0.00 M M 5.9 15 160 M M 1 23 150
26 56 41 49 1 16 0 0.09 M M 5.4 13 130 M M 9 1 17 200
27 51 39 45 -4 20 0 1.05 M M 8.5 21 310 M M 10 1 33 320
28 50 37 44 -5 21 0 T M M 18.0 29 330 M M 9 39 340
29 49 39 44 -6 21 0 T M M 18.7 29 350 M M 8 38 330
30 57 37 47 -3 18 0 0.00 M M 12.4 22 360 M M 2 30 360
================================================================================
SM 1661 1112 554 0 4.63 M 260.2 M 139
================================================================================
AV 55.4 37.1 8.7 FASTST M M 5 MAX(MPH)
MISC ----> 30 360 41 110
================================================================================
NOTES:
# LAST OF SEVERAL OCCURRENCES
COLUMN 17 PEAK WIND IN M.P.H.
PRELIMINARY LOCAL CLIMATOLOGICAL DATA (WS FORM: F-6) , PAGE 2
STATION: AUGUSTA
MONTH: APRIL
YEAR: 2022
LATITUDE: 44 18 N
LONGITUDE: 69 48 W
[TEMPERATURE DATA] [PRECIPITATION DATA] SYMBOLS USED IN COLUMN 16
AVERAGE MONTHLY: 46.2 TOTAL FOR MONTH: 4.63 1 = FOG OR MIST
DPTR FM NORMAL: 2.4 DPTR FM NORMAL: 0.81 2 = FOG REDUCING VISIBILITY
HIGHEST: 65 ON 15,12 GRTST 24HR 1.11 ON 8- 8 TO 1/4 MILE OR LESS
LOWEST: 29 ON 21 3 = THUNDER
SNOW, ICE PELLETS, HAIL 4 = ICE PELLETS
TOTAL MONTH: M 5 = HAIL
GRTST 24HR M ON M 6 = FREEZING RAIN OR DRIZZLE
GRTST DEPTH: M ON M 7 = DUSTSTORM OR SANDSTORM:
VSBY 1/2 MILE OR LESS
8 = SMOKE OR HAZE
[NO. OF DAYS WITH] [WEATHER - DAYS WITH] 9 = BLOWING SNOW
X = TORNADO
MAX 32 OR BELOW: 0 0.01 INCH OR MORE: 14
MAX 90 OR ABOVE: 0 0.10 INCH OR MORE: 8
MIN 32 OR BELOW: 4 0.50 INCH OR MORE: 4
MIN 0 OR BELOW: 0 1.00 INCH OR MORE: 2
[HDD (BASE 65) ]
TOTAL THIS MO. 554 CLEAR (SCALE 0-3) 11
DPTR FM NORMAL -81 PTCLDY (SCALE 4-7) 14
TOTAL FM JUL 1 6036 CLOUDY (SCALE 8-10) 5
DPTR FM NORMAL -840
[CDD (BASE 65) ]
TOTAL THIS MO. 0
DPTR FM NORMAL 0 [PRESSURE DATA]
TOTAL FM JAN 1 0 HIGHEST SLP 30.60 ON 21
DPTR FM NORMAL 0 LOWEST SLP 29.34 ON 1
[REMARKS]
#FINAL-04-22#