000
CXUS51 KGYX 012226
CF6AUG
PRELIMINARY LOCAL CLIMATOLOGICAL DATA (WS FORM: F-6)
STATION: AUGUSTA
MONTH: JANUARY
YEAR: 2022
LATITUDE: 44 18 N
LONGITUDE: 69 48 W
TEMPERATURE IN F: :PCPN: SNOW: WIND :SUNSHINE: SKY :PK WND
================================================================================
1 2 3 4 5 6A 6B 7 8 9 10 11 12 13 14 15 16 17 18
12Z AVG MX 2MIN
DY MAX MIN AVG DEP HDD CDD WTR SNW DPTH SPD SPD DIR MIN PSBL S-S WX SPD DR
================================================================================
1 37 35 36 13 29 0 0.03 M M 3.0 9 340 M M 10 12 10 330
2 38 26 32 10 33 0 0.03 M M 8.9 18 350 M M 9 128 24 350
3 26 10 18 -4 47 0 0.00 M M 9.2 18 360 M M 0 23 10
4 25 3 14 -8 51 0 0.00 M M 4.9 15 340 M M 1 19 350
5 41 22 32 10 33 0 0.37 M M 5.4 13 210 M M 6 1268 21 210
6 40 28 34 12 31 0 0.00 M M 5.2 16 300 M M 5 12 24 270
7 29 22 26 5 39 0 0.07 M M 11.3 23 330 M M 9 128 31 350
8 26 12 19 -2 46 0 T M M 6.7 17 300 M M 0 8 24 300
9 36 13 25 4 40 0 0.07 M M 8.5 17 200 M M 8 16 31 200
10 35 9 22 1 43 0 T M M 11.2 24 310 M M 4 1 36 310
11 9 -3 3 -18 62 0 0.00 M M 8.0 18 340 M M 0 8 26 300
12 24 -4 10 -10 55 0 0.00 M M 3.5 14 230 M M 8 8 24 210
13 28 20 24 4 41 0 T M M 3.1 7 340 M M 10 8 9 340
14 35 6 21 1 44 0 0.00 M M 16.1 40 350 M M 6 8 54 350
15 10 -2 4 -16 61 0 0.00 M M 15.9 37 340 M M 0 49 350
16 22 -2 10 -10 55 0 0.00 M M 3.6 12 290 M M 0 17 280
17 44 14 29 9 36 0 0.74 M M 9.2 21 70 M M 9 30 90
18 36 5 21 1 44 0 T M M 14.2 24 300 M M 3 38 280
19 20 2 11 -9 54 0 T M M 3.6 12 340 M M 7 8 17 290
20 M 8 M M M M 0.00 M M 7.2 21 330 M M 5 27 300
21 M -2 M M M M 0.00 M M 7.3 13 360 M M 0 17 360
22 M M M M M M 0.00 M M 2.7 8 330 M M 0 8 10 330
23 M 3 M M M M 0.00 M M 3.3 9 340 M M 5 12 340
24 23 13 18 -2 47 0 0.04 M M 4.5 12 40 M M 4 1 14 50
25 27 14 21 1 44 0 0.05 M M 4.6 10 320 M M 9 16 15 330
26 19 -1 9 -11 56 0 0.00 M M 8.5 15 330 M M 0 19 330
27 20 -13 4 -16 61 0 0.00 M M 3.4 10 200 M M 2 8 17 190
28 30 19 25 5 40 0 T M M 4.2 17 20 M M 9 23 30
29 19 7 13 -7 52 0 M M M 22.7 36 350 M M 9 12 48 340
30 20 6 13 -7 52 0 T M M 10.9 28 330 M M 1 8 36 330
31 26 6 16 -4 49 0 0.00 0.0 M 3.9 12 330 M M 0 16 320
================================================================================
SM 745 276 1245 0 1.40 0.0 234.7 M 139
================================================================================
AV 27.6 9.2 7.6 FASTST M M 4 MAX(MPH)
MISC ----> 40 350 54 350
================================================================================
NOTES:
# LAST OF SEVERAL OCCURRENCES
COLUMN 17 PEAK WIND IN M.P.H.
PRELIMINARY LOCAL CLIMATOLOGICAL DATA (WS FORM: F-6) , PAGE 2
STATION: AUGUSTA
MONTH: JANUARY
YEAR: 2022
LATITUDE: 44 18 N
LONGITUDE: 69 48 W
[TEMPERATURE DATA] [PRECIPITATION DATA] SYMBOLS USED IN COLUMN 16
AVERAGE MONTHLY: 18.4 TOTAL FOR MONTH: 1.40 1 = FOG OR MIST
DPTR FM NORMAL: -2.0 DPTR FM NORMAL: -1.22 2 = FOG REDUCING VISIBILITY
HIGHEST: 44 ON 17 GRTST 24HR 0.74 ON 17-17 TO 1/4 MILE OR LESS
LOWEST: -13 ON 27 3 = THUNDER
SNOW, ICE PELLETS, HAIL 4 = ICE PELLETS
TOTAL MONTH: 0.0 INCH 5 = HAIL
GRTST 24HR 0.0 6 = FREEZING RAIN OR DRIZZLE
GRTST DEPTH: M ON M 7 = DUSTSTORM OR SANDSTORM:
VSBY 1/2 MILE OR LESS
8 = SMOKE OR HAZE
[NO. OF DAYS WITH] [WEATHER - DAYS WITH] 9 = BLOWING SNOW
X = TORNADO
MAX 32 OR BELOW: 18 0.01 INCH OR MORE: 8
MAX 90 OR ABOVE: 0 0.10 INCH OR MORE: 2
MIN 32 OR BELOW: 29 0.50 INCH OR MORE: 1
MIN 0 OR BELOW: 7 1.00 INCH OR MORE: 0
[HDD (BASE 65) ]
TOTAL THIS MO. 1245 CLEAR (SCALE 0-3) 13
DPTR FM NORMAL -136 PTCLDY (SCALE 4-7) 10
TOTAL FM JUL 1 3479 CLOUDY (SCALE 8-10) 8
DPTR FM NORMAL -565
[CDD (BASE 65) ]
TOTAL THIS MO. 0
DPTR FM NORMAL 0 [PRESSURE DATA]
TOTAL FM JAN 1 0 HIGHEST SLP 30.61 ON 21
DPTR FM NORMAL 0 LOWEST SLP 28.99 ON 17
[REMARKS]
#FINAL-01-22#