000
CXUS51 KGYX 011000
CF6AUG
PRELIMINARY LOCAL CLIMATOLOGICAL DATA (WS FORM: F-6)
STATION: AUGUSTA
MONTH: FEBRUARY
YEAR: 2024
LATITUDE: 44 18 N
LONGITUDE: 69 48 W
TEMPERATURE IN F: :PCPN: SNOW: WIND :SUNSHINE: SKY :PK WND
================================================================================
1 2 3 4 5 6A 6B 7 8 9 10 11 12 13 14 15 16 17 18
12Z AVG MX 2MIN
DY MAX MIN AVG DEP HDD CDD WTR SNW DPTH SPD SPD DIR MIN PSBL S-S WX SPD DR
================================================================================
1 35 22 29 9 36 0 T M M 2.4 8 170 M M 8 1 14 190
2 39 27 33 13 32 0 0.00 M M 9.2 23 350 M M 10 1 32 350
3 30 21 26 6 39 0 0.00 M M 15.3 23 340 M M 4 32 360
4 33 17 25 4 40 0 0.00 M M 17.2 25 340 M M 0 40 340
5 33 20 27 6 38 0 0.00 M M 16.1 28 350 M M 4 37 360
6 37 23 30 9 35 0 0.00 M M 9.6 18 10 M M 4 25 350
7 40 22 31 10 34 0 0.00 M M 4.2 9 330 M M 0 16 10
8 43 24 34 13 31 0 0.00 M M 2.2 6 70 M M 5 8 60
9 41 24 33 11 32 0 0.00 M M 5.7 13 180 M M 5 1 25 180
10 52 34 43 21 22 0 0.00 M M 3.4 12 340 M M 5 12 14 140
11 49 36 43 21 22 0 0.00 M M 7.4 18 300 M M 3 28 300
12 45 30 38 16 27 0 0.00 M M 5.6 15 330 M M 3 20 310
13 35 29 32 10 33 0 0.00 M M 8.6 17 20 M M 6 24 20
14 29 19 24 1 41 0 0.00 M M 13.8 26 310 M M 3 45 320
15 37 19 28 5 37 0 T M M 7.0 22 340 M M 2 30 350
16 29 22 26 3 39 0 0.04 M M 9.1 20 310 M M 7 18 33 290
17 34 14 24 0 41 0 T M M 6.1 20 290 M M 5 128 31 300
18 31 10 21 -3 44 0 0.00 M M 6.5 13 230 M M 1 23 210
19 29 15 22 -2 43 0 T M M 10.0 20 290 M M 1 30 300
20 32 9 21 -3 44 0 0.00 M M 6.5 17 270 M M 0 26 270
21 37 10 24 -1 41 0 0.00 M M 5.8 13 160 M M 2 19 150
22 38 28 33 8 32 0 0.00 M M 4.8 13 140 M M 9 20 170
23 37 32 35 10 30 0 0.15 M M 3.8 12 350 M M 10 12 15 340
24 34 12 23 -3 42 0 0.00 M M 11.7 22 340 M M 3 12 30 360
25 32 9 21 -5 44 0 0.00 M M 4.5 13 160 M M 0 20 170
26 47 23 35 9 30 0 0.03 M M 4.5 8 320 M M 4 1 16 310
27 53 26 40 13 25 0 0.00 M M 4.6 12 160 M M 3 12 21 180
28 50 42 46 19 19 0 0.58 M M 11.4 24 180 M M 10 12 44 180
29 43 13 28 1 37 0 0.08 M M 16.0 33 290 M M 4 1 57 310
================================================================================
SM 1104 632 1010 0 0.88 M 233.0 M 121
================================================================================
AV 38.1 21.8 8.0 FASTST M M 4 MAX(MPH)
MISC ----> 33 290 57 310
================================================================================
NOTES:
# LAST OF SEVERAL OCCURRENCES
COLUMN 17 PEAK WIND IN M.P.H.
PRELIMINARY LOCAL CLIMATOLOGICAL DATA (WS FORM: F-6) , PAGE 2
STATION: AUGUSTA
MONTH: FEBRUARY
YEAR: 2024
LATITUDE: 44 18 N
LONGITUDE: 69 48 W
[TEMPERATURE DATA] [PRECIPITATION DATA] SYMBOLS USED IN COLUMN 16
AVERAGE MONTHLY: 29.9 TOTAL FOR MONTH: 0.88 1 = FOG OR MIST
DPTR FM NORMAL: 6.7 DPTR FM NORMAL: -1.44 2 = FOG REDUCING VISIBILITY
HIGHEST: 53 ON 27 GRTST 24HR 0.63 ON 28-29 TO 1/4 MILE OR LESS
LOWEST: 9 ON 25,20 3 = THUNDER
SNOW, ICE PELLETS, HAIL 4 = ICE PELLETS
TOTAL MONTH: M 5 = HAIL
GRTST 24HR M ON M 6 = FREEZING RAIN OR DRIZZLE
GRTST DEPTH: M ON M 7 = DUSTSTORM OR SANDSTORM:
VSBY 1/2 MILE OR LESS
8 = SMOKE OR HAZE
[NO. OF DAYS WITH] [WEATHER - DAYS WITH] 9 = BLOWING SNOW
X = TORNADO
MAX 32 OR BELOW: 7 0.01 INCH OR MORE: 5
MAX 90 OR ABOVE: 0 0.10 INCH OR MORE: 2
MIN 32 OR BELOW: 26 0.50 INCH OR MORE: 1
MIN 0 OR BELOW: 0 1.00 INCH OR MORE: 0
[HDD (BASE 65) ]
TOTAL THIS MO. 1010 CLEAR (SCALE 0-3) 11
DPTR FM NORMAL -162 PTCLDY (SCALE 4-7) 14
TOTAL FM JUL 1 4419 CLOUDY (SCALE 8-10) 4
DPTR FM NORMAL -875
[CDD (BASE 65) ]
TOTAL THIS MO. 0
DPTR FM NORMAL 0 [PRESSURE DATA]
TOTAL FM JAN 1 0 HIGHEST SLP 30.62 ON 21
DPTR FM NORMAL 0 LOWEST SLP 29.33 ON 28
[REMARKS]
#FINAL-02-24#