000
CXUS54 KBMX 020755
CF6AUO
PRELIMINARY LOCAL CLIMATOLOGICAL DATA (WS FORM: F-6)
STATION: AUBURN AWOS
MONTH: SEPTEMBER
YEAR: 2021
LATITUDE: 32 34 N
LONGITUDE: 85 30 W
TEMPERATURE IN F: :PCPN: SNOW: WIND :SUNSHINE: SKY :PK WND
================================================================================
1 2 3 4 5 6A 6B 7 8 9 10 11 12 13 14 15 16 17 18
12Z AVG MX 2MIN
DY MAX MIN AVG DEP HDD CDD WTR SNW DPTH SPD SPD DIR MIN PSBL S-S WX SPD DR
================================================================================
1 88 70 79 M 0 14 0.13 0.0 0 6.8 16 300 M M 6 18 21 300
2 87 69 78 M 0 13 0.00 0.0 0 5.3 10 20 M M 3 12 M M
3 85 68 77 M 0 12 0.00 0.0 M 6.6 10 100 M M 1 8 M M
4 84 63 74 M 0 9 0.00 0.0 M 5.0 8 160 M M 0 M M
5 86 63 75 M 0 10 0.00 0.0 0 3.7 8 230 M M 2 M M
6 88 71 80 M 0 15 0.00 0.0 0 5.2 12 340 M M 4 M M
7 89 72 81 M 0 16 0.00 0.0 0 4.7 9 360 M M 6 8 M M
8 83 72 78 M 0 13 0.12 0.0 0 5.3 15 190 M M 4 22 190
9 83 64 74 M 0 9 0.10 0.0 0 6.3 15 340 M M 4 21 340
10 83 60 72 M 0 7 0.00 0.0 M 6.6 9 60 M M 1 M M
11 84 65 75 M 0 10 0.00 0.0 M 6.1 13 70 M M 3 16 120
12 86 68 77 M 0 12 0.00 0.0 0 5.2 10 170 M M 2 M M
13 88 68 78 M 0 13 0.00 0.0 0 2.5 6 330 M M 2 M M
14 85 69 77 M 0 12 0.12 0.0 0 2.7 10 360 M M 3 M M
15 74 69 72 M 0 7 0.81 0.0 0 5.9 12 50 M M 8 1 M M
16 80 72 76 M 0 11 0.34 0.0 0 6.8 9 100 M M 9 1 M M
17 82 71 77 M 0 12 0.04 0.0 M 5.3 8 120 M M 9 1 M M
18 83 71 77 M 0 12 0.63 0.0 M 4.9 13 330 M M 7 13 22 330
19 81 71 76 M 0 11 0.41 0.0 M 5.5 12 90 M M 9 1 18 100
20 85 72 79 M 0 14 0.02 0.0 0 5.4 9 70 M M 8 1 M M
21 87 72 80 M 0 15 0.60 0.0 0 3.1 12 320 M M 6 1 18 320
22 77 58 68 M 0 3 0.06 0.0 0 7.1 17 330 M M 5 1 23 330
23 74 52 63 M 2 0 0.06 0.0 0 8.4 16 10 M M 0 1 24 350
24 78 52 65 M 0 0 0.00 0.0 0 5.3 9 30 M M 0 M M
25 79 56 68 M 0 3 0.00 0.0 0 3.5 7 340 M M 1 M M
26 82 56 69 M 0 4 0.00 0.0 0 3.5 7 50 M M 0 M M
27 84 58 71 M 0 6 0.00 0.0 0 2.2 6 210 M M 1 M M
28 85 60 73 M 0 8 0.00 0.0 0 2.0 8 20 M M 1 M M
29 88 64 76 M 0 11 0.00 0.0 0 1.9 6 60 M M 1 M M
30 84 66 75 M 0 10 0.00 0.0 0 2.9 6 20 M M 1 M M
================================================================================
SM 2502 1962 2 292 3.44 0.0 145.7 M 107
================================================================================
AV 83.4 65.4 4.9 FASTST M M 4 MAX(MPH)
MISC ----> 17 330 24 350
================================================================================
NOTES:
# LAST OF SEVERAL OCCURRENCES
COLUMN 17 PEAK WIND IN M.P.H.
PRELIMINARY LOCAL CLIMATOLOGICAL DATA (WS FORM: F-6) , PAGE 2
STATION: AUBURN AWOS
MONTH: SEPTEMBER
YEAR: 2021
LATITUDE: 32 34 N
LONGITUDE: 85 30 W
[TEMPERATURE DATA] [PRECIPITATION DATA] SYMBOLS USED IN COLUMN 16
AVERAGE MONTHLY: 74.4 TOTAL FOR MONTH: 3.44 1 = FOG OR MIST
DPTR FM NORMAL: 0.0 DPTR FM NORMAL: M 2 = FOG REDUCING VISIBILITY
HIGHEST: 89 ON 7 GRTST 24HR 0.81 ON 15-15 TO 1/4 MILE OR LESS
LOWEST: 52 ON 24,23 3 = THUNDER
SNOW, ICE PELLETS, HAIL 4 = ICE PELLETS
TOTAL MONTH: 0.0 INCH 5 = HAIL
GRTST 24HR 0.0 6 = FREEZING RAIN OR DRIZZLE
GRTST DEPTH: 0 7 = DUSTSTORM OR SANDSTORM:
VSBY 1/2 MILE OR LESS
8 = SMOKE OR HAZE
[NO. OF DAYS WITH] [WEATHER - DAYS WITH] 9 = BLOWING SNOW
X = TORNADO
MAX 32 OR BELOW: 0 0.01 INCH OR MORE: 13
MAX 90 OR ABOVE: 0 0.10 INCH OR MORE: 8
MIN 32 OR BELOW: 0 0.50 INCH OR MORE: 3
MIN 0 OR BELOW: 0 1.00 INCH OR MORE: 0
[HDD (BASE 65) ]
TOTAL THIS MO. 2 CLEAR (SCALE 0-3) 16
DPTR FM NORMAL M PTCLDY (SCALE 4-7) 11
TOTAL FM JUL 1 2 CLOUDY (SCALE 8-10) 3
DPTR FM NORMAL M
[CDD (BASE 65) ]
TOTAL THIS MO. 292
DPTR FM NORMAL M [PRESSURE DATA]
TOTAL FM JAN 1 1804 HIGHEST SLP M ON M
DPTR FM NORMAL M LOWEST SLP M ON M
[REMARKS]
#FINAL-09-21#