000
CXUS53 KGRB 031203
CLSAUW
CLIMATE REPORT
NATIONAL WEATHER SERVICE GREEN BAY
603 AM CST WED MAR 03 2021
...................................
...THE WAUSAU WI CLIMATE SUMMARY FOR THE SEASON, FROM
12/1/2020 TO 2/28/2021...
CLIMATE NORMAL PERIOD: 1981 TO 2010
CLIMATE RECORD PERIOD: 1896 TO 2021
WEATHER OBSERVED NORMAL DEPART LAST YEAR`S
VALUE DATE(S) VALUE FROM VALUE DATE(S)
NORMAL
................................................................
TEMPERATURE (F)
RECORD
HIGH 61 12/05/2001
12/02/1982
LOW -40 01/30/1951
01/18/1948
02/10/1899
HIGHEST 49 12/10 49 0 45 02/23
02/02
LOWEST -21 02/07 -22 1 -20 02/14
AVG. MAXIMUM 25.7 25.9 -0.2 27.7
AVG. MINIMUM 10.5 9.1 1.4 12.6
MEAN 18.1 17.5 0.6 20.2
DAYS MAX >= 90 0 0.0 0.0 0
DAYS MAX <= 32 65 63.0 2.0 64
DAYS MIN <= 32 90 87.8 2.2 90
DAYS MIN <= 0 17 24.1 -7.1 15
PRECIPITATION (INCHES)
RECORD
MAXIMUM 6.60 2017
MINIMUM 1.07 1963
TOTALS 2.26 3.30 -1.04 5.03
DAILY AVG. 0.03 0.04 -0.01 0.05
DAYS >= .01 26 27.5 -1.5 MM
DAYS >= .10 10 9.9 0.1 MM
DAYS >= .50 1 1.0 0.0 2
DAYS >= 1.00 0 0.2 -0.2 MM
SNOWFALL (INCHES)
RECORDS
TOTAL 64.5 2014
24 HR TOTAL MM
TOTALS 23.7 37.0 -13.3 53.4
SINCE 7/1 30.3 45.3 -15.0 MM
DAYS >= TRACE 38 27.7 10.3 MM
DAYS >= 1.0 7 12.0 -5.0 MM
GREATEST
SNOW DEPTH 14 02/09 21 02/21
02/10
02/11
02/20
02/19
24 HR TOTAL 5.5
DEGREE DAYS
HEATING TOTAL 4172 4278 -106 4051
SINCE 7/1 5771 6135 -364 5987
COOLING TOTAL 0 0 0 0
SINCE 1/1 0 0 0 0
FREEZE DATES
RECORD
EARLIEST 08/30/1915
LATEST 06/12/1903
EARLIEST 10/04
LATEST 05/13
................................................................
WIND (MPH)
AVERAGE WIND SPEED 7.1
RESULTANT WIND SPEED/DIRECTION 3/270
HIGHEST WIND SPEED/DIRECTION 33/180 DATE 12/23
HIGHEST GUST SPEED/DIRECTION 50/170 DATE 12/23
SKY COVER
POSSIBLE SUNSHINE (PERCENT) MM
AVERAGE SKY COVER 0.59
NUMBER OF DAYS FAIR 22
NUMBER OF DAYS PC 34
NUMBER OF DAYS CLOUDY 34
AVERAGE RH (PERCENT) 73
WEATHER CONDITIONS. NUMBER OF DAYS WITH
THUNDERSTORM 0 MIXED PRECIP 0
HEAVY RAIN 0 RAIN 0
LIGHT RAIN 5 FREEZING RAIN 0
LT FREEZING RAIN 2 HAIL 0
HEAVY SNOW 2 SNOW 4
LIGHT SNOW 39 SLEET 1
FOG 46 FOG W/VIS <= 1/4 MILE 9
HAZE 34
- INDICATES NEGATIVE NUMBERS.
R INDICATES RECORD WAS SET OR TIED.
MM INDICATES DATA IS MISSING.
T INDICATES TRACE AMOUNT.
$$