000
CXUS52 KGSP 010917
CF6AVL
PRELIMINARY LOCAL CLIMATOLOGICAL DATA (WS FORM: F-6)
STATION: ASHEVILLE NC
MONTH: JANUARY
YEAR: 2022
LATITUDE: 35 25 N
LONGITUDE: 82 33 W
TEMPERATURE IN F: :PCPN: SNOW: WIND :SUNSHINE: SKY :PK WND
================================================================================
1 2 3 4 5 6A 6B 7 8 9 10 11 12 13 14 15 16 17 18
12Z AVG MX 2MIN
DY MAX MIN AVG DEP HDD CDD WTR SNW DPTH SPD SPD DIR MIN PSBL S-S WX SPD DR
================================================================================
1 73 54 64 25 1 0 0.22 0.0 0 11.6 22 190 M M 5 1 29 180
2 64 50 57 18 8 0 0.74 0.0 0 7.2 21 340 M M 8 13 31 200
3 50 26 38 -1 27 0 0.63 T T 20.8 46 330 M M 6 13 59 320
4 43 21 32 -7 33 0 0.00 0.0 0 5.6 14 150 M M 1 21 350
5 56 33 45 6 20 0 0.00 0.0 0 4.7 15 200 M M 2 20 200
6 48 29 39 0 26 0 0.01 T 0 8.1 28 340 M M 5 1 36 340
7 29 21 25 -14 40 0 0.00 0.0 0 10.6 22 330 M M 3 28 360
8 41 19 30 -9 35 0 0.00 0.0 0 6.2 15 160 M M 0 21 110
9 55 35 45 7 20 0 0.40 0.0 0 10.9 29 330 M M 10 1 40 330
10 42 29 36 -2 29 0 0.00 0.0 0 17.1 30 340 M M 1 40 340
11 46 22 34 -4 31 0 0.00 0.0 0 6.1 18 340 M M 0 28 330
12 53 20 37 -1 28 0 0.00 0.0 0 1.8 9 180 M M 0 12 180
13 51 26 39 1 26 0 T 0.0 0 2.7 13 350 M M 4 19 330
14 46 31 39 1 26 0 0.00 0.0 0 10.1 22 330 M M 5 28 320
15 38 27 33 -5 32 0 T T 0 5.5 12 160 M M 8 1 14 140
16 33 22 28 -10 37 0 1.25 10.4 4 3.2 13 230 M M 10 124 16 230
17 33 26 30 -8 35 0 T T 8 13.4 28 340 M M 6 1 38 330
18 42 22 32 -6 33 0 0.00 0.0 7 6.6 17 340 M M 0 24 340
19 51 23 37 -1 28 0 0.00 0.0 5 5.9 18 190 M M 3 24 190
20 42 28 35 -3 30 0 0.04 0.0 3 10.0 20 340 M M 10 26 340
21 32 26 29 -10 36 0 T T 1 6.2 14 350 M M 10 18 19 350
22 44 25 35 -4 30 0 0.00 0.0 1 8.1 13 340 M M 4 17 340
23 47 21 34 -5 31 0 0.00 0.0 T 7.5 18 340 M M 1 23 340
24 52 29 41 2 24 0 0.00 0.0 T 4.3 14 340 M M 1 18 340
25 54 31 43 4 22 0 0.00 0.0 0 8.2 17 340 M M 1 24 330
26 41 25 33 -6 32 0 0.00 0.0 0 11.1 23 340 M M 2 28 340
27 46 20 33 -6 32 0 0.00 0.0 0 3.1 9 160 M M 2 13 140
28 45 27 36 -3 29 0 0.03 0.1 0 8.6 22 330 M M 9 1 29 360
29 27 17 22 -17 43 0 0.01 0.1 T 14.1 30 340 M M 3 42 330
30 47 12 30 -9 35 0 0.00 0.0 0 3.6 16 180 M M 0 20 170
31 53 23 38 -2 27 0 0.00 0.0 0 1.3 8 170 M M 0 9 330
================================================================================
SM 1424 820 886 0 3.33 10.6 244.2 M 120
================================================================================
AV 45.9 26.5 7.9 FASTST M M 4 MAX(MPH)
MISC ----> 46 330 59 320
================================================================================
NOTES:
# LAST OF SEVERAL OCCURRENCES
COLUMN 17 PEAK WIND IN M.P.H.
PRELIMINARY LOCAL CLIMATOLOGICAL DATA (WS FORM: F-6) , PAGE 2
STATION: ASHEVILLE NC
MONTH: JANUARY
YEAR: 2022
LATITUDE: 35 25 N
LONGITUDE: 82 33 W
[TEMPERATURE DATA] [PRECIPITATION DATA] SYMBOLS USED IN COLUMN 16
AVERAGE MONTHLY: 36.2 TOTAL FOR MONTH: 3.33 1 = FOG OR MIST
DPTR FM NORMAL: -2.5 DPTR FM NORMAL: -0.80 2 = FOG REDUCING VISIBILITY
HIGHEST: 73 ON 1 GRTST 24HR 1.91 ON 2- 3 TO 1/4 MILE OR LESS
LOWEST: 12 ON 30 3 = THUNDER
SNOW, ICE PELLETS, HAIL 4 = ICE PELLETS
TOTAL MONTH: 10.6 INCHES 5 = HAIL
GRTST 24HR 10.4 ON 16-16 6 = FREEZING RAIN OR DRIZZLE
GRTST DEPTH: 8 ON 17 7 = DUSTSTORM OR SANDSTORM:
VSBY 1/2 MILE OR LESS
8 = SMOKE OR HAZE
[NO. OF DAYS WITH] [WEATHER - DAYS WITH] 9 = BLOWING SNOW
X = TORNADO
MAX 32 OR BELOW: 3 0.01 INCH OR MORE: 9
MAX 90 OR ABOVE: 0 0.10 INCH OR MORE: 5
MIN 32 OR BELOW: 27 0.50 INCH OR MORE: 3
MIN 0 OR BELOW: 0 1.00 INCH OR MORE: 1
[HDD (BASE 65) ]
TOTAL THIS MO. 886 CLEAR (SCALE 0-3) 17
DPTR FM NORMAL 72 PTCLDY (SCALE 4-7) 9
TOTAL FM JUL 1 2197 CLOUDY (SCALE 8-10) 5
DPTR FM NORMAL -136
[CDD (BASE 65) ]
TOTAL THIS MO. 0
DPTR FM NORMAL 0 [PRESSURE DATA]
TOTAL FM JAN 1 0 HIGHEST SLP 30.57 ON 8
DPTR FM NORMAL 0 LOWEST SLP 29.43 ON 17
[REMARKS]
#FINAL-01-22#