000
CXUS52 KGSP 011244
CLMAVL
CLIMATE REPORT
NATIONAL WEATHER SERVICE GREENVILLE-SPARTANBURG SC
744 AM EST FRI MAR 01 2024
...................................
...THE ASHEVILLE NC CLIMATE SUMMARY FOR THE MONTH OF FEBRUARY 2024...
CLIMATE NORMAL PERIOD 1991 TO 2020
CLIMATE RECORD PERIOD 1869 TO 2024
WEATHER OBSERVED NORMAL DEPART LAST YEAR`S
VALUE DATE(S) VALUE FROM VALUE DATE(S)
NORMAL
................................................................
TEMPERATURE (F)
RECORD
HIGH 80 02/10/1932
LOW -9 02/08/1895
HIGHEST 72 02/10 MM MM 74 02/23
LOWEST 24 02/20 MM MM 20 02/04
AVG. MAXIMUM 59.3 52.9 6.4 59.3
AVG. MINIMUM 33.6 31.2 2.4 37.9
MEAN 46.4 42.1 4.3 48.6
DAYS MAX >= 90 0 0.0 0.0 0
DAYS MAX <= 32 0 1.1 -1.1 0
DAYS MIN <= 32 16 17.5 -1.5 8
DAYS MIN <= 0 0 0.0 0.0 0
PRECIPITATION (INCHES)
RECORD
MAXIMUM 9.60 1873
MINIMUM 0.44 1978
TOTALS 1.24 3.46 -2.22 2.78
DAILY AVG. 0.04 NAN NAN 0.10
DAYS >= .01 6 9.8 -3.8 12
DAYS >= .10 4 6.6 -2.6 4
DAYS >= .50 1 2.3 -1.3 1
DAYS >= 1.00 0 0.9 -0.9 1
GREATEST
24 HR. TOTAL 0.62 02/12 TO 02/12 1.21 02/16 TO 02/17
STORM TOTAL 0.62 1.17
(MM/DD(HH)) MM
SNOWFALL (INCHES)
RECORDS
TOTAL 25.5 1969
24 HR TOTAL 11.7 02/15/1969 TO 02/16/1969
SNOW DEPTH 15 02/17/1969
TOTALS T 1.9 -1.9 T
LIQUID EQUIV T 0.10 -0.10 T
SINCE 7/1 T 8.2 -8.2 MM
LIQUID 7/1 -0.10 0.80 -0.90 MM
SNOWDEPTH AVG. 0 0
DAYS >= TRACE 1 1.5 -0.5 2
DAYS >= 1.0 0 0.7 -0.7 0
GREATEST
SNOW DEPTH 0 02/17 0 MM
24 HR TOTAL MM T 02/17 TO 02/17
02/11 TO 02/11
STORM TOTAL 0.0 0.0
(MM/DD(HH)) MM
DEGREE DAYS
HEATING TOTAL 531 643 -112 451
SINCE 7/1 2723 3017 -294 MM
COOLING TOTAL 0 0 0 0
SINCE 1/1 0 0 0 MM
FREEZE DATES
RECORD
EARLIEST MM
LATEST MM
EARLIEST 11/01
LATEST 04/10
................................................................
WIND (MPH)
AVERAGE WIND SPEED 6.6
HIGHEST WIND SPEED/DIRECTION 40/320 DATE 02/28
HIGHEST GUST SPEED/DIRECTION 54/330 DATE 02/28
SKY COVER
POSSIBLE SUNSHINE (PERCENT) MM
AVERAGE SKY COVER 0.23
NUMBER OF DAYS FAIR 21
NUMBER OF DAYS PC 6
NUMBER OF DAYS CLOUDY 2
AVERAGE RH (PERCENT) 59
WEATHER CONDITIONS. NUMBER OF DAYS WITH
THUNDERSTORM 0 MIXED PRECIP 0
HEAVY RAIN 3 RAIN 2
LIGHT RAIN 10 FREEZING RAIN 0
LT FREEZING RAIN 0 HAIL 0
HEAVY SNOW 0 SNOW 0
LIGHT SNOW 0 SLEET 1
FOG 6 FOG W/VIS <= 1/4 MILE 0
HAZE 0
- INDICATES NEGATIVE NUMBERS.
R INDICATES RECORD WAS SET OR TIED.
MM INDICATES DATA IS MISSING.
T INDICATES TRACE AMOUNT.
$$