000
CXUS51 KBGM 011031
CLSAVP
CLIMATE REPORT
NATIONAL WEATHER SERVICE BINGHAMTON, NY
531 AM EST TUE MAR 01 2022
...................................
...THE AVOCA PA CLIMATE SUMMARY FOR THE SEASON, FROM
12/1/2021 TO 2/28/2022...
CLIMATE NORMAL PERIOD 1991 TO 2020
CLIMATE RECORD PERIOD 1901 TO 2022
WEATHER OBSERVED NORMAL DEPART LAST YEAR`S
VALUE DATE(S) VALUE FROM VALUE DATE(S)
NORMAL
................................................................
TEMPERATURE (F)
RECORD
HIGH 76 02/21/2018
02/24/2017
02/24/2017
LOW -99 02/21/2022
HIGHEST 65 12/11 34 31 64 12/25
12/16
LOWEST -3 01/16 20 -23 5 12/19
01/22
AVG. MAXIMUM 40.0 38.2 1.8 37.4
AVG. MINIMUM 22.9 22.8 0.1 24.7
MEAN 31.4 30.5 0.9 31.1
DAYS MAX >= 90 0 0.0 0.0 0
DAYS MAX <= 32 25 30.7 -5.7 25
DAYS MIN <= 32 68 74.5 -6.5 78
DAYS MIN <= 0 2 2.4 -0.4 0
PRECIPITATION (INCHES)
RECORD
MAXIMUM 12.47 2008
MINIMUM 2.78 1979
TOTALS 6.92 7.46 -0.54 8.42
DAILY AVG. 0.08 0.08 -0.00 0.09
DAYS >= .01 34 36.1 -2.1 27
DAYS >= .10 19 18.0 1.0 17
DAYS >= .50 3 4.2 -1.2 2
DAYS >= 1.00 1 1.0 0.0 0
GREATEST
24 HR. TOTAL 1.82 02/03 TO 02/04 1.88 12/24 TO 12/25
SNOWFALL (INCHES)
RECORDS
TOTAL 64.5 1993
24 HR TOTAL 18.3 01/13/1964 TO 01/13/1964
TOTALS 13.0 30.3 -17.3 52.4
SINCE 7/1 15.4 34.2 -18.8 52.9
DAYS >= TRACE 14 23.4 -9.4 37
DAYS >= 1.0 2 9.9 -7.9 11
GREATEST
24 HR TOTAL 3.0 01/16 TO 01/16 13.5 02/01 TO 02/01
DEGREE DAYS
HEATING TOTAL 2937 3100 -163 3023
SINCE 7/1 3904 4251 -347 3948
COOLING TOTAL 0 0 0 0
SINCE 1/1 0 0 0 0
FREEZE DATES
RECORD
EARLIEST 09/21/1956
LATEST 05/25/1956
EARLIEST 11/03
LATEST 04/22
................................................................
WIND (MPH)
AVERAGE WIND SPEED 6.7
RESULTANT WIND SPEED/DIRECTION 3/290
HIGHEST WIND SPEED/DIRECTION 35/260 DATE 02/23
HIGHEST GUST SPEED/DIRECTION 45/200 DATE 02/18
SKY COVER
POSSIBLE SUNSHINE (PERCENT) MM
AVERAGE SKY COVER 0.53
NUMBER OF DAYS FAIR 30
NUMBER OF DAYS PC 29
NUMBER OF DAYS CLOUDY 29
AVERAGE RH (PERCENT) 64
WEATHER CONDITIONS. NUMBER OF DAYS WITH
THUNDERSTORM 2 MIXED PRECIP 0
HEAVY RAIN 4 RAIN 10
LIGHT RAIN 26 FREEZING RAIN 4
LT FREEZING RAIN 4 HAIL 0
HEAVY SNOW 1 SNOW 1
LIGHT SNOW 29 SLEET 1
FOG 35 FOG W/VIS <= 1/4 MILE 3
HAZE 38
- INDICATES NEGATIVE NUMBERS.
R INDICATES RECORD WAS SET OR TIED.
MM INDICATES DATA IS MISSING.
T INDICATES TRACE AMOUNT.
$$