000
CXUS53 KGRR 010910
CF6AZO
PRELIMINARY LOCAL CLIMATOLOGICAL DATA (WS FORM: F-6)
STATION: KALAMAZOO
MONTH: APRIL
YEAR: 2021
LATITUDE: 42 13 N
LONGITUDE: 85 33 W
TEMPERATURE IN F: :PCPN: SNOW: WIND :SUNSHINE: SKY :PK WND
================================================================================
1 2 3 4 5 6A 6B 7 8 9 10 11 12 13 14 15 16 17 18
12Z AVG MX 2MIN
DY MAX MIN AVG DEP HDD CDD WTR SNW DPTH SPD SPD DIR MIN PSBL S-S WX SPD DR
================================================================================
1 40 24 32 -11 33 0 T M M 13.9 24 340 M M 6 32 360
2 48 18 33 -11 32 0 0.00 M M 4.6 13 210 M M 0 16 240
3 67 33 50 6 15 0 0.00 M M 10.5 22 260 M M 2 33 200
4 72 33 53 9 12 0 0.00 M M 3.7 12 190 M M 0 18 15 190
5 71 52 62 17 3 0 0.02 M M 7.0 18 190 M M 2 23 190
6 81 51 66 21 0 1 0.00 M M 7.5 18 230 M M 1 24 220
7 80 55 68 22 0 3 0.01 M M 9.0 22 190 M M 4 30 180
8 75 51 63 17 2 0 0.19 M M 9.8 23 200 M M 6 37 190
9 70 49 60 14 5 0 0.00 M M 11.0 28 190 M M 7 38 190
10 74 41 58 11 7 0 0.68 M M 5.4 29 170 M M 5 138 46 170
11 58 45 52 5 13 0 0.23 M M 5.6 15 200 M M 8 18 21 220
12 62 43 53 5 12 0 0.00 M M 7.4 21 270 M M 4 27 270
13 60 36 48 0 17 0 0.00 M M 8.9 22 240 M M 1 32 260
14 50 34 42 -6 23 0 0.00 M M 9.3 23 310 M M 4 30 310
15 45 33 39 -10 26 0 0.01 M M 11.5 22 320 M M 8 1 30 320
16 53 34 44 -5 21 0 0.00 M M 10.0 17 300 M M 5 24 320
17 60 29 45 -5 20 0 0.00 M M 4.9 16 310 M M 1 1 22 290
18 62 32 47 -3 18 0 0.00 M M 5.1 15 280 M M 3 21 250
19 57 38 48 -2 17 0 0.12 M M 10.3 22 270 M M 6 1 29 260
20 39 33 36 -15 29 0 0.02 M M 4.8 13 340 M M 10 18 15 350
21 44 26 35 -16 30 0 0.01 M M 6.9 20 350 M M 6 8 26 350
22 50 26 38 -14 27 0 T M M 6.8 21 300 M M 4 18 30 320
23 62 35 49 -3 16 0 0.00 M M 8.4 22 190 M M 2 30 180
24 54 43 49 -3 16 0 0.10 M M 3.5 9 190 M M 9 18 12 180
25 51 36 44 -8 21 0 0.00 M M 11.1 21 340 M M 4 18 27 310
26 70 37 54 1 11 0 0.00 M M 8.7 18 130 M M 3 30 160
27 83 50 67 14 0 2 0.00 M M 9.0 21 220 M M 4 29 190
28 71 51 61 7 4 0 0.07 M M 8.0 17 320 M M 6 18 24 230
29 58 47 53 -1 12 0 0.08 M M 8.6 22 320 M M 7 18 32 320
30 56 37 47 -7 18 0 0.00 M M 10.7 25 340 M M 2 37 350
================================================================================
SM 1823 1152 460 6 1.54 M 241.9 M 130
================================================================================
AV 60.8 38.4 8.1 FASTST M M 4 MAX(MPH)
MISC ----> 29 170 46 170
================================================================================
NOTES:
# LAST OF SEVERAL OCCURRENCES
COLUMN 17 PEAK WIND IN M.P.H.
PRELIMINARY LOCAL CLIMATOLOGICAL DATA (WS FORM: F-6) , PAGE 2
STATION: KALAMAZOO
MONTH: APRIL
YEAR: 2021
LATITUDE: 42 13 N
LONGITUDE: 85 33 W
[TEMPERATURE DATA] [PRECIPITATION DATA] SYMBOLS USED IN COLUMN 16
AVERAGE MONTHLY: 49.6 TOTAL FOR MONTH: 1.54 1 = FOG OR MIST
DPTR FM NORMAL: 0.7 DPTR FM NORMAL: -1.54 2 = FOG REDUCING VISIBILITY
HIGHEST: 83 ON 27 GRTST 24HR 0.68 ON 10-10 TO 1/4 MILE OR LESS
LOWEST: 18 ON 2 3 = THUNDER
SNOW, ICE PELLETS, HAIL 4 = ICE PELLETS
TOTAL MONTH: M 5 = HAIL
GRTST 24HR M ON M 6 = FREEZING RAIN OR DRIZZLE
GRTST DEPTH: M ON M 7 = DUSTSTORM OR SANDSTORM:
VSBY 1/2 MILE OR LESS
8 = SMOKE OR HAZE
[NO. OF DAYS WITH] [WEATHER - DAYS WITH] 9 = BLOWING SNOW
X = TORNADO
MAX 32 OR BELOW: 0 0.01 INCH OR MORE: 12
MAX 90 OR ABOVE: 0 0.10 INCH OR MORE: 5
MIN 32 OR BELOW: 6 0.50 INCH OR MORE: 1
MIN 0 OR BELOW: 0 1.00 INCH OR MORE: 0
[HDD (BASE 65) ]
TOTAL THIS MO. 460 CLEAR (SCALE 0-3) 11
DPTR FM NORMAL -26 PTCLDY (SCALE 4-7) 16
TOTAL FM JUL 1 5634 CLOUDY (SCALE 8-10) 3
DPTR FM NORMAL -508
[CDD (BASE 65) ]
TOTAL THIS MO. 6
DPTR FM NORMAL 2 [PRESSURE DATA]
TOTAL FM JAN 1 6 HIGHEST SLP 30.60 ON 2
DPTR FM NORMAL 2 LOWEST SLP 29.34 ON 11
[REMARKS]
#FINAL-04-21#