000
CXUS53 KLBF 011410
CF6BBW
PRELIMINARY LOCAL CLIMATOLOGICAL DATA (WS FORM: F-6)
STATION: BROKEN BOW
MONTH: AUGUST
YEAR: 2023
LATITUDE: 41 26 N
LONGITUDE: 99 39 W
TEMPERATURE IN F: :PCPN: SNOW: WIND :SUNSHINE: SKY :PK WND
================================================================================
1 2 3 4 5 6A 6B 7 8 9 10 11 12 13 14 15 16 17 18
12Z AVG MX 2MIN
DY MAX MIN AVG DEP HDD CDD WTR SNW DPTH SPD SPD DIR MIN PSBL S-S WX SPD DR
================================================================================
1 84 70 77 2 0 12 T M M 6.3 13 120 M M 6 1 19 130
2 88 71 80 5 0 15 0.03 M M 3.4 10 60 M M 4 1 15 100
3 84 71 78 3 0 13 0.45 M M 4.7 10 70 M M 6 13 16 90
4 84 67 76 1 0 11 0.02 M M 8.0 26 110 M M 6 13 38 110
5 86 63 75 0 0 10 T M M 10.8 25 300 M M 2 3 36 300
6 78 60 69 -6 0 4 0.01 M M 14.6 29 340 M M 7 1 43 330
7 76 53 65 -10 0 0 0.04 M M 1.9 13 150 M M 3 12 18 140
8 82 53 68 -6 0 3 0.25 M M 4.2 20 290 M M 3 13 32 290
9 82 62 72 -2 0 7 0.00 M M 3.9 14 40 M M 1 20 300
10 90 56 73 -1 0 8 0.00 M M 5.0 18 180 M M 0 12 26 180
11 93 61 77 3 0 12 T M M 4.8 14 30 M M 0 3 22 40
12 85 59 72 -2 0 7 0.22 M M 5.7 17 150 M M 1 13 27 180
13 73 57 65 -9 0 0 0.01 M M 8.5 23 340 M M 5 3 34 330
14 79 53 66 -8 0 1 0.00 M M 9.9 21 340 M M 1 34 340
15 87 48 68 -5 0 3 0.00 M M 3.8 12 220 M M 0 18 220
16 96 57 77 4 0 12 0.00 M M 8.2 21 200 M M 0 31 200
17 84 58 71 -2 0 6 0.00 M M 5.4 12 320 M M 0 8 18 330
18 93 61 77 4 0 12 0.00 M M 13.0 26 190 M M 0 40 180
19 98 68 83 10 0 18 T M M 7.3 15 20 M M 0 23 20
20 92 69 81 9 0 16 0.00 M M 9.3 16 360 M M 3 1 23 360
21 101 68 85 13 0 20 0.00 M M 9.2 23 190 M M 2 128 34 190
22 102 65 84 12 0 19 0.00 M M 10.1 24 180 M M 0 38 170
23 102 69 86 14 0 21 0.00 M M 6.8 18 200 M M 0 8 31 190
24 100 67 84 12 0 19 0.00 M M 5.6 15 200 M M 0 8 21 190
25 90 66 78 7 0 13 0.01 M M 9.8 26 360 M M 3 3 39 350
26 81 54 68 -3 0 3 0.00 M M 5.4 14 30 M M 1 22 350
27 88 48 68 -3 0 3 0.00 M M 3.3 9 200 M M 0 18 14 150
28 84 56 70 0 0 5 0.01 M M 3.6 17 300 M M 3 8 25 290
29 88 52 70 0 0 5 0.00 M M 4.0 14 330 M M 0 22 360
30 90 51 71 1 0 6 0.00 M M 7.2 20 150 M M 0 18 30 150
31 91 64 78 8 0 13 0.00 M M 12.6 22 150 M M 0 33 180
================================================================================
SM 2731 1877 0 297 1.05 M 216.3 M 57
================================================================================
AV 88.1 60.5 7.0 FASTST M M 2 MAX(MPH)
MISC ----> 29 340 43 330
================================================================================
NOTES:
# LAST OF SEVERAL OCCURRENCES
COLUMN 17 PEAK WIND IN M.P.H.
PRELIMINARY LOCAL CLIMATOLOGICAL DATA (WS FORM: F-6) , PAGE 2
STATION: BROKEN BOW
MONTH: AUGUST
YEAR: 2023
LATITUDE: 41 26 N
LONGITUDE: 99 39 W
[TEMPERATURE DATA] [PRECIPITATION DATA] SYMBOLS USED IN COLUMN 16
AVERAGE MONTHLY: 74.3 TOTAL FOR MONTH: 1.05 1 = FOG OR MIST
DPTR FM NORMAL: 1.4 DPTR FM NORMAL: -1.52 2 = FOG REDUCING VISIBILITY
HIGHEST: 102 ON 23,22 GRTST 24HR 0.45 ON 2- 3 TO 1/4 MILE OR LESS
LOWEST: 48 ON 27,15 3 = THUNDER
SNOW, ICE PELLETS, HAIL 4 = ICE PELLETS
TOTAL MONTH: M 5 = HAIL
GRTST 24HR M ON M 6 = FREEZING RAIN OR DRIZZLE
GRTST DEPTH: M ON M 7 = DUSTSTORM OR SANDSTORM:
VSBY 1/2 MILE OR LESS
8 = SMOKE OR HAZE
[NO. OF DAYS WITH] [WEATHER - DAYS WITH] 9 = BLOWING SNOW
X = TORNADO
MAX 32 OR BELOW: 0 0.01 INCH OR MORE: 10
MAX 90 OR ABOVE: 13 0.10 INCH OR MORE: 3
MIN 32 OR BELOW: 0 0.50 INCH OR MORE: 0
MIN 0 OR BELOW: 0 1.00 INCH OR MORE: 0
[HDD (BASE 65) ]
TOTAL THIS MO. 0 CLEAR (SCALE 0-3) 22
DPTR FM NORMAL -9 PTCLDY (SCALE 4-7) 9
TOTAL FM JUL 1 9 CLOUDY (SCALE 8-10) 0
DPTR FM NORMAL 2
[CDD (BASE 65) ]
TOTAL THIS MO. 297
DPTR FM NORMAL 44 [PRESSURE DATA]
TOTAL FM JAN 1 795 HIGHEST SLP 30.21 ON 26
DPTR FM NORMAL -15 LOWEST SLP 29.65 ON 10
[REMARKS]
#FINAL-08-23#