000
CXUS53 KLBF 011342
CLMBBW
CLIMATE REPORT
NATIONAL WEATHER SERVICE NORTH PLATTE NE
742 AM CST THU FEB 01 2024
...................................
...THE BROKEN BOW CLIMATE SUMMARY FOR THE MONTH OF JANUARY 2024...
CLIMATE NORMAL PERIOD 1991 TO 2020
CLIMATE RECORD PERIOD 1894 TO 2024
WEATHER OBSERVED NORMAL DEPART LAST YEAR`S
VALUE DATE(S) VALUE FROM VALUE DATE(S)
NORMAL
................................................................
TEMPERATURE (F)
RECORD
HIGH 78 01/25/1896
LOW -42 01/23/1915
HIGHEST 64 01/31 59 5 46 01/09
LOWEST -18 01/14 -15 -3 -11 01/30
AVG. MAXIMUM 30.7 38.2 -7.5 32.8
AVG. MINIMUM 10.3 14.9 -4.6 14.8
MEAN 20.5 26.5 -6.0 23.8
DAYS MAX >= 90 0 0.0 0.0 0
DAYS MAX <= 32 16 10.8 5.2 13
DAYS MIN <= 32 30 30.2 -0.2 30
DAYS MIN <= 0 7 3.9 3.1 4
PRECIPITATION (INCHES)
RECORD
MAXIMUM 2.44 2023
MINIMUM 0.00 1981
TOTALS 0.11 0.35 -0.24 2.44
DAILY AVG. 0.00 0.01 -0.01 0.08
DAYS >= .01 4 3.2 0.8 6
DAYS >= .10 0 0.8 -0.8 2
DAYS >= .50 0 0.0 0.0 2
DAYS >= 1.00 0 0.0 0.0 1
GREATEST
24 HR. TOTAL 0.06 01/05 TO 01/05 1.46 01/18 TO 01/18
SNOWFALL (INCHES)
TOTALS MM
SINCE 7/1 MM
SNOWDEPTH AVG. MM
DAYS >= TRACE MM
DAYS >= 1.0 MM
GREATEST
SNOW DEPTH MM
DEGREE DAYS
HEATING TOTAL 1373 1192 181 1268
SINCE 7/1 3567 3726 -159 MM
COOLING TOTAL 0 0 0 0
SINCE 1/1 0 0 0 MM
................................................................
WIND (MPH)
AVERAGE WIND SPEED 8.9
HIGHEST WIND SPEED/DIRECTION 35/340 DATE 01/08
35/330 01/13
35/330 01/18
HIGHEST GUST SPEED/DIRECTION 49/340 DATE 01/08
AVERAGE RH (PERCENT) 79
WEATHER CONDITIONS. NUMBER OF DAYS WITH
THUNDERSTORM 0 MIXED PRECIP 0
HEAVY RAIN 0 RAIN 0
LIGHT RAIN 0 FREEZING RAIN 0
LT FREEZING RAIN 1 HAIL 0
HEAVY SNOW 2 SNOW 4
LIGHT SNOW 10 SLEET 0
FOG 18 FOG W/VIS <= 1/4 MILE 9
HAZE 5
- INDICATES NEGATIVE NUMBERS.
R INDICATES RECORD WAS SET OR TIED.
MM INDICATES DATA IS MISSING.
T INDICATES TRACE AMOUNT.
$$