000
CXUS55 KBOU 010900
CF6BDU
PRELIMINARY LOCAL CLIMATOLOGICAL DATA (WS FORM: F-6)
STATION: BOULDER AIRPORT
MONTH: MARCH
YEAR: 2023
LATITUDE: 40 2 N
LONGITUDE: 105 14 W
TEMPERATURE IN F: :PCPN: SNOW: WIND :SUNSHINE: SKY :PK WND
================================================================================
1 2 3 4 5 6A 6B 7 8 9 10 11 12 13 14 15 16 17 18
12Z AVG MX 2MIN
DY MAX MIN AVG DEP HDD CDD WTR SNW DPTH SPD SPD DIR MIN PSBL S-S WX SPD DR
================================================================================
1 34 23 29 M 36 0 M M M 5.7 15 250 M M 5 18 250
2 50 21 36 M 29 0 M M M 3.0 10 360 M M 0 21 320
3 46 28 37 M 28 0 M M M 3.5 13 290 M M 5 17 30
4 39 25 32 M 33 0 M M M 3.5 8 360 M M 5 1 M M
5 54 21 38 M 27 0 M M M 6.4 15 260 M M 1 28 240
6 45 23 34 M 31 0 M M M 4.4 12 110 M M 3 M M
7 34 28 31 M 34 0 M M M 4.1 9 350 M M 9 1 M M
8 36 30 33 M 32 0 M M M 2.9 7 340 M M 10 1 M M
9 54 28 41 M 24 0 M M M 9.4 25 260 M M 2 1 33 270
10 61 28 45 M 20 0 M M M 4.8 20 260 M M 4 1 35 110
11 57 34 46 M 19 0 M M M 6.5 21 280 M M 2 28 200
12 41 25 33 M 32 0 M M M 3.0 7 20 M M 8 M M
13 52 25 39 M 26 0 M M M 2.7 7 320 M M 1 M M
14 63 32 48 M 17 0 M M M 3.9 8 40 M M 0 M M
15 70 39 55 M 10 0 M M M 8.0 16 250 M M 4 29 250
16 41 28 35 M 30 0 M M M 5.7 13 50 M M 10 24 150
17 43 21 32 M 33 0 M M M 3.5 8 90 M M 2 M M
18 46 19 33 M 32 0 M M M 3.3 8 120 M M 1 M M
19 55 21 38 M 27 0 M M M 5.2 16 230 M M 0 24 230
20 55 34 45 M 20 0 M M M 3.5 9 150 M M 6 9 350
21 55 32 44 M 21 0 M M M 8.0 27 260 M M 2 35 260
22 41 30 36 M 29 0 M M M 3.8 9 350 M M 7 M M
23 52 28 40 M 25 0 M M M 3.4 9 20 M M 6 1 17 180
24 54 28 41 M 24 0 M M M 3.6 12 270 M M 5 22 270
25 39 27 33 M 32 0 M M M 10.4 25 260 M M 3 39 260
26 41 21 31 M 34 0 M M M 4.5 10 50 M M 5 18 210
27 34 25 30 M 35 0 M M M 5.9 20 270 M M 6 25 300
28 46 18 32 M 33 0 M M M 3.7 12 20 M M 0 M M
29 48 30 39 M 26 0 M M M 2.7 8 60 M M 1 M M
30 63 28 46 M 19 0 M M M 8.8 28 250 M M 4 18 41 270
31 50 36 43 M 22 0 M M M 15.2 41 270 M M 2 66 270
================================================================================
SM 1499 836 840 0 M M 163.2 M 119
================================================================================
AV 48.4 27.0 5.3 FASTST M M 4 MAX(MPH)
MISC ----> 41 270 66 270
================================================================================
NOTES:
# LAST OF SEVERAL OCCURRENCES
COLUMN 17 PEAK WIND IN M.P.H.
PRELIMINARY LOCAL CLIMATOLOGICAL DATA (WS FORM: F-6) , PAGE 2
STATION: BOULDER AIRPORT
MONTH: MARCH
YEAR: 2023
LATITUDE: 40 2 N
LONGITUDE: 105 14 W
[TEMPERATURE DATA] [PRECIPITATION DATA] SYMBOLS USED IN COLUMN 16
AVERAGE MONTHLY: 37.7 TOTAL FOR MONTH: M 1 = FOG OR MIST
DPTR FM NORMAL: 0.0 DPTR FM NORMAL: M 2 = FOG REDUCING VISIBILITY
HIGHEST: 70 ON 15 GRTST 24HR M ON M TO 1/4 MILE OR LESS
LOWEST: 18 ON 28 3 = THUNDER
SNOW, ICE PELLETS, HAIL 4 = ICE PELLETS
TOTAL MONTH: M 5 = HAIL
GRTST 24HR M ON M 6 = FREEZING RAIN OR DRIZZLE
GRTST DEPTH: M ON M 7 = DUSTSTORM OR SANDSTORM:
VSBY 1/2 MILE OR LESS
8 = SMOKE OR HAZE
[NO. OF DAYS WITH] [WEATHER - DAYS WITH] 9 = BLOWING SNOW
X = TORNADO
MAX 32 OR BELOW: 0 0.01 INCH OR MORE: 0
MAX 90 OR ABOVE: 0 0.10 INCH OR MORE: 0
MIN 32 OR BELOW: 27 0.50 INCH OR MORE: 0
MIN 0 OR BELOW: 0 1.00 INCH OR MORE: 0
[HDD (BASE 65) ]
TOTAL THIS MO. 840 CLEAR (SCALE 0-3) 15
DPTR FM NORMAL M PTCLDY (SCALE 4-7) 13
TOTAL FM JUL 1 5044 CLOUDY (SCALE 8-10) 3
DPTR FM NORMAL M
[CDD (BASE 65) ]
TOTAL THIS MO. 0
DPTR FM NORMAL M [PRESSURE DATA]
TOTAL FM JAN 1 0 HIGHEST SLP M ON M
DPTR FM NORMAL M LOWEST SLP M ON M
[REMARKS]
#FINAL-03-23#