000
CXAK56 PAFC 050328
CF6BET
PRELIMINARY LOCAL CLIMATOLOGICAL DATA (WS FORM: F-6)
STATION: BETHEL
MONTH: AUGUST
YEAR: 2020
LATITUDE: 60 46 N
LONGITUDE: 161 48 W
TEMPERATURE IN F: :PCPN: SNOW: WIND :SUNSHINE: SKY :PK WND
================================================================================
1 2 3 4 5 6A 6B 7 8 9 10 11 12 13 14 15 16 17 18
12Z AVG MX 2MIN
DY MAX MIN AVG DEP HDD CDD WTR SNW DPTH SPD SPD DIR MIN PSBL S-S WX SPD DR
================================================================================
1 70 48 59 4 6 0 0.00 M M 4.4 12 60 M M 5 128 15 40
2 69 50 60 5 5 0 0.05 M M 5.5 14 230 M M 6 1 16 210
3 69 50 60 5 5 0 T M M 5.3 14 270 M M 8 16 270
4 59 49 54 -1 11 0 T M M 6.5 12 290 M M 8 1 15 280
5 61 45 53 -2 12 0 0.49 M M 4.9 13 90 M M 8 1 16 90
6 67 51 59 4 6 0 0.16 M M 5.3 10 220 M M 8 1 14 50
7 58 45 52 -2 13 0 0.42 M M 10.7 20 270 M M 9 1 25 270
8 60 45 53 -1 12 0 T M M 5.6 16 230 M M 7 19 220
9 61 43 52 -2 13 0 0.03 M M 6.9 13 190 M M 8 1 17 210
10 60 48 54 0 11 0 0.24 M M 5.8 14 220 M M 9 18 17 220
11 66 44 55 1 10 0 0.00 M M 5.6 13 40 M M 5 128 16 40
12 70 45 58 4 7 0 0.00 M M 5.6 10 90 M M 1 12 13 90
13 74 46 60 6 5 0 0.00 M M 8.5 16 10 M M 0 21 10
14 69 49 59 5 6 0 0.00 M M 13.4 23 320 M M 0 8 29 310
15 62 47 55 1 10 0 0.00 M M 14.2 18 320 M M 3 8 24 330
16 72 46 59 5 6 0 T M M 7.6 16 320 M M 5 12 20 330
17 75 43 59 5 6 0 T M M 5.8 16 240 M M 2 128 20 240
18 75 45 60 6 5 0 T M M 5.0 13 280 M M 2 12 17 280
19 72 53 63 10 2 0 0.00 M M 10.1 18 300 M M 1 8 23 290
20 59 51 55 2 10 0 0.00 M M 8.0 15 330 M M 8 18 19 330
21 57 51 54 1 11 0 0.02 M M 5.4 12 360 M M 10 1 15 360
22 57 48 53 0 12 0 0.09 M M 9.5 21 180 M M 10 1 24 180
23 58 50 54 1 11 0 0.04 M M 8.7 17 200 M M 10 1 20 200
24 59 49 54 1 11 0 0.33 M M 7.5 14 260 M M 9 18 18 250
25 57 46 52 0 13 0 0.08 M M 7.8 18 180 M M 8 1 23 180
26 63 44 54 2 11 0 T M M 5.2 9 320 M M 7 128 12 70
27 62 46 54 2 11 0 0.06 M M 9.9 18 300 M M 5 1 24 320
28 61 45 53 1 12 0 0.00 M M 5.8 10 300 M M 8 14 300
29 64 40 52 0 13 0 T M M 9.3 21 80 M M 5 12 26 70
30 57 48 53 1 12 0 0.17 M M 12.9 25 50 M M 9 18 33 40
31 60 48 54 3 11 0 0.05 M M 9.6 18 300 M M 10 1 23 300
================================================================================
SM 1983 1458 289 0 2.23 M 236.3 M 194
================================================================================
AV 64.0 47.0 7.6 FASTST M M 6 MAX(MPH)
MISC ----> 25 50 33 40
================================================================================
NOTES:
# LAST OF SEVERAL OCCURRENCES
COLUMN 17 PEAK WIND IN M.P.H.
PRELIMINARY LOCAL CLIMATOLOGICAL DATA (WS FORM: F-6) , PAGE 2
STATION: BETHEL
MONTH: AUGUST
YEAR: 2020
LATITUDE: 60 46 N
LONGITUDE: 161 48 W
[TEMPERATURE DATA] [PRECIPITATION DATA] SYMBOLS USED IN COLUMN 16
AVERAGE MONTHLY: 55.5 TOTAL FOR MONTH: 2.23 1 = FOG OR MIST
DPTR FM NORMAL: 2.0 DPTR FM NORMAL: -1.02 2 = FOG REDUCING VISIBILITY
HIGHEST: 75 ON 18,17 GRTST 24HR 0.55 ON 5- 6 TO 1/4 MILE OR LESS
LOWEST: 40 ON 29 3 = THUNDER
SNOW, ICE PELLETS, HAIL 4 = ICE PELLETS
TOTAL MONTH: M 5 = HAIL
GRTST 24HR M ON M 6 = FREEZING RAIN OR DRIZZLE
GRTST DEPTH: M ON M 7 = DUSTSTORM OR SANDSTORM:
VSBY 1/2 MILE OR LESS
8 = SMOKE OR HAZE
[NO. OF DAYS WITH] [WEATHER - DAYS WITH] 9 = BLOWING SNOW
X = TORNADO
MAX 32 OR BELOW: 0 0.01 INCH OR MORE: 14
MAX 90 OR ABOVE: 0 0.10 INCH OR MORE: 6
MIN 32 OR BELOW: 0 0.50 INCH OR MORE: 0
MIN 0 OR BELOW: 0 1.00 INCH OR MORE: 0
[HDD (BASE 65) ]
TOTAL THIS MO. 289 CLEAR (SCALE 0-3) 6
DPTR FM NORMAL -69 PTCLDY (SCALE 4-7) 15
TOTAL FM JUL 1 546 CLOUDY (SCALE 8-10) 10
DPTR FM NORMAL -90
[CDD (BASE 65) ]
TOTAL THIS MO. 0
DPTR FM NORMAL -1 [PRESSURE DATA]
TOTAL FM JAN 1 3 HIGHEST SLP 30.17 ON 15
DPTR FM NORMAL -1 LOWEST SLP 28.63 ON 30
[REMARKS]
#FINAL-08-20#