000
CXUS51 KCTP 010900
CF6BFD
PRELIMINARY LOCAL CLIMATOLOGICAL DATA (WS FORM: F-6)
STATION: BRADFORD
MONTH: FEBRUARY
YEAR: 2021
LATITUDE: 41 47 N
LONGITUDE: 78 38 W
TEMPERATURE IN F: :PCPN: SNOW: WIND :SUNSHINE: SKY :PK WND
================================================================================
1 2 3 4 5 6A 6B 7 8 9 10 11 12 13 14 15 16 17 18
12Z AVG MX 2MIN
DY MAX MIN AVG DEP HDD CDD WTR SNW DPTH SPD SPD DIR MIN PSBL S-S WX SPD DR
================================================================================
1 33 23 28 6 37 0 0.05 M M 8.2 14 100 M M 10 8 20 30
2 27 20 24 2 41 0 T M M 13.3 22 330 M M 10 8 29 330
3 32 21 27 5 38 0 T M M 15.0 24 330 M M 5 8 33 320
4 40 18 29 7 36 0 0.04 M M 7.1 18 190 M M 3 30 190
5 37 24 31 9 34 0 0.06 M M 12.0 23 230 M M 10 8 40 210
6 28 5 17 -5 48 0 T M M 8.6 24 270 M M 2 8 35 280
7 28 6 17 -5 48 0 T M M 9.1 21 320 M M 7 8 25 300
8 21 0 11 -12 54 0 0.01 M M 3.6 10 200 M M 9 8 16 210
9 29 20 25 2 40 0 0.05 M M 4.6 15 310 M M 10 8 19 310
10 25 10 18 -5 47 0 0.03 M M 2.5 13 300 M M 9 8 16 310
11 27 16 22 -1 43 0 T M M 5.7 13 350 M M 5 8 15 20
12 22 8 15 -8 50 0 0.00 M M 4.3 13 140 M M 8 16 140
13 23 11 17 -6 48 0 T M M 7.6 15 110 M M 6 168 18 110
14 26 20 23 0 42 0 T M M 5.1 14 320 M M 7 8 18 320
15 29 20 25 1 40 0 0.40 M M 5.2 17 110 M M 10 8 22 90
16 37 15 26 2 39 0 0.22 M M 10.5 21 280 M M 10 168 29 270
17 25 -1 12 -12 53 0 T M M 2.8 17 320 M M 6 8 23 320
18 24 20 22 -2 43 0 0.02 M M 8.6 18 120 M M 10 8 24 120
19 28 19 24 0 41 0 T M M 6.7 16 290 M M 10 8 21 310
20 22 14 18 -6 47 0 T M M 8.6 18 300 M M 10 8 26 300
21 32 2 17 -8 48 0 T M M 5.8 13 150 M M 2 18 21 160
22 36 26 31 6 34 0 0.21 M M 10.7 24 280 M M 10 68 31 280
23 37 29 33 8 32 0 0.04 M M 11.1 24 280 M M 10 8 35 290
24 56 22 39 14 26 0 0.02 M M 9.5 26 300 M M 5 18 35 300
25 36 21 29 4 36 0 0.00 M M 11.1 25 320 M M 4 33 330
26 36 16 26 0 39 0 T M M 5.9 15 150 M M 3 18 21 160
27 43 27 35 9 30 0 0.09 M M 8.9 20 150 M M 7 18 32 160
28 40 26 33 7 32 0 0.10 M M 10.3 20 140 M M 7 1 31 140
================================================================================
SM 879 458 1146 0 1.34 M 222.4 M 205
================================================================================
AV 31.4 16.4 7.9 FASTST M M 7 MAX(MPH)
MISC ----> 26 300 40 210
================================================================================
NOTES:
# LAST OF SEVERAL OCCURRENCES
COLUMN 17 PEAK WIND IN M.P.H.
PRELIMINARY LOCAL CLIMATOLOGICAL DATA (WS FORM: F-6) , PAGE 2
STATION: BRADFORD
MONTH: FEBRUARY
YEAR: 2021
LATITUDE: 41 47 N
LONGITUDE: 78 38 W
[TEMPERATURE DATA] [PRECIPITATION DATA] SYMBOLS USED IN COLUMN 16
AVERAGE MONTHLY: 23.9 TOTAL FOR MONTH: 1.34 1 = FOG OR MIST
DPTR FM NORMAL: 0.3 DPTR FM NORMAL: -1.01 2 = FOG REDUCING VISIBILITY
HIGHEST: 56 ON 24 GRTST 24HR 0.61 ON 15-16 TO 1/4 MILE OR LESS
LOWEST: -1 ON 17 3 = THUNDER
SNOW, ICE PELLETS, HAIL 4 = ICE PELLETS
TOTAL MONTH: M 5 = HAIL
GRTST 24HR M ON M 6 = FREEZING RAIN OR DRIZZLE
GRTST DEPTH: M ON M 7 = DUSTSTORM OR SANDSTORM:
VSBY 1/2 MILE OR LESS
8 = SMOKE OR HAZE
[NO. OF DAYS WITH] [WEATHER - DAYS WITH] 9 = BLOWING SNOW
X = TORNADO
MAX 32 OR BELOW: 17 0.01 INCH OR MORE: 14
MAX 90 OR ABOVE: 0 0.10 INCH OR MORE: 4
MIN 32 OR BELOW: 28 0.50 INCH OR MORE: 0
MIN 0 OR BELOW: 2 1.00 INCH OR MORE: 0
[HDD (BASE 65) ]
TOTAL THIS MO. 1146 CLEAR (SCALE 0-3) 4
DPTR FM NORMAL -13 PTCLDY (SCALE 4-7) 10
TOTAL FM JUL 1 4751 CLOUDY (SCALE 8-10) 14
DPTR FM NORMAL -662
[CDD (BASE 65) ]
TOTAL THIS MO. 0
DPTR FM NORMAL 0 [PRESSURE DATA]
TOTAL FM JAN 1 0 HIGHEST SLP 30.55 ON 21
DPTR FM NORMAL 0 LOWEST SLP 29.42 ON 5
[REMARKS]
#FINAL-02-21#