000
CXUS51 KCTP 010858
CLSBFD
CLIMATE REPORT
NATIONAL WEATHER SERVICE STATE COLLEGE PA
358 AM EST FRI DEC 01 2023
...................................
...THE BRADFORD CLIMATE SUMMARY FOR THE SEASON, FROM
9/1/2023 TO 11/30/2023...
CLIMATE NORMAL PERIOD 1991 TO 2020
CLIMATE RECORD PERIOD 1957 TO 2023
WEATHER OBSERVED NORMAL DEPART LAST YEAR`S
VALUE DATE(S) VALUE FROM VALUE DATE(S)
NORMAL
................................................................
TEMPERATURE (F)
RECORD
HIGH 90 09/03/2011
LOW -2 11/30/1976
HIGHEST 88 09/04 80 09/03
LOWEST 16 11/29 15 11/21
AVG. MAXIMUM 60.3 58.1 2.2 59.8
AVG. MINIMUM 41.4 38.6 2.8 39.7
MEAN 50.8 48.4 2.4 49.8
DAYS MAX >= 90 0 0.0 0.0 0
DAYS MAX <= 32 2 4.4 -2.4 5
DAYS MIN <= 32 24 32.4 -8.4 28
DAYS MIN <= 0 0 0.0 0.0 0
PRECIPITATION (INCHES)
RECORD
MAXIMUM 17.08 1970
MINIMUM 4.03 1964
TOTALS 6.30 10.84 -4.54 10.69
DAILY AVG. 0.07 0.12 -0.05 0.12
DAYS >= .01 31 40.9 -9.9 32
DAYS >= .10 16 22.6 -6.6 19
DAYS >= .50 5 6.8 -1.8 7
DAYS >= 1.00 0 1.8 -1.8 2
GREATEST
24 HR. TOTAL 0.77 11/21 TO 11/22 2.34 11/11 TO 11/12
STORM TOTAL 0.77 2.31
(MM/DD(HH)) 11/21(0) TOMM1/22(23)
DEGREE DAYS
HEATING TOTAL 1332 1544 -212 1395
SINCE 7/1 1363 1647 -284 MM
COOLING TOTAL 69 28 41 31
SINCE 1/1 355 282 73 MM
FREEZE DATES
RECORD
EARLIEST 08/05/1972
LATEST 06/30/1961
EARLIEST 10/23
LATEST 05/26
................................................................
WIND (MPH)
AVERAGE WIND SPEED 6.0
RESULTANT WIND SPEED/DIRECTION 1/260
HIGHEST WIND SPEED/DIRECTION 24/310 DATE 10/22
24/300 11/19
HIGHEST GUST SPEED/DIRECTION 37/150 DATE 11/21
SKY COVER
POSSIBLE SUNSHINE (PERCENT) MM
AVERAGE SKY COVER 0.56
NUMBER OF DAYS FAIR 31
NUMBER OF DAYS PC 22
NUMBER OF DAYS CLOUDY 38
AVERAGE RH (PERCENT) 68
WEATHER CONDITIONS. NUMBER OF DAYS WITH
THUNDERSTORM 2 MIXED PRECIP 0
HEAVY RAIN 10 RAIN 15
LIGHT RAIN 40 FREEZING RAIN 1
LT FREEZING RAIN 1 HAIL 0
HEAVY SNOW 1 SNOW 1
LIGHT SNOW 8 SLEET 0
FOG 57 FOG W/VIS <= 1/4 MILE 13
HAZE 19
- INDICATES NEGATIVE NUMBERS.
R INDICATES RECORD WAS SET OR TIED.
MM INDICATES DATA IS MISSING.
T INDICATES TRACE AMOUNT.
$$