000
CXUS55 KCYS 011610
CF6BFF
PRELIMINARY LOCAL CLIMATOLOGICAL DATA (WS FORM: F-6)
STATION: SCOTTSBLUFF NE AIRPORT
MONTH: JUNE
YEAR: 2023
LATITUDE: 41 52 N
LONGITUDE: 103 36 W
TEMPERATURE IN F: :PCPN: SNOW: WIND :SUNSHINE: SKY :PK WND
================================================================================
1 2 3 4 5 6A 6B 7 8 9 10 11 12 13 14 15 16 17 18
12Z AVG MX 2MIN
DY MAX MIN AVG DEP HDD CDD WTR SNW DPTH SPD SPD DIR MIN PSBL S-S WX SPD DR
================================================================================
1 72 54 63 -1 2 0 0.16 0.0 0 7.7 29 220 M M 4 13 42 220
2 75 50 63 -1 2 0 0.07 0.0 0 7.3 24 120 M M 5 123 32 120
3 71 53 62 -3 3 0 0.03 0.0 0 6.9 14 140 M M 5 1 22 110
4 77 57 67 2 0 2 0.00 0.0 0 8.8 24 130 M M 5 1 31 130
5 79 52 66 0 0 1 0.00 0.0 0 9.2 20 140 M M 1 29 160
6 82 55 69 3 0 4 0.00 0.0 0 10.8 20 150 M M 0 29 140
7 84 59 72 6 0 7 0.00 0.0 0 8.6 17 120 M M 0 24 110
8 83 55 69 2 0 4 0.61 0.0 0 5.9 21 290 M M 2 3 31 290
9 84 53 69 2 0 4 0.38 0.0 0 7.2 37 310 M M 2 13 55 280
10 78 55 67 0 0 2 0.16 0.0 0 8.8 22 10 M M 3 13 29 10
11 68 57 63 -5 2 0 0.17 0.0 0 7.1 14 100 M M 9 18 19 110
12 68 54 61 -7 4 0 0.48 0.0 0 10.3 23 170 M M 9 1238 38 180
13 76 52 64 -4 1 0 0.00 0.0 0 2.6 9 150 M M 3 12 13 160
14 83 49 66 -2 0 1 0.02 0.0 0 4.7 22 260 M M 2 3 31 260
15 80 56 68 -1 0 3 0.74 0.0 0 9.0 20 360 M M 4 13 27 350
16 67 52 60 -9 5 0 0.08 0.0 0 6.7 17 30 M M 8 1 24 30
17 77 49 63 -6 2 0 0.00 0.0 0 3.2 12 270 M M 1 1 18 260
18 88 49 69 -1 0 4 0.00 0.0 0 5.8 16 250 M M 0 3 22 200
19 93 61 77 7 0 12 0.00 0.0 0 8.3 18 150 M M 0 26 160
20 91 63 77 7 0 12 0.00 0.0 0 8.5 17 130 M M 0 23 130
21 84 63 74 4 0 9 0.25 0.0 0 9.2 25 90 M M 7 13 30 100
22 82 60 71 0 0 6 0.05 0.0 0 8.5 30 340 M M 4 3 51 320
23 82 60 71 0 0 6 1.03 0.0 0 8.4 24 340 M M 7 135X 34 30
24 76 52 64 -7 1 0 0.00 0.0 0 12.6 35 310 M M 0 47 320
25 81 49 65 -7 0 0 0.00 0.0 0 5.2 10 110 M M 0 15 100
26 83 57 70 -2 0 5 T 0.0 0 15.4 35 170 M M 2 3 48 170
27 87 62 75 3 0 10 0.00 0.0 0 10.9 21 20 M M 3 30 130
28 84 54 69 -3 0 4 T 0.0 0 6.8 24 30 M M 1 3 33 40
29 84 55 70 -3 0 5 0.41 0.0 0 6.5 28 320 M M 5 13 41 320
30 75 55 65 -8 0 0 0.11 0.0 0 4.8 17 320 M M 3 13 26 310
================================================================================
SM 2394 1652 22 101 4.75 0.0 235.7 M 95
================================================================================
AV 79.8 55.1 7.9 FASTST M M 3 MAX(MPH)
MISC ----> 37 310 55 280
================================================================================
NOTES:
# LAST OF SEVERAL OCCURRENCES
COLUMN 17 PEAK WIND IN M.P.H.
PRELIMINARY LOCAL CLIMATOLOGICAL DATA (WS FORM: F-6) , PAGE 2
STATION: SCOTTSBLUFF NE AIRPORT
MONTH: JUNE
YEAR: 2023
LATITUDE: 41 52 N
LONGITUDE: 103 36 W
[TEMPERATURE DATA] [PRECIPITATION DATA] SYMBOLS USED IN COLUMN 16
AVERAGE MONTHLY: 67.4 TOTAL FOR MONTH: 4.75 1 = FOG OR MIST
DPTR FM NORMAL: -1.3 DPTR FM NORMAL: 2.21 2 = FOG REDUCING VISIBILITY
HIGHEST: 93 ON 19 GRTST 24HR 1.04 ON 31- 1 TO 1/4 MILE OR LESS
LOWEST: 49 ON 25,18 3 = THUNDER
SNOW, ICE PELLETS, HAIL 4 = ICE PELLETS
TOTAL MONTH: 0.0 INCH 5 = HAIL
GRTST 24HR 0.0 6 = FREEZING RAIN OR DRIZZLE
GRTST DEPTH: 0 7 = DUSTSTORM OR SANDSTORM:
VSBY 1/2 MILE OR LESS
8 = SMOKE OR HAZE
[NO. OF DAYS WITH] [WEATHER - DAYS WITH] 9 = BLOWING SNOW
X = TORNADO
MAX 32 OR BELOW: 0 0.01 INCH OR MORE: 16
MAX 90 OR ABOVE: 2 0.10 INCH OR MORE: 11
MIN 32 OR BELOW: 0 0.50 INCH OR MORE: 3
MIN 0 OR BELOW: 0 1.00 INCH OR MORE: 1
[HDD (BASE 65) ]
TOTAL THIS MO. 22 CLEAR (SCALE 0-3) 15
DPTR FM NORMAL -22 PTCLDY (SCALE 4-7) 12
TOTAL FM JUL 1 6560 CLOUDY (SCALE 8-10) 3
DPTR FM NORMAL 248
[CDD (BASE 65) ]
TOTAL THIS MO. 101
DPTR FM NORMAL -56 [PRESSURE DATA]
TOTAL FM JAN 1 124 HIGHEST SLP 30.11 ON 25
DPTR FM NORMAL -62 LOWEST SLP 29.55 ON 19
[REMARKS]
#FINAL-06-23#