000
CXUS51 KCAR 040617
CLMBGR
CLIMATE REPORT
NATIONAL WEATHER SERVICE CARIBOU ME
210 AM EDT WED OCT 04 2023
...................................
...THE BANGOR ME CLIMATE SUMMARY FOR THE MONTH OF SEPTEMBER 2023...
CLIMATE NORMAL PERIOD: 1991 TO 2020
CLIMATE RECORD PERIOD: 1925 TO 2023
WEATHER OBSERVED NORMAL DEPART LAST YEAR`S
VALUE DATE(S) VALUE FROM VALUE DATE(S)
NORMAL
................................................................
TEMPERATURE (F)
RECORD
HIGH 99 09/07/1945
LOW 23 09/29/2000
HIGHEST 91 09/05 MM MM 84 09/10
09/12
LOWEST 39 09/27 MM MM 34 09/30
AVG. MAXIMUM 74.1 71.0 3.1 70.3
AVG. MINIMUM 53.9 48.8 5.1 50.2
MEAN 64.0 59.9 4.1 60.2
DAYS MAX >= 90 1 0.4 0.6 0
DAYS MAX <= 32 0 0.0 0.0 0
DAYS MIN <= 32 0 0.7 -0.7 0
DAYS MIN <= 0 0 0.0 0.0 0
PRECIPITATION (INCHES)
RECORD
MAXIMUM 9.88 199
MINIMUM 0.64 1929
TOTALS 3.54 -0.22
DAILY AVG. 0.12 0.13 -0.01 0.16
DAYS >= .01 9 9.4 -0.4 10
DAYS >= .10 6 5.9 0.1 7
DAYS >= .50 2 2.3 -0.3 5
DAYS >= 1.00 1 1.0 0.0 1
GREATEST
24 HR. TOTAL 1.86 09/16 TO 09/16 1.70 09/22 TO 09/22
SNOWFALL (INCHES)
RECORDS
TOTAL MM MM
TOTALS 0.0 0.0 0.0 0.0
SINCE 7/1 0.0 0.0 0.0 MM
SNOWDEPTH AVG. 0 0
DAYS >= 1.0 0 0.0 0.0 0
GREATEST
SNOW DEPTH 0 0 MM
24 HR TOTAL MM MM
DEGREE DAYS
HEATING TOTAL 100 186 -86 167
SINCE 7/1 121 226 -105 MM
COOLING TOTAL 78 32 46 28
SINCE 1/1 472 378 94 MM
................................................................
WIND (MPH)
AVERAGE WIND SPEED 5.5
HIGHEST WIND SPEED/DIRECTION 40/340 DATE 09/16
HIGHEST GUST SPEED/DIRECTION 56/330 DATE 09/16
SKY COVER
POSSIBLE SUNSHINE (PERCENT) MM
AVERAGE SKY COVER 0.59
NUMBER OF DAYS FAIR 9
NUMBER OF DAYS PC 9
NUMBER OF DAYS CLOUDY 12
AVERAGE RH (PERCENT) 77
WEATHER CONDITIONS. NUMBER OF DAYS WITH
THUNDERSTORM 1 MIXED PRECIP 0
HEAVY RAIN 3 RAIN 2
LIGHT RAIN 10 FREEZING RAIN 0
LT FREEZING RAIN 0 HAIL 0
HEAVY SNOW 0 SNOW 0
LIGHT SNOW 0 SLEET 0
FOG 23 FOG W/VIS <= 1/4 MILE 10
HAZE 7
- INDICATES NEGATIVE NUMBERS.
* INDICATES RECORD WAS SET OR TIED.
MM INDICATES DATA IS MISSING.
T INDICATES TRACE AMOUNT.
---------------------------------------------------------------------
...NORTHERN/EASTERN MAINE SEPTEMBER 2023 CLIMATE MONTHLY SUMMARY...
SEPTEMBER 2023 WAS MUCH WARMER THAN NORMAL WITH ABOVE AVERAGE
PRECIPITATION ACROSS MOST OF THE REGION.
TEMPERATURES AVERAGED FROM 3.5 TO 4.5 DEGREES (F) ABOVE THE 1991-
2020 NORMALS. PRECIPITATION WAS ALSO ABOVE NORMAL ACROSS MOST OF
THE REGION.
IN CARIBOU IT WAS THE 4TH WARMEST SEPTEMBER ON RECORD. IN
MILLINOCKET IT WAS THE 3RD WARMEST, AND IN HOULTON THE 5TH WARMEST.
IN BANGOR IT TIED WITH 1933 AT THE 6TH WARMEST ON RECORD.
THE MONTH BEGAN AND ENDED WITH DRY WEATHER, BUT IT WAS WET MUCH OF
THE TIME FROM THE 7TH THROUGH THE 19TH. THE MOST SIGNIFICANT
WEATHER EVENT OF THE MONTH WAS THE RAIN AND WIND ASSOCIATED WITH
POST-TROPICAL CYCLONE LEE WHICH MADE LANDFALL IN NOVA SCOTIA.
RAINFALL AMOUNTS WERE THE HIGHEST ALONG THE COAST WITH REPORTS OF
4.4 INCHES OF RAIN NEAR SOUTHWEST HARBOR AND AS MUCH AS 6.25 INCHES
NEAR WHITING IN WASHINGTON COUNTY. THERE WERE SEVERAL REPORTS OF 4
TO 6 INCHES OF RAIN ACROSS COASTAL WASHINGTON COUNTY. FOR THE MONTH
AS A WHOLE PRECIPITATION RANGED FROM 125 TO 200 PERCENT OF NORMAL,
BUT IN PARTS OF SOUTHERN PENOBSCOT AND COASTAL HANCOCK COUNTY RANGED
FROM 90 TO 120 PERCENT OF NORMAL.
WIND GUSTS ASSOCIATED WITH LEE RANGED MOSTLY FROM 35 TO 55 MPH
INLAND AND FROM 45 TO 65 MPH ALONG THE COAST. THERE WAS A PEAK WIND
GUST REPORTED 6 MILES NORTH/NORTHWEST OF PERRY IN WASHINGTON COUNTY
OF 83 MPH.
ALSO OF NOTE, THERE WAS SMOKE EVIDENT ACROSS NORTHERN AND EASTERN
MAINE DURING THE LAST 4 DAYS OF THE MONTH FROM DISTANT FOREST FIRES
IN ALBERTA. THE SMOKE WAS DETECTABLE AT TIMES AT GROUND LEVEL,
ESPECIALLY SO FROM BAXTER STATE PARK SOUTH TO THE COAST.
THE CLIMATE PREDICTION CENTER`S OUTLOOK FOR THE MONTH OF OCTOBER
2023 INDICATES THAT THE ODDS ARE SLIGHTLY TILTED TOWARD ABOVE
AVERAGE TEMPERATURES AND BELOW AVERAGE PRECIPITATION.
AVERAGE HIGH TEMPERATURES ARE IN THE LOW TO MID 60S AT THE START OF
THE MONTH AND DROP TO THE MID 40S NORTH TO LOW 50S SOUTH BY THE END
OF THE MONTH. AVERAGE LOWS DROP FROM THE LOW 40S EARLY IN THE MONTH
TO THE LOW 30S BY THE END OF THE MONTH.
OCTOBER IS ON AVERAGE THE WETTEST MONTH OF THE YEAR IN BANGOR WITH
AN AVERAGE OF 4.58 INCHES OF RAIN. AVERAGE RAINFALL IS CLOSER TO 4
INCHES ACROSS FAR NORTHERN MAINE. SNOW IS POSSIBLE AT ANYTIME DURING
THE MONTH OF OCTOBER, BUT IS RARE DURING THE FIRST HALF OF THE
MONTH. THE CHANCE OF SNOW INCREASES DURING THE SECOND HALF OF THE
MONTH, AND ON AVERAGE MEASURABLE SNOW IS OBSERVED IN CARIBOU BY THE
END OF THE MONTH 60 PERCENT OF THE TIME, BUT ONLY ABOUT ONE OUT OF
TEN YEARS ALONG THE COAST. TYPICALLY THE FALL FOLIAGE PEAKS DURING
THE FIRST WEEK TO 10 DAYS OF THE MONTH ACROSS THE NORTH AND AROUND
THE MIDDLE OF THE MONTH DOWNEAST.
$$
CB/VJN