000
CXUS55 KBYZ 011000
CF6BIL
PRELIMINARY LOCAL CLIMATOLOGICAL DATA (WS FORM: F-6)
STATION: BILLINGS MT
MONTH: JUNE
YEAR: 2022
LATITUDE: 45 47 N
LONGITUDE: 108 32 W
TEMPERATURE IN F: :PCPN: SNOW: WIND :SUNSHINE: SKY :PK WND
================================================================================
1 2 3 4 5 6A 6B 7 8 9 10 11 12 13 14 15 16 17 18
12Z AVG MX 2MIN
DY MAX MIN AVG DEP HDD CDD WTR SNW DPTH SPD SPD DIR MIN PSBL S-S WX SPD DR
================================================================================
1 68 40 54 -7 11 0 0.00 0.0 0 6.3 14 240 M M 6 16 240
2 69 48 59 -2 6 0 0.00 0.0 0 4.9 14 100 M M 6 18 80
3 75 50 63 2 2 0 0.35 0.0 0 5.9 26 300 M M 7 13 31 300
4 72 48 60 -1 5 0 0.23 0.0 0 7.4 23 270 M M 7 13 32 270
5 77 54 66 4 0 1 0.19 0.0 0 6.9 30 280 M M 8 13 36 280
6 69 51 60 -2 5 0 0.02 0.0 0 9.4 26 350 M M 7 3 33 340
7 73 49 61 -1 4 0 0.00 0.0 0 11.0 22 320 M M 5 29 10
8 73 46 60 -2 5 0 T 0.0 0 3.9 18 310 M M 5 20 320
9 80 55 68 5 0 3 T 0.0 0 6.8 14 280 M M 7 19 280
10 83 58 71 8 0 6 0.03 0.0 0 7.5 21 20 M M 8 26 20
11 82 58 70 7 0 5 0.04 0.0 0 8.7 37 330 M M 7 13 45 340
12 65 56 61 -3 4 0 0.26 0.0 0 8.1 15 200 M M 9 1 18 200
13 70 48 59 -5 6 0 0.01 0.0 0 10.0 22 330 M M 8 27 320
14 66 44 55 -9 10 0 0.00 0.0 0 19.5 39 270 M M 6 48 290
15 74 53 64 0 1 0 0.00 0.0 0 23.9 41 260 M M 5 56 260
16 81 50 66 1 0 1 0.00 0.0 0 10.2 23 110 M M 2 28 140
17 93 53 73 8 0 8 0.00 0.0 0 7.9 20 120 M M 4 27 130
18 94 65 80 15 0 15 0.00 0.0 0 9.2 16 330 M M 5 24 330
19 68 53 61 -5 4 0 1.41 0.0 0 9.5 22 330 M M 9 13 35 340
20 69 50 60 -6 5 0 0.09 0.0 0 13.8 31 290 M M 7 1 38 290
21 75 52 64 -2 1 0 T 0.0 0 12.1 29 270 M M 5 38 37 260
22 85 50 68 2 0 3 0.00 0.0 0 7.6 16 250 M M 1 23 250
23 90 56 73 6 0 8 T 0.0 0 10.3 31 280 M M 3 3 40 280
24 68 50 59 -8 6 0 0.22 0.0 0 10.1 22 320 M M 7 13 27 310
25 69 46 58 -10 7 0 0.00 0.0 0 8.6 22 320 M M 3 29 320
26 76 46 61 -7 4 0 0.00 0.0 0 5.6 15 110 M M 1 18 140
27 85 52 69 1 0 4 0.00 0.0 0 6.5 13 110 M M 1 15 110
28 90 55 73 5 0 8 0.03 0.0 0 7.2 38 290 M M 4 3 48 290
29 88 62 75 6 0 10 T 0.0 0 8.5 28 250 M M 5 3 40 250
30 79 53 66 -3 0 1 0.00 0.0 0 6.1 18 70 M M 2 22 70
================================================================================
SM 2306 1551 86 73 2.88 0.0 273.4 M 160
================================================================================
AV 76.9 51.7 9.1 FASTST M M 5 MAX(MPH)
MISC ----> 41 260 56 260
================================================================================
NOTES:
# LAST OF SEVERAL OCCURRENCES
COLUMN 17 PEAK WIND IN M.P.H.
PRELIMINARY LOCAL CLIMATOLOGICAL DATA (WS FORM: F-6) , PAGE 2
STATION: BILLINGS MT
MONTH: JUNE
YEAR: 2022
LATITUDE: 45 47 N
LONGITUDE: 108 32 W
[TEMPERATURE DATA] [PRECIPITATION DATA] SYMBOLS USED IN COLUMN 16
AVERAGE MONTHLY: 64.3 TOTAL FOR MONTH: 2.88 1 = FOG OR MIST
DPTR FM NORMAL: -0.4 DPTR FM NORMAL: 0.66 2 = FOG REDUCING VISIBILITY
HIGHEST: 94 ON 18 GRTST 24HR 1.41 ON 19-19 TO 1/4 MILE OR LESS
LOWEST: 40 ON 1 3 = THUNDER
SNOW, ICE PELLETS, HAIL 4 = ICE PELLETS
TOTAL MONTH: 0.0 INCH 5 = HAIL
GRTST 24HR 0.0 6 = FREEZING RAIN OR DRIZZLE
GRTST DEPTH: 0 7 = DUSTSTORM OR SANDSTORM:
VSBY 1/2 MILE OR LESS
8 = SMOKE OR HAZE
[NO. OF DAYS WITH] [WEATHER - DAYS WITH] 9 = BLOWING SNOW
X = TORNADO
MAX 32 OR BELOW: 0 0.01 INCH OR MORE: 12
MAX 90 OR ABOVE: 4 0.10 INCH OR MORE: 6
MIN 32 OR BELOW: 0 0.50 INCH OR MORE: 1
MIN 0 OR BELOW: 0 1.00 INCH OR MORE: 1
[HDD (BASE 65) ]
TOTAL THIS MO. 86 CLEAR (SCALE 0-3) 7
DPTR FM NORMAL -4 PTCLDY (SCALE 4-7) 21
TOTAL FM JUL 1 6565 CLOUDY (SCALE 8-10) 2
DPTR FM NORMAL -190
[CDD (BASE 65) ]
TOTAL THIS MO. 73
DPTR FM NORMAL -8 [PRESSURE DATA]
TOTAL FM JAN 1 77 HIGHEST SLP 30.42 ON 25
DPTR FM NORMAL -19 LOWEST SLP 29.50 ON 18
[REMARKS]
#FINAL-06-22#