000
CXUS53 KGRR 010910
CF6BIV
PRELIMINARY LOCAL CLIMATOLOGICAL DATA (WS FORM: F-6)
STATION: HOLLAND
MONTH: OCTOBER
YEAR: 2022
LATITUDE: 42 49 N
LONGITUDE: 86 10 W
TEMPERATURE IN F: :PCPN: SNOW: WIND :SUNSHINE: SKY :PK WND
================================================================================
1 2 3 4 5 6A 6B 7 8 9 10 11 12 13 14 15 16 17 18
12Z AVG MX 2MIN
DY MAX MIN AVG DEP HDD CDD WTR SNW DPTH SPD SPD DIR MIN PSBL S-S WX SPD DR
================================================================================
1 72 40 56 -1 9 0 0.00 M M 3.1 10 60 M M 0 1 18 70
2 67 42 55 -2 10 0 0.00 M M 6.3 14 100 M M 2 21 70
3 66 34 50 -7 15 0 0.00 M M 2.6 10 300 M M 0 1 14 330
4 68 37 53 -3 12 0 0.00 M M 2.7 12 260 M M 2 1 17 250
5 72 44 58 2 7 0 0.00 M M 2.7 13 250 M M 2 12 16 250
6 70 45 58 3 7 0 0.08 M M 7.0 17 270 M M 5 18 27 290
7 53 41 47 -8 18 0 0.00 M M 6.5 13 330 M M 4 22 350
8 55 36 46 -9 19 0 0.00 M M 10.5 23 250 M M 6 33 280
9 63 49 56 2 9 0 0.00 M M 8.3 18 240 M M 5 25 240
10 71 42 57 3 8 0 0.00 M M 3.9 12 110 M M 1 17 100
11 75 43 59 5 6 0 0.82 M M 9.4 22 230 M M 4 1 34 200
12 66 44 55 2 10 0 0.64 M M 10.4 26 220 M M 8 13 37 230
13 54 41 48 -5 17 0 0.16 M M 13.7 25 260 M M 8 3 40 270
14 55 36 46 -6 19 0 0.45 M M 11.5 29 260 M M 8 1 40 250
15 57 42 50 -2 15 0 0.09 M M 14.2 22 250 M M 7 1 38 240
16 54 40 47 -5 18 0 0.05 M M 7.7 18 270 M M 9 1 28 230
17 50 38 44 -7 21 0 M M M 12.9 22 310 M M 8 1 37 300
18 43 37 40 -11 25 0 0.08 M M 15.5 25 330 M M 9 46 340
19 45 40 43 -8 22 0 0.04 M M 9.8 20 340 M M 8 33 280
20 53 37 45 -5 20 0 T M M 9.6 22 250 M M 4 29 260
21 72 37 55 5 10 0 0.00 M M 11.5 24 210 M M 0 34 210
22 77 54 66 16 0 1 0.00 M M 11.5 20 210 M M 0 30 220
23 78 54 66 17 0 1 0.00 M M 11.5 24 170 M M 2 33 180
24 76 58 67 18 0 2 0.19 M M 11.1 18 180 M M 3 3 29 190
25 65 52 59 11 6 0 1.00 M M 6.4 14 220 M M 6 1 25 180
26 52 38 45 -3 20 0 0.67 M M 9.1 21 330 M M 9 1 34 350
27 54 34 44 -4 21 0 0.00 M M 3.9 12 120 M M 1 14 130
28 61 37 49 2 16 0 0.00 M M 3.4 9 120 M M 0 12 100
29 65 32 49 2 16 0 0.00 M M 2.2 9 100 M M 0 1 12 110
30 62 38 50 4 15 0 T M M 3.1 8 120 M M 2 10 120
31 60 47 54 8 11 0 0.12 M M 3.2 8 240 M M 9 12 12 240
================================================================================
SM 1931 1289 402 4 4.39 M 245.2 M 132
================================================================================
AV 62.3 41.6 7.9 FASTST M M 4 MAX(MPH)
MISC ----> 29 260 46 340
================================================================================
NOTES:
# LAST OF SEVERAL OCCURRENCES
COLUMN 17 PEAK WIND IN M.P.H.
PRELIMINARY LOCAL CLIMATOLOGICAL DATA (WS FORM: F-6) , PAGE 2
STATION: HOLLAND
MONTH: OCTOBER
YEAR: 2022
LATITUDE: 42 49 N
LONGITUDE: 86 10 W
[TEMPERATURE DATA] [PRECIPITATION DATA] SYMBOLS USED IN COLUMN 16
AVERAGE MONTHLY: 51.9 TOTAL FOR MONTH: 4.39 1 = FOG OR MIST
DPTR FM NORMAL: 0.2 DPTR FM NORMAL: 0.17 2 = FOG REDUCING VISIBILITY
HIGHEST: 78 ON 23 GRTST 24HR 1.67 ON 25-26 TO 1/4 MILE OR LESS
LOWEST: 32 ON 29 3 = THUNDER
SNOW, ICE PELLETS, HAIL 4 = ICE PELLETS
TOTAL MONTH: M 5 = HAIL
GRTST 24HR M ON M 6 = FREEZING RAIN OR DRIZZLE
GRTST DEPTH: M ON M 7 = DUSTSTORM OR SANDSTORM:
VSBY 1/2 MILE OR LESS
8 = SMOKE OR HAZE
[NO. OF DAYS WITH] [WEATHER - DAYS WITH] 9 = BLOWING SNOW
X = TORNADO
MAX 32 OR BELOW: 0 0.01 INCH OR MORE: 13
MAX 90 OR ABOVE: 0 0.10 INCH OR MORE: 8
MIN 32 OR BELOW: 1 0.50 INCH OR MORE: 4
MIN 0 OR BELOW: 0 1.00 INCH OR MORE: 1
[HDD (BASE 65) ]
TOTAL THIS MO. 402 CLEAR (SCALE 0-3) 14
DPTR FM NORMAL -18 PTCLDY (SCALE 4-7) 11
TOTAL FM JUL 1 513 CLOUDY (SCALE 8-10) 6
DPTR FM NORMAL -53
[CDD (BASE 65) ]
TOTAL THIS MO. 4
DPTR FM NORMAL -4 [PRESSURE DATA]
TOTAL FM JAN 1 739 HIGHEST SLP 30.49 ON 28
DPTR FM NORMAL 108 LOWEST SLP 29.55 ON 13
[REMARKS]
#FINAL-10-22#