000
CXUS56 KBOI 011002
CF6BKE
PRELIMINARY LOCAL CLIMATOLOGICAL DATA (WS FORM: F-6)
STATION: BAKER OR
MONTH: AUGUST
YEAR: 2022
LATITUDE: 44 50 N
LONGITUDE: 117 49 W
TEMPERATURE IN F: :PCPN: SNOW: WIND :SUNSHINE: SKY :PK WND
================================================================================
1 2 3 4 5 6A 6B 7 8 9 10 11 12 13 14 15 16 17 18
12Z AVG MX 2MIN
DY MAX MIN AVG DEP HDD CDD WTR SNW DPTH SPD SPD DIR MIN PSBL S-S WX SPD DR
================================================================================
1 96 55 76 6 0 11 T M M 6.8 24 360 M M 0 33 360
2 91 60 76 6 0 11 0.00 M M 4.3 13 310 M M 0 8 17 310
3 94 46 70 0 0 5 0.00 M M 3.1 22 360 M M 0 3 28 360
4 90 49 70 0 0 5 0.00 M M 7.7 24 350 M M 0 31 340
5 86 52 69 -1 0 4 T M M 9.6 21 330 M M 1 8 26 320
6 84 43 64 -6 1 0 0.00 M M 8.4 18 340 M M 0 28 340
7 91 39 65 -5 0 0 0.00 M M 3.1 12 270 M M 0 13 300
8 99 49 74 4 0 9 0.00 M M 2.6 13 110 M M 0 17 110
9 96 54 75 6 0 10 0.08 M M 6.8 32 180 M M 4 41 180
10 89 63 76 7 0 11 0.02 M M 7.6 17 100 M M 1 24 140
11 95 54 75 6 0 10 0.00 M M 5.8 20 190 M M 1 26 120
12 90 52 71 2 0 6 0.02 M M 7.0 21 70 M M 0 3 29 70
13 86 53 70 1 0 5 0.00 M M 9.7 21 320 M M 0 29 350
14 88 41 65 -3 0 0 0.00 M M 6.6 17 330 M M 0 23 320
15 91 41 66 -2 0 1 0.00 M M 6.4 13 330 M M 0 M M
16 95 45 70 2 0 5 0.00 M M 4.9 13 320 M M 0 16 320
17 99 48 74 6 0 9 0.00 M M 4.3 13 280 M M 0 16 290
18 97 49 73 5 0 8 0.00 M M 5.2 14 330 M M 0 19 320
19 90 58 74 7 0 9 0.00 M M 4.3 10 280 M M 0 14 280
20 91 53 72 5 0 7 0.01 0.0 0 3.5 29 50 M M 1 3 43 60
21 96 50 73 6 0 8 0.00 0.0 0 4.2 14 300 M M 0 12 20 300
22 88 56 72 6 0 7 0.00 0.0 0 8.7 17 320 M M 1 3 23 330
23 89 50 70 4 0 5 0.00 M M 5.6 13 310 M M 0 19 320
24 90 53 72 6 0 7 0.13 M M 5.3 21 350 M M 1 3 27 350
25 88 52 70 4 0 5 0.00 M M 6.0 16 340 M M 0 22 340
26 90 46 68 3 0 3 0.00 M M 5.1 20 350 M M 0 26 350
27 77 48 63 -2 2 0 0.00 M M 7.7 24 10 M M 0 33 340
28 80 42 61 -4 4 0 0.00 M M 6.3 13 330 M M 0 21 290
29 88 40 64 -1 1 0 0.00 M M 3.9 10 250 M M 0 13 320
30 98 45 72 8 0 7 0.00 M M 2.4 13 140 M M 0 20 120
31 102 47 75 11 0 10 0.00 M M 6.4 28 330 M M 0 40 320
================================================================================
SM 2824 1533 8 178 0.26 0.0 179.3 M 10
================================================================================
AV 91.1 49.5 5.8 FASTST M M 0 MAX(MPH)
MISC ----> 32 180 43 60
================================================================================
NOTES:
# LAST OF SEVERAL OCCURRENCES
COLUMN 17 PEAK WIND IN M.P.H.
PRELIMINARY LOCAL CLIMATOLOGICAL DATA (WS FORM: F-6) , PAGE 2
STATION: BAKER OR
MONTH: AUGUST
YEAR: 2022
LATITUDE: 44 50 N
LONGITUDE: 117 49 W
[TEMPERATURE DATA] [PRECIPITATION DATA] SYMBOLS USED IN COLUMN 16
AVERAGE MONTHLY: 70.3 TOTAL FOR MONTH: 0.26 1 = FOG OR MIST
DPTR FM NORMAL: 2.6 DPTR FM NORMAL: -0.17 2 = FOG REDUCING VISIBILITY
HIGHEST: 102 ON 31 GRTST 24HR 0.13 ON 24-24 TO 1/4 MILE OR LESS
LOWEST: 39 ON 7 3 = THUNDER
SNOW, ICE PELLETS, HAIL 4 = ICE PELLETS
TOTAL MONTH: 0.0 INCH 5 = HAIL
GRTST 24HR 0.0 6 = FREEZING RAIN OR DRIZZLE
GRTST DEPTH: 0 7 = DUSTSTORM OR SANDSTORM:
VSBY 1/2 MILE OR LESS
8 = SMOKE OR HAZE
[NO. OF DAYS WITH] [WEATHER - DAYS WITH] 9 = BLOWING SNOW
X = TORNADO
MAX 32 OR BELOW: 0 0.01 INCH OR MORE: 5
MAX 90 OR ABOVE: 20 0.10 INCH OR MORE: 1
MIN 32 OR BELOW: 0 0.50 INCH OR MORE: 0
MIN 0 OR BELOW: 0 1.00 INCH OR MORE: 0
[HDD (BASE 65) ]
TOTAL THIS MO. 8 CLEAR (SCALE 0-3) 30
DPTR FM NORMAL -32 PTCLDY (SCALE 4-7) 1
TOTAL FM JUL 1 22 CLOUDY (SCALE 8-10) 0
DPTR FM NORMAL -51
[CDD (BASE 65) ]
TOTAL THIS MO. 178
DPTR FM NORMAL 54 [PRESSURE DATA]
TOTAL FM JAN 1 315 HIGHEST SLP 30.18 ON 7
DPTR FM NORMAL 15 LOWEST SLP 29.79 ON 27
[REMARKS]
#FINAL-08-22#