000
CXUS56 KBOI 011002
CF6BKE
PRELIMINARY LOCAL CLIMATOLOGICAL DATA (WS FORM: F-6)
STATION: BAKER OR
MONTH: APRIL
YEAR: 2022
LATITUDE: 44 50 N
LONGITUDE: 117 49 W
TEMPERATURE IN F: :PCPN: SNOW: WIND :SUNSHINE: SKY :PK WND
================================================================================
1 2 3 4 5 6A 6B 7 8 9 10 11 12 13 14 15 16 17 18
12Z AVG MX 2MIN
DY MAX MIN AVG DEP HDD CDD WTR SNW DPTH SPD SPD DIR MIN PSBL S-S WX SPD DR
================================================================================
1 57 19 38 -5 27 0 0.00 M M 4.7 15 100 M M 0 21 90
2 55 24 40 -3 25 0 T M M 10.2 24 340 M M 3 35 320
3 60 20 40 -4 25 0 0.00 M M 6.6 20 190 M M 3 28 150
4 54 33 44 0 21 0 0.04 M M 17.6 31 280 M M 8 44 300
5 45 24 35 -9 30 0 T M M 9.0 23 280 M M 6 34 270
6 56 13 35 -9 30 0 0.00 M M 4.6 15 110 M M 0 21 110
7 68 19 44 0 21 0 0.00 M M 7.2 20 100 M M 0 29 120
8 62 32 47 3 18 0 T M M 16.1 40 340 M M 2 49 350
9 47 23 35 -9 30 0 T M M 12.9 29 350 M M 3 1 40 310
10 41 20 31 -13 34 0 0.01 M M 6.0 22 20 M M 6 1 31 340
11 39 25 32 -13 33 0 0.12 M M 12.3 26 320 M M 9 12 43 240
12 40 26 33 -12 32 0 T M M 13.0 26 340 M M 8 33 340
13 42 20 31 -14 34 0 T M M 7.4 26 220 M M 6 18 47 280
14 41 20 31 -14 34 0 0.09 M M 7.0 25 340 M M 6 1 32 10
15 45 17 31 -14 34 0 T M M 3.2 13 100 M M 5 17 70
16 42 24 33 -13 32 0 0.24 M M 6.4 26 360 M M 7 1 36 360
17 49 22 36 -10 29 0 0.00 M M 7.4 18 120 M M 4 27 120
18 62 35 49 3 16 0 T M M 13.7 26 200 M M 3 37 320
19 53 28 41 -5 24 0 0.01 M M 6.0 32 210 M M 4 40 210
20 52 23 38 -9 27 0 0.11 M M 9.7 23 140 M M 7 12 30 130
21 50 30 40 -7 25 0 0.15 M M 6.1 18 320 M M 6 1 23 320
22 56 26 41 -6 24 0 0.00 M M 12.2 26 340 M M 0 35 350
23 57 29 43 -4 22 0 T M M 7.9 21 340 M M 3 31 10
24 63 21 42 -6 23 0 0.00 M M 6.1 18 110 M M 0 24 110
25 66 34 50 2 15 0 0.04 M M 10.6 28 170 M M 5 45 180
26 50 34 42 -6 23 0 0.17 M M 9.3 26 360 M M 6 1 35 360
27 52 30 41 -8 24 0 0.00 M M 9.1 23 10 M M 2 30 350
28 44 26 35 -14 30 0 0.09 M M 8.6 22 350 M M 6 1 29 340
29 55 28 42 -7 23 0 0.00 M M 6.4 18 120 M M 5 24 120
30 49 39 44 -6 21 0 0.19 M M 11.8 22 100 M M 10 1 30 90
================================================================================
SM 1552 764 786 0 1.26 M 269.1 M 133
================================================================================
AV 51.7 25.5 9.0 FASTST M M 4 MAX(MPH)
MISC ----> 40 340 49 350
================================================================================
NOTES:
# LAST OF SEVERAL OCCURRENCES
COLUMN 17 PEAK WIND IN M.P.H.
PRELIMINARY LOCAL CLIMATOLOGICAL DATA (WS FORM: F-6) , PAGE 2
STATION: BAKER OR
MONTH: APRIL
YEAR: 2022
LATITUDE: 44 50 N
LONGITUDE: 117 49 W
[TEMPERATURE DATA] [PRECIPITATION DATA] SYMBOLS USED IN COLUMN 16
AVERAGE MONTHLY: 38.6 TOTAL FOR MONTH: 1.26 1 = FOG OR MIST
DPTR FM NORMAL: -7.3 DPTR FM NORMAL: 0.44 2 = FOG REDUCING VISIBILITY
HIGHEST: 68 ON 7 GRTST 24HR 0.25 ON 20-21 TO 1/4 MILE OR LESS
LOWEST: 13 ON 6 3 = THUNDER
SNOW, ICE PELLETS, HAIL 4 = ICE PELLETS
TOTAL MONTH: M 5 = HAIL
GRTST 24HR M ON M 6 = FREEZING RAIN OR DRIZZLE
GRTST DEPTH: M ON M 7 = DUSTSTORM OR SANDSTORM:
VSBY 1/2 MILE OR LESS
8 = SMOKE OR HAZE
[NO. OF DAYS WITH] [WEATHER - DAYS WITH] 9 = BLOWING SNOW
X = TORNADO
MAX 32 OR BELOW: 0 0.01 INCH OR MORE: 12
MAX 90 OR ABOVE: 0 0.10 INCH OR MORE: 6
MIN 32 OR BELOW: 25 0.50 INCH OR MORE: 0
MIN 0 OR BELOW: 0 1.00 INCH OR MORE: 0
[HDD (BASE 65) ]
TOTAL THIS MO. 786 CLEAR (SCALE 0-3) 12
DPTR FM NORMAL 212 PTCLDY (SCALE 4-7) 16
TOTAL FM JUL 1 6980 CLOUDY (SCALE 8-10) 2
DPTR FM NORMAL 826
[CDD (BASE 65) ]
TOTAL THIS MO. 0
DPTR FM NORMAL 0 [PRESSURE DATA]
TOTAL FM JAN 1 0 HIGHEST SLP 30.59 ON 6
DPTR FM NORMAL 0 LOWEST SLP 29.32 ON 11
[REMARKS]
#FINAL-04-22#