000
CXUS51 KRLX 011924
CF6BKW
PRELIMINARY LOCAL CLIMATOLOGICAL DATA (WS FORM: F-6)
STATION: BECKLEY WV
MONTH: JUNE
YEAR: 2022
LATITUDE: 37 46 N
LONGITUDE: 81 7 W
TEMPERATURE IN F: :PCPN: SNOW: WIND :SUNSHINE: SKY :PK WND
================================================================================
1 2 3 4 5 6A 6B 7 8 9 10 11 12 13 14 15 16 17 18
12Z AVG MX 2MIN
DY MAX MIN AVG DEP HDD CDD WTR SNW DPTH SPD SPD DIR MIN PSBL S-S WX SPD DR
================================================================================
1 85 61 73 8 0 8 0.00 0.0 0 4.0 14 250 M M 2 1 19 260
2 79 63 71 6 0 6 0.57 0.0 0 6.7 18 330 M M 6 13 27 350
3 71 52 62 -3 3 0 0.00 0.0 0 6.2 15 330 M M 4 1 19 340
4 75 46 61 -5 4 0 0.00 0.0 0 3.2 13 360 M M 0 16 30
5 77 50 64 -2 1 0 0.00 0.0 0 5.5 13 130 M M 1 16 160
6 77 58 68 2 0 3 0.00 0.0 0 8.6 16 160 M M 2 24 160
7 74 63 69 3 0 4 T 0.0 0 7.1 16 230 M M 6 21 240
8 82 63 73 6 0 8 0.17 0.0 0 7.4 21 310 M M 4 13 32 310
9 68 54 61 -6 4 0 0.01 0.0 0 7.8 21 310 M M 7 26 270
10 73 50 62 -5 3 0 0.06 0.0 0 4.9 16 330 M M 6 1 21 320
11 75 56 66 -1 0 1 0.01 0.0 0 3.9 10 270 M M 6 14 300
12 78 61 70 2 0 5 0.28 0.0 0 6.3 16 260 M M 6 1 22 290
13 84 66 75 7 0 10 0.50 0.0 0 6.4 31 290 M M 6 138 48 310
14 86 63 75 7 0 10 0.12 0.0 0 7.1 23 350 M M 3 13 33 340
15 90 71 81 13 0 16 0.00 0.0 0 3.6 12 340 M M 3 1 14 340
16 89 69 79 10 0 14 0.01 0.0 0 6.4 17 260 M M 3 3 25 260
17 85 63 74 5 0 9 0.26 0.0 0 8.5 23 290 M M 6 138 35 280
18 70 52 61 -8 4 0 0.00 0.0 0 10.1 22 330 M M 2 28 360
19 71 42 57 -12 8 0 0.00 0.0 0 5.6 20 360 M M 0 25 320
20 73 49 61 -9 4 0 0.00 0.0 0 2.4 9 360 M M 4 12 360
21 85 54 70 0 0 5 0.00 0.0 0 4.5 13 300 M M 1 16 310
22 87 61 74 4 0 9 0.32 0.0 0 7.5 37 350 M M 2 13 46 360
23 80 62 71 1 0 6 0.02 0.0 0 5.6 16 340 M M 5 18 21 330
24 84 57 71 1 0 6 0.00 0.0 0 4.0 12 10 M M 1 1 15 320
25 86 64 75 5 0 10 0.19 0.0 0 4.6 22 190 M M 2 3 29 190
26 74 67 71 1 0 6 0.17 0.0 0 6.2 16 200 M M 6 13 20 200
27 74 55 65 -6 0 0 0.23 0.0 0 7.2 17 350 M M 5 1 22 350
28 77 50 64 -7 1 0 0.00 0.0 0 2.3 10 10 M M 0 13 360
29 82 59 71 0 0 6 0.00 0.0 0 5.3 13 340 M M 2 17 290
30 85 56 71 0 0 6 0.00 0.0 0 4.4 13 250 M M 0 19 260
================================================================================
SM 2376 1737 32 148 2.92 0.0 173.3 M 101
================================================================================
AV 79.2 57.9 5.8 FASTST M M 3 MAX(MPH)
MISC ----> 37 350 48 310
================================================================================
NOTES:
# LAST OF SEVERAL OCCURRENCES
COLUMN 17 PEAK WIND IN M.P.H.
PRELIMINARY LOCAL CLIMATOLOGICAL DATA (WS FORM: F-6) , PAGE 2
STATION: BECKLEY WV
MONTH: JUNE
YEAR: 2022
LATITUDE: 37 46 N
LONGITUDE: 81 7 W
[TEMPERATURE DATA] [PRECIPITATION DATA] SYMBOLS USED IN COLUMN 16
AVERAGE MONTHLY: 68.6 TOTAL FOR MONTH: 2.92 1 = FOG OR MIST
DPTR FM NORMAL: 0.4 DPTR FM NORMAL: -1.38 2 = FOG REDUCING VISIBILITY
HIGHEST: 90 ON 15 GRTST 24HR 0.57 ON 2- 2 TO 1/4 MILE OR LESS
LOWEST: 42 ON 19 3 = THUNDER
SNOW, ICE PELLETS, HAIL 4 = ICE PELLETS
TOTAL MONTH: 0.0 INCH 5 = HAIL
GRTST 24HR 0.0 6 = FREEZING RAIN OR DRIZZLE
GRTST DEPTH: 0 7 = DUSTSTORM OR SANDSTORM:
VSBY 1/2 MILE OR LESS
8 = SMOKE OR HAZE
[NO. OF DAYS WITH] [WEATHER - DAYS WITH] 9 = BLOWING SNOW
X = TORNADO
MAX 32 OR BELOW: 0 0.01 INCH OR MORE: 15
MAX 90 OR ABOVE: 1 0.10 INCH OR MORE: 10
MIN 32 OR BELOW: 0 0.50 INCH OR MORE: 2
MIN 0 OR BELOW: 0 1.00 INCH OR MORE: 0
[HDD (BASE 65) ]
TOTAL THIS MO. 32 CLEAR (SCALE 0-3) 14
DPTR FM NORMAL 1 PTCLDY (SCALE 4-7) 16
TOTAL FM JUL 1 4596 CLOUDY (SCALE 8-10) 0
DPTR FM NORMAL -462
[CDD (BASE 65) ]
TOTAL THIS MO. 148
DPTR FM NORMAL 20 [PRESSURE DATA]
TOTAL FM JAN 1 217 HIGHEST SLP 30.29 ON 20
DPTR FM NORMAL 27 LOWEST SLP 29.74 ON 8
[REMARKS]
#FINAL-06-22#