000
CXUS51 KRLX 011157
CF6BKW
PRELIMINARY LOCAL CLIMATOLOGICAL DATA (WS FORM: F-6)
STATION: BECKLEY WV
MONTH: SEPTEMBER
YEAR: 2021
LATITUDE: 37 46 N
LONGITUDE: 81 7 W
TEMPERATURE IN F: :PCPN: SNOW: WIND :SUNSHINE: SKY :PK WND
================================================================================
1 2 3 4 5 6A 6B 7 8 9 10 11 12 13 14 15 16 17 18
12Z AVG MX 2MIN
DY MAX MIN AVG DEP HDD CDD WTR SNW DPTH SPD SPD DIR MIN PSBL S-S WX SPD DR
================================================================================
1 69 61 65 -4 0 0 0.78 0.0 0 12.6 25 10 M M 10 1 34 150
2 71 53 62 -7 3 0 0.00 0.0 0 11.2 20 20 M M 3 32 30
3 75 48 62 -6 3 0 0.00 0.0 0 9.3 24 40 M M 0 32 30
4 78 53 66 -2 0 1 0.00 0.0 0 8.5 17 30 M M 2 26 150
5 72 64 68 0 0 3 0.35 0.0 0 7.1 12 30 M M 8 1 22 40
6 75 56 66 -2 0 1 0.00 0.0 0 9.7 25 40 M M 4 1 37 30
7 79 52 66 -1 0 1 0.00 0.0 0 8.9 18 60 M M 1 36 150
8 80 62 71 4 0 6 0.78 0.0 0 8.4 16 330 M M 5 1 21 220
9 72 53 63 -4 2 0 0.16 0.0 0 5.7 18 330 M M 6 12 22 330
10 69 49 59 -8 6 0 0.00 0.0 0 3.3 15 330 M M 1 18 10
11 74 49 62 -4 3 0 0.00 0.0 0 6.3 14 230 M M 0 17 230
12 78 58 68 2 0 3 0.00 0.0 0 7.0 13 250 M M 0 19 250
13 78 62 70 4 0 5 0.00 0.0 0 5.0 13 270 M M 2 19 260
14 81 59 70 5 0 5 0.00 0.0 0 2.3 10 220 M M 1 13 240
15 80 61 71 6 0 6 0.00 0.0 0 5.9 12 270 M M 3 M M
16 78 59 69 4 0 4 0.00 0.0 0 5.1 16 130 M M 5 12 20 120
17 78 64 71 7 0 6 0.00 0.0 0 4.6 12 100 M M 5 18 150
18 83 60 72 8 0 7 0.02 0.0 0 2.7 10 360 M M 4 15 20
19 81 60 71 7 0 6 0.00 0.0 0 5.3 15 120 M M 1 1 19 120
20 75 66 71 8 0 6 0.00 0.0 0 10.5 23 130 M M 1 30 130
21 66 61 64 1 1 0 0.12 0.0 0 11.5 23 120 M M 8 1 32 130
22 75 53 64 1 1 0 0.17 0.0 0 9.1 23 250 M M 7 1 34 250
23 61 46 54 -8 11 0 T 0.0 0 8.1 17 310 M M 6 1 23 270
24 66 41 54 -8 11 0 0.00 0.0 0 3.3 13 330 M M 0 15 330
25 66 43 55 -7 10 0 T 0.0 0 5.0 15 280 M M 3 21 260
26 67 43 55 -6 10 0 0.00 0.0 0 5.3 14 320 M M 0 1 20 260
27 75 46 61 0 4 0 0.00 0.0 0 5.2 14 260 M M 0 20 270
28 75 56 66 5 0 1 0.00 0.0 0 7.0 16 260 M M 2 20 240
29 76 54 65 5 0 0 0.00 0.0 0 4.6 14 330 M M 3 1 18 330
30 73 48 61 1 4 0 0.00 0.0 0 2.7 13 340 M M 0 1 15 340
================================================================================
SM 2226 1640 69 61 2.38 0.0 201.2 M 91
================================================================================
AV 74.2 54.7 6.7 FASTST M M 3 MAX(MPH)
MISC ----> # 25 10 37 30
================================================================================
NOTES:
# LAST OF SEVERAL OCCURRENCES
COLUMN 17 PEAK WIND IN M.P.H.
PRELIMINARY LOCAL CLIMATOLOGICAL DATA (WS FORM: F-6) , PAGE 2
STATION: BECKLEY WV
MONTH: SEPTEMBER
YEAR: 2021
LATITUDE: 37 46 N
LONGITUDE: 81 7 W
[TEMPERATURE DATA] [PRECIPITATION DATA] SYMBOLS USED IN COLUMN 16
AVERAGE MONTHLY: 64.4 TOTAL FOR MONTH: 2.38 1 = FOG OR MIST
DPTR FM NORMAL: -0.3 DPTR FM NORMAL: -0.82 2 = FOG REDUCING VISIBILITY
HIGHEST: 83 ON 18 GRTST 24HR 0.94 ON 8- 9 TO 1/4 MILE OR LESS
LOWEST: 41 ON 24 3 = THUNDER
SNOW, ICE PELLETS, HAIL 4 = ICE PELLETS
TOTAL MONTH: 0.0 INCH 5 = HAIL
GRTST 24HR 0.0 6 = FREEZING RAIN OR DRIZZLE
GRTST DEPTH: 0 7 = DUSTSTORM OR SANDSTORM:
VSBY 1/2 MILE OR LESS
8 = SMOKE OR HAZE
[NO. OF DAYS WITH] [WEATHER - DAYS WITH] 9 = BLOWING SNOW
X = TORNADO
MAX 32 OR BELOW: 0 0.01 INCH OR MORE: 7
MAX 90 OR ABOVE: 0 0.10 INCH OR MORE: 6
MIN 32 OR BELOW: 0 0.50 INCH OR MORE: 2
MIN 0 OR BELOW: 0 1.00 INCH OR MORE: 0
[HDD (BASE 65) ]
TOTAL THIS MO. 69 CLEAR (SCALE 0-3) 19
DPTR FM NORMAL -16 PTCLDY (SCALE 4-7) 9
TOTAL FM JUL 1 73 CLOUDY (SCALE 8-10) 2
DPTR FM NORMAL -29
[CDD (BASE 65) ]
TOTAL THIS MO. 61
DPTR FM NORMAL -15 [PRESSURE DATA]
TOTAL FM JAN 1 733 HIGHEST SLP 30.28 ON 12
DPTR FM NORMAL 79 LOWEST SLP 29.53 ON 1
[REMARKS]
#FINAL-09-21#