000
CXUS51 KRLX 011117
CF6BKW
PRELIMINARY LOCAL CLIMATOLOGICAL DATA (WS FORM: F-6)
STATION: BECKLEY WV
MONTH: MARCH
YEAR: 2020
LATITUDE: 37 46 N
LONGITUDE: 81 7 W
TEMPERATURE IN F: :PCPN: SNOW: WIND :SUNSHINE: SKY :PK WND
================================================================================
1 2 3 4 5 6A 6B 7 8 9 10 11 12 13 14 15 16 17 18
12Z AVG MX 2MIN
DY MAX MIN AVG DEP HDD CDD WTR SNW DPTH SPD SPD DIR MIN PSBL S-S WX SPD DR
================================================================================
1 52 16 34 -4 31 0 0.00 0.0 0 6.4 14 210 M M 0 19 220
2 50 40 45 7 20 0 0.13 0.0 0 9.6 29 220 M M 7 1 38 230
3 59 46 53 15 12 0 0.31 0.0 0 13.4 28 230 M M 7 1 39 210
4 55 32 44 6 21 0 0.00 0.0 0 8.3 20 290 M M 2 27 300
5 55 30 43 4 22 0 0.00 0.0 0 8.0 18 170 M M 0 24 170
6 45 28 37 -2 28 0 0.22 1.3 0 13.0 28 320 M M 10 128 40 310
7 37 24 31 -8 34 0 0.01 0.5 2 8.9 22 320 M M 7 18 32 310
8 62 23 43 3 22 0 0.00 0.0 0 5.9 13 270 M M 0 17 250
9 65 41 53 13 12 0 0.00 0.0 0 6.7 16 210 M M 0 22 250
10 56 48 52 12 13 0 0.20 0.0 0 10.2 26 220 M M 10 18 34 210
11 64 41 53 13 12 0 0.00 0.0 0 6.1 20 260 M M 5 1 24 260
12 71 37 54 13 11 0 0.17 0.0 0 8.0 21 200 M M 3 29 210
13 62 42 52 11 13 0 0.73 0.0 0 11.8 24 270 M M 5 1 34 270
14 51 37 44 3 21 0 0.32 0.0 0 5.0 14 150 M M 7 1 22 160
15 42 33 38 -4 27 0 0.08 0.0 0 6.5 14 130 M M 10 12 17 350
16 48 37 43 1 22 0 T 0.0 0 12.1 20 150 M M 10 29 140
17 51 42 47 5 18 0 0.09 0.0 0 5.5 12 340 M M 9 1 15 270
18 56 42 49 7 16 0 0.16 0.0 0 9.4 22 160 M M 8 1 30 160
19 70 53 62 19 3 0 0.15 0.0 0 7.7 16 220 M M 7 1 20 230
20 67 56 62 19 3 0 0.59 0.0 0 11.0 23 230 M M 8 1 37 230
21 56 33 45 1 20 0 0.33 0.0 0 8.0 17 340 M M 10 12 22 310
22 52 32 42 -2 23 0 T 0.0 0 9.8 21 140 M M 6 12 32 140
23 53 39 46 2 19 0 0.41 0.0 0 9.7 24 140 M M 10 1 32 140
24 55 35 45 0 20 0 0.32 0.0 0 7.8 25 150 M M 5 1 36 140
25 50 38 44 -1 21 0 0.13 0.0 0 8.1 21 140 M M 8 1 35 150
26 73 36 55 10 10 0 0.01 0.0 0 8.2 15 280 M M 1 20 150
27 76 58 67 21 0 2 0.00 0.0 0 7.4 17 260 M M 6 26 260
28 85 64 75 29 0 10 T 0.0 0 8.6 20 250 M M 1 28 260
29 75 59 67 21 0 2 0.07 0.0 0 15.6 30 260 M M 2 1 43 240
30 65 44 55 8 10 0 0.00 0.0 0 14.1 26 280 M M 0 42 280
31 44 35 40 -7 25 0 0.55 0.0 0 4.6 13 160 M M 7 1 16 160
================================================================================
SM 1802 1221 509 14 4.98 1.8 275.4 M 171
================================================================================
AV 58.1 39.4 8.9 FASTST M M 6 MAX(MPH)
MISC ----> # 30 260 # 43 240
================================================================================
NOTES:
# LAST OF SEVERAL OCCURRENCES
COLUMN 17 PEAK WIND IN M.P.H.
PRELIMINARY LOCAL CLIMATOLOGICAL DATA (WS FORM: F-6) , PAGE 2
STATION: BECKLEY WV
MONTH: MARCH
YEAR: 2020
LATITUDE: 37 46 N
LONGITUDE: 81 7 W
[TEMPERATURE DATA] [PRECIPITATION DATA] SYMBOLS USED IN COLUMN 16
AVERAGE MONTHLY: 48.8 TOTAL FOR MONTH: 4.98 1 = FOG OR MIST
DPTR FM NORMAL: 6.7 DPTR FM NORMAL: 1.41 2 = FOG REDUCING VISIBILITY
HIGHEST: 85 ON 28 GRTST 24HR 0.73 ON 13-13 TO 1/4 MILE OR LESS
LOWEST: 16 ON 1 3 = THUNDER
SNOW, ICE PELLETS, HAIL 4 = ICE PELLETS
TOTAL MONTH: 1.8 INCHES 5 = HAIL
GRTST 24HR 1.3 ON 6- 6 6 = FREEZING RAIN OR DRIZZLE
GRTST DEPTH: 2 ON 7 7 = DUSTSTORM OR SANDSTORM:
VSBY 1/2 MILE OR LESS
8 = SMOKE OR HAZE
[NO. OF DAYS WITH] [WEATHER - DAYS WITH] 9 = BLOWING SNOW
X = TORNADO
MAX 32 OR BELOW: 0 0.01 INCH OR MORE: 20
MAX 90 OR ABOVE: 0 0.10 INCH OR MORE: 15
MIN 32 OR BELOW: 7 0.50 INCH OR MORE: 3
MIN 0 OR BELOW: 0 1.00 INCH OR MORE: 0
[HDD (BASE 65) ]
TOTAL THIS MO. 509 CLEAR (SCALE 0-3) 10
DPTR FM NORMAL -203 PTCLDY (SCALE 4-7) 13
TOTAL FM JUL 1 3917 CLOUDY (SCALE 8-10) 8
DPTR FM NORMAL -796
[CDD (BASE 65) ]
TOTAL THIS MO. 14
DPTR FM NORMAL 13 [PRESSURE DATA]
TOTAL FM JAN 1 14 HIGHEST SLP 30.60 ON 8
DPTR FM NORMAL 13 LOWEST SLP 29.59 ON 3
[REMARKS]
#FINAL-03-20#