000
CXUS51 KRNK 010613
CF6BLF
PRELIMINARY LOCAL CLIMATOLOGICAL DATA (WS FORM: F-6)
STATION: BLUEFIELD WV
MONTH: OCTOBER
YEAR: 2022
LATITUDE: 37 17 N
LONGITUDE: 81 12 W
TEMPERATURE IN F: :PCPN: SNOW: WIND :SUNSHINE: SKY :PK WND
================================================================================
1 2 3 4 5 6A 6B 7 8 9 10 11 12 13 14 15 16 17 18
12Z AVG MX 2MIN
DY MAX MIN AVG DEP HDD CDD WTR SNW DPTH SPD SPD DIR MIN PSBL S-S WX SPD DR
================================================================================
1 48 46 47 -12 18 0 1.38 0.0 0 6.0 12 280 M M 10 1 16 290
2 50 45 48 -10 17 0 0.13 0.0 0 5.5 10 360 M M 10 1 16 300
3 56 42 49 -9 16 0 0.00 0.0 0 3.7 10 300 M M 9 12 14 290
4 57 38 48 -10 17 0 0.00 0.0 0 7.4 15 290 M M 7 12 21 290
5 63 39 51 -6 14 0 0.00 0.0 0 6.3 14 280 M M 1 19 290
6 65 41 53 -4 12 0 0.00 0.0 0 4.4 12 280 M M 0 16 280
7 69 48 59 2 6 0 0.00 0.0 0 7.3 16 300 M M 4 22 320
8 52 36 44 -12 21 0 0.00 0.0 0 5.3 15 300 M M 5 19 360
9 57 33 45 -11 20 0 0.00 0.0 0 5.2 13 250 M M 0 18 330
10 61 35 48 -8 17 0 0.00 0.0 0 1.9 9 320 M M 0 13 280
11 61 37 49 -6 16 0 0.00 0.0 0 3.3 10 140 M M 0 16 140
12 66 49 58 3 7 0 0.00 0.0 0 5.7 14 170 M M 3 24 130
13 65 41 53 -2 12 0 0.00 0.0 0 7.2 26 260 M M 8 37 240
14 59 40 50 -4 15 0 T 0.0 0 8.2 28 240 M M 0 36 300
15 68 48 58 4 7 0 T 0.0 0 9.8 24 260 M M 2 34 270
16 62 51 57 3 8 0 0.85 0.0 0 6.4 26 270 M M 10 1 32 250
17 54 34 44 -9 21 0 T 0.0 0 8.8 18 260 M M 8 1 26 280
18 34 27 31 -22 34 0 T T 0 9.4 17 270 M M 9 1 26 270
19 44 31 38 -15 27 0 0.00 0.0 0 9.9 20 270 M M 7 26 310
20 52 31 42 -10 23 0 0.00 0.0 0 8.6 20 240 M M 0 24 260
21 61 35 48 -4 17 0 0.00 0.0 0 4.7 10 240 M M 0 16 250
22 67 38 53 1 12 0 0.00 0.0 0 3.2 9 120 M M 0 14 170
23 68 39 54 3 11 0 0.00 0.0 0 3.1 10 30 M M 0 14 110
24 71 41 56 5 9 0 0.00 0.0 0 2.7 8 170 M M 0 15 150
25 69 47 58 7 7 0 0.00 0.0 0 4.4 17 150 M M 0 30 170
26 59 43 51 1 14 0 0.11 0.0 0 8.2 21 260 M M 9 1 26 270
27 60 42 51 1 14 0 0.01 0.0 0 5.1 13 10 M M 5 1 20 100
28 57 41 49 -1 16 0 0.00 0.0 0 4.6 10 120 M M 0 17 140
29 62 44 53 4 12 0 0.00 0.0 0 5.1 10 80 M M 3 19 160
30 63 48 56 7 9 0 T 0.0 0 4.9 16 150 M M 7 20 130
31 58 52 55 6 10 0 0.18 0.0 0 4.1 14 160 M M 9 12 22 150
================================================================================
SM 1838 1262 459 0 2.66 T 180.4 M 126
================================================================================
AV 59.3 40.7 5.8 FASTST M M 4 MAX(MPH)
MISC ----> 28 240 37 240
================================================================================
NOTES:
# LAST OF SEVERAL OCCURRENCES
COLUMN 17 PEAK WIND IN M.P.H.
PRELIMINARY LOCAL CLIMATOLOGICAL DATA (WS FORM: F-6) , PAGE 2
STATION: BLUEFIELD WV
MONTH: OCTOBER
YEAR: 2022
LATITUDE: 37 17 N
LONGITUDE: 81 12 W
[TEMPERATURE DATA] [PRECIPITATION DATA] SYMBOLS USED IN COLUMN 16
AVERAGE MONTHLY: 50.0 TOTAL FOR MONTH: 2.66 1 = FOG OR MIST
DPTR FM NORMAL: -3.7 DPTR FM NORMAL: -0.12 2 = FOG REDUCING VISIBILITY
HIGHEST: 71 ON 24 GRTST 24HR 2.16 ON 30- 1 TO 1/4 MILE OR LESS
LOWEST: 27 ON 18 3 = THUNDER
SNOW, ICE PELLETS, HAIL 4 = ICE PELLETS
TOTAL MONTH: T 5 = HAIL
GRTST 24HR T ON 18-18 6 = FREEZING RAIN OR DRIZZLE
GRTST DEPTH: 0 7 = DUSTSTORM OR SANDSTORM:
VSBY 1/2 MILE OR LESS
8 = SMOKE OR HAZE
[NO. OF DAYS WITH] [WEATHER - DAYS WITH] 9 = BLOWING SNOW
X = TORNADO
MAX 32 OR BELOW: 0 0.01 INCH OR MORE: 6
MAX 90 OR ABOVE: 0 0.10 INCH OR MORE: 5
MIN 32 OR BELOW: 3 0.50 INCH OR MORE: 2
MIN 0 OR BELOW: 0 1.00 INCH OR MORE: 1
[HDD (BASE 65) ]
TOTAL THIS MO. 459 CLEAR (SCALE 0-3) 15
DPTR FM NORMAL 102 PTCLDY (SCALE 4-7) 8
TOTAL FM JUL 1 600 CLOUDY (SCALE 8-10) 8
DPTR FM NORMAL 122
[CDD (BASE 65) ]
TOTAL THIS MO. 0
DPTR FM NORMAL -7 [PRESSURE DATA]
TOTAL FM JAN 1 564 HIGHEST SLP M ON M
DPTR FM NORMAL 28 LOWEST SLP 29.68 ON 17
[REMARKS]
#FINAL-10-22#
DUE TO EQUIPMENT FAILURE ON JANUARY 9-10 AND AUGUST 16-17, 2022, ALL
INFORMATION WILL BE CALCULATED WITHOUT DATA FROM THESE DATES.