000
CXUS51 KRNK 010709
CLMBLF
CLIMATE REPORT
NATIONAL WEATHER SERVICE BLACKSBURG, VA
309 AM EDT SAT JUL 01 2023
...................................
...THE BLUEFIELD WV CLIMATE SUMMARY FOR THE MONTH OF JUNE 2023...
CLIMATE NORMAL PERIOD: 1991 TO 2020
CLIMATE RECORD PERIOD: 1909 TO 2023
WEATHER OBSERVED NORMAL DEPART LAST YEAR`S
VALUE DATE(S) VALUE FROM VALUE
NORMAL
..............................................................
TEMPERATURE (F)
RECORD
HIGH 97 06/29/2012
LOW 31 06/17/1917
HIGHEST 81 06/03 87
06/29
LOWEST 45 06/09 44
AVG. MAXIMUM 71.4 76.0 -4.6 76.9
AVG. MINIMUM 54.5 58.3 -3.8 58.3
MEAN 63.0 67.1 -4.1 67.6
DAYS MAX >= 90 0 0.3 -0.3 0
DAYS MAX <= 32 0 0.0 0.0 0
DAYS MIN <= 32 0 0.0 0.0 0
DAYS MIN <= 0 0 0.0 0.0 0
PRECIPITATION (INCHES)
RECORD
MAXIMUM 9.34 1995
MINIMUM 0.75 1999
TOTALS 2.05 4.14 -2.09 3.90
DAYS >= .01 14 13.7 0.3 13
DAYS >= .10 8 8.1 -0.1 7
DAYS >= .50 1 2.7 -1.7 2
DAYS >= 1.00 0 0.7 -0.7 1
GREATEST
24 HR. TOTAL 0.66 1.39
SNOWFALL (INCHES)
TOTALS 0.0 0.0 0.0 0.0
DAYS >= TRACE 0 0.0 0.0 0
DAYS >= 1.0 0 0.0 0.0 0
GREATEST
24 HR TOTAL MM MM
DEGREE DAYS
HEATING TOTAL 78 41 37 39
COOLING TOTAL 24 106 -82 124
..............................................................
WIND (MPH)
AVERAGE WIND SPEED 5.6
RESULTANT WIND SPEED/DIRECTION 2/270
HIGHEST WIND SPEED/DIRECTION 22/260 DATE 06/14
22/260 06/26
HIGHEST GUST SPEED/DIRECTION 36/260 DATE 06/16
SKY COVER
AVERAGE SKY COVER 0.47
AVERAGE RH (PERCENT) 74
WEATHER CONDITIONS. NUMBER OF DAYS WITH
THUNDERSTORM 5 MIXED PRECIP 0
HEAVY RAIN 1 RAIN 7
LIGHT RAIN 16 FREEZING RAIN 0
LT FREEZING RAIN 0 HAIL 0
HEAVY SNOW 0 SNOW 0
LIGHT SNOW 0 SLEET 0
FOG 19 FOG W/VIS <= 1/4 MILE 3
HAZE 3
- INDICATES NEGATIVE NUMBERS.
R INDICATES RECORD WAS SET OR TIED.
MM INDICATES DATA IS MISSING.
T INDICATES TRACE AMOUNT.
$$