000
CXUS53 KIND 011527
CLMBMG
CLIMATE REPORT
NATIONAL WEATHER SERVICE INDIANAPOLIS IN
1127 AM EDT WED NOV 01 2023
...................................
...THE BLOOMINGTON IN CLIMATE SUMMARY FOR THE MONTH OF OCTOBER 2023...
CLIMATE NORMAL PERIOD 1991 TO 2020
CLIMATE RECORD PERIOD 9999 TO 9999
WEATHER OBSERVED NORMAL DEPART LAST YEAR`S
VALUE DATE(S) VALUE FROM VALUE DATE(S)
NORMAL
................................................................
TEMPERATURE (F)
HIGHEST 87 10/04 80 10/23
LOWEST 22R 10/31 28 10/20
AVG. MAXIMUM 68.8 66.8 2.0 65.7
AVG. MINIMUM 45.7 43.8 1.9 41.1
MEAN 57.3 55.3 2.0 53.4
DAYS MAX >= 90 0 0.1 -0.1 0
DAYS MAX <= 32 0 0.0 0.0 0
DAYS MIN <= 32 2 3.6 -1.6 5
DAYS MIN <= 0 0 0.0 0.0 0
PRECIPITATION (INCHES)
TOTALS 2.01 3.70 -1.69 1.94
DAILY AVG. 0.06 0.12 -0.06 0.06
DAYS >= .01 12 10.9 1.1 6
DAYS >= .10 6 5.9 0.1 3
DAYS >= .50 2 2.9 -0.9 2
DAYS >= 1.00 0 1.3 -1.3 0
GREATEST
24 HR. TOTAL 0.72 10/28 TO 10/29
DEGREE DAYS
HEATING TOTAL 268 320 -52 288
SINCE 7/1 282 396 -114 MM
COOLING TOTAL 35 19 16 5
SINCE 1/1 1041 1024 17 MM
................................................................
WIND (MPH)
AVERAGE WIND SPEED 6.0
HIGHEST WIND SPEED/DIRECTION 23/230 DATE 10/21
HIGHEST GUST SPEED/DIRECTION 35/210 DATE 10/21
SKY COVER
AVERAGE SKY COVER 0.42
AVERAGE RH (PERCENT) 69
WEATHER CONDITIONS. NUMBER OF DAYS WITH
THUNDERSTORM 1 MIXED PRECIP 0
HEAVY RAIN 1 RAIN 14
LIGHT RAIN 15 FREEZING RAIN 0
LT FREEZING RAIN 0 HAIL 0
HEAVY SNOW 0 SNOW 0
LIGHT SNOW 0 SLEET 0
FOG 17 FOG W/VIS <= 1/4 MILE 4
HAZE 3
- INDICATES NEGATIVE NUMBERS.
R INDICATES RECORD WAS SET OR TIED.
MM INDICATES DATA IS MISSING.
T INDICATES TRACE AMOUNT.
$$