000
CXUS56 KBOI 011002
CF6BNO
PRELIMINARY LOCAL CLIMATOLOGICAL DATA (WS FORM: F-6)
STATION: BURNS OR
MONTH: FEBRUARY
YEAR: 2024
LATITUDE: 43 34 N
LONGITUDE: 118 57 W
TEMPERATURE IN F: :PCPN: SNOW: WIND :SUNSHINE: SKY :PK WND
================================================================================
1 2 3 4 5 6A 6B 7 8 9 10 11 12 13 14 15 16 17 18
12Z AVG MX 2MIN
DY MAX MIN AVG DEP HDD CDD WTR SNW DPTH SPD SPD DIR MIN PSBL S-S WX SPD DR
================================================================================
1 46 31 39 11 26 0 0.26 M M 4.0 13 260 M M 9 1 21 250
2 48 29 39 11 26 0 0.01 M M 4.1 13 230 M M 7 12 17 230
3 40 28 34 6 31 0 0.00 M M 6.1 13 300 M M 6 17 300
4 39 22 31 2 34 0 0.23 M M 11.5 23 120 M M 5 128 33 130
5 49 29 39 10 26 0 T M M 8.2 21 190 M M 6 27 190
6 48 24 36 7 29 0 0.00 M M 6.2 10 290 M M 0 15 280
7 43 26 35 6 30 0 0.00 M M 5.7 16 330 M M 6 20 320
8 39 27 33 4 32 0 0.00 M M 5.3 15 320 M M 9 20 300
9 40 24 32 2 33 0 0.01 M M 8.4 21 310 M M 8 1 27 330
10 42 19 31 1 34 0 0.00 M M 3.2 8 190 M M 0 11 210
11 45 22 34 4 31 0 0.00 M M 3.4 8 160 M M 1 11 130
12 47 27 37 7 28 0 0.00 M M 4.3 14 240 M M 3 17 220
13 49 24 37 7 28 0 0.00 M M 3.1 9 300 M M 4 12 300
14 38 22 30 0 35 0 0.30 M M 4.4 12 60 M M 7 1 16 70
15 43 29 36 5 29 0 0.02 M M 7.0 20 230 M M 10 1 26 230
16 40 30 35 4 30 0 T M M 5.6 13 60 M M 4 18 60
17 34 29 32 1 33 0 0.13 M M 15.3 22 70 M M 8 1 30 80
18 42 31 37 5 28 0 0.14 M M 6.9 21 60 M M 7 1 28 80
19 50 35 43 11 22 0 0.04 M M 10.6 21 70 M M 9 1 30 60
20 49 33 41 9 24 0 T M M 5.3 20 230 M M 8 27 270
21 44 31 38 6 27 0 0.14 M M 3.8 15 300 M M 8 1 19 300
22 49 29 39 6 26 0 0.00 M M 2.1 8 30 M M 7 1 11 90
23 54 27 41 8 24 0 0.00 M M 4.3 10 220 M M 0 14 210
24 58 24 41 8 24 0 0.00 M M 4.0 15 280 M M 0 22 300
25 56 25 41 7 24 0 0.00 M M 10.3 28 250 M M 1 37 250
26 43 21 32 -2 33 0 0.07 M M 15.6 33 290 M M 7 12 47 290
27 38 16 27 -7 38 0 T M M 8.6 18 260 M M 9 26 290
28 51 27 39 4 26 0 0.00 M M 6.3 17 210 M M 8 24 210
29 54 25 40 5 25 0 0.10 M M 14.1 37 210 M M 7 12 59 210
================================================================================
SM 1318 766 836 0 1.45 M 197.7 M 164
================================================================================
AV 45.4 26.4 6.8 FASTST M M 6 MAX(MPH)
MISC ----> 37 210 59 210
================================================================================
NOTES:
# LAST OF SEVERAL OCCURRENCES
COLUMN 17 PEAK WIND IN M.P.H.
PRELIMINARY LOCAL CLIMATOLOGICAL DATA (WS FORM: F-6) , PAGE 2
STATION: BURNS OR
MONTH: FEBRUARY
YEAR: 2024
LATITUDE: 43 34 N
LONGITUDE: 118 57 W
[TEMPERATURE DATA] [PRECIPITATION DATA] SYMBOLS USED IN COLUMN 16
AVERAGE MONTHLY: 35.9 TOTAL FOR MONTH: 1.45 1 = FOG OR MIST
DPTR FM NORMAL: 4.9 DPTR FM NORMAL: 0.50 2 = FOG REDUCING VISIBILITY
HIGHEST: 58 ON 24 GRTST 24HR 0.30 ON 14-14 TO 1/4 MILE OR LESS
LOWEST: 16 ON 27 3 = THUNDER
SNOW, ICE PELLETS, HAIL 4 = ICE PELLETS
TOTAL MONTH: M 5 = HAIL
GRTST 24HR M ON M 6 = FREEZING RAIN OR DRIZZLE
GRTST DEPTH: M ON M 7 = DUSTSTORM OR SANDSTORM:
VSBY 1/2 MILE OR LESS
8 = SMOKE OR HAZE
[NO. OF DAYS WITH] [WEATHER - DAYS WITH] 9 = BLOWING SNOW
X = TORNADO
MAX 32 OR BELOW: 0 0.01 INCH OR MORE: 12
MAX 90 OR ABOVE: 0 0.10 INCH OR MORE: 7
MIN 32 OR BELOW: 27 0.50 INCH OR MORE: 0
MIN 0 OR BELOW: 0 1.00 INCH OR MORE: 0
[HDD (BASE 65) ]
TOTAL THIS MO. 836 CLEAR (SCALE 0-3) 7
DPTR FM NORMAL -117 PTCLDY (SCALE 4-7) 15
TOTAL FM JUL 1 4497 CLOUDY (SCALE 8-10) 7
DPTR FM NORMAL -756
[CDD (BASE 65) ]
TOTAL THIS MO. 0
DPTR FM NORMAL 0 [PRESSURE DATA]
TOTAL FM JAN 1 0 HIGHEST SLP 30.42 ON 23
DPTR FM NORMAL 0 LOWEST SLP 29.45 ON 29
[REMARKS]
#FINAL-02-24#