000
CXUS53 KGRR 010910
CF6BTL
PRELIMINARY LOCAL CLIMATOLOGICAL DATA (WS FORM: F-6)
STATION: BATTLE CREEK
MONTH: JULY
YEAR: 2023
LATITUDE: 42 17 N
LONGITUDE: 85 14 W
TEMPERATURE IN F: :PCPN: SNOW: WIND :SUNSHINE: SKY :PK WND
================================================================================
1 2 3 4 5 6A 6B 7 8 9 10 11 12 13 14 15 16 17 18
12Z AVG MX 2MIN
DY MAX MIN AVG DEP HDD CDD WTR SNW DPTH SPD SPD DIR MIN PSBL S-S WX SPD DR
================================================================================
1 86 66 76 4 0 11 0.01 M M 4.4 16 260 M M 3 138 20 260
2 76 68 72 0 0 7 M M M 4.0 12 40 M M 6 13 16 40
3 86 67 77 5 0 12 0.00 M M 5.1 13 300 M M 6 12 15 40
4 90 64 77 5 0 12 0.00 M M 3.5 12 230 M M 1 18 16 220
5 92 66 79 7 0 14 0.00 M M 6.2 18 290 M M 1 38 27 210
6 84 65 75 3 0 10 0.29 M M 8.1 18 290 M M 5 1 25 280
7 83 58 71 -1 0 6 0.00 M M 3.6 12 50 M M 2 15 50
8 77 61 69 -3 0 4 0.06 M M 7.4 18 300 M M 8 23 300
9 83 55 69 -3 0 4 0.00 M M 3.2 12 280 M M 3 128 17 290
10 88 58 73 0 0 8 0.00 M M 7.2 17 240 M M 0 23 250
11 89 64 77 4 0 12 0.00 M M 10.5 22 260 M M 2 29 250
12 79 59 69 -4 0 4 0.78 M M 7.2 26 220 M M 6 13 37 220
13 76 61 69 -4 0 4 T M M 6.2 17 330 M M 7 1 24 330
14 89 60 75 2 0 10 0.50 M M 7.7 24 250 M M 2 13 28 240
15 82 66 74 1 0 9 0.60 M M 6.9 16 190 M M 6 13 21 200
16 81 64 73 0 0 8 0.00 M M 9.7 22 270 M M 0 18 33 260
17 79 57 68 -5 0 3 0.00 M M 8.4 20 290 M M 1 18 26 270
18 79 55 67 -6 0 2 0.00 M M 3.5 12 330 M M 2 14 320
19 84 57 71 -2 0 6 0.00 M M 4.1 12 200 M M 2 16 210
20 87 64 76 3 0 11 0.00 M M 10.9 25 230 M M 2 3 33 240
21 82 62 72 -1 0 7 0.00 M M 6.4 14 340 M M 4 19 30
22 84 58 71 -2 0 6 0.08 M M 3.8 14 240 M M 2 3 20 240
23 77 59 68 -5 0 3 0.74 M M 3.5 13 200 M M 2 138 16 210
24 85 59 72 -1 0 7 0.00 M M 5.8 15 300 M M 1 38 20 240
25 86 59 73 0 0 8 0.00 M M 3.5 12 230 M M 1 18 17 250
26 82 68 75 3 0 10 1.36 M M 8.2 20 190 M M 4 138 29 220
27 89 71 80 8 0 15 0.00 M M 3.1 10 200 M M 4 128 13 280
28 89 71 80 8 0 15 0.12 M M 6.0 21 180 M M 1 13 26 190
29 84 67 76 4 0 11 1.65 M M 8.0 32 230 M M 5 13 41 230
30 80 62 71 -1 0 6 0.00 M M 6.0 15 310 M M 4 20 300
31 80 55 68 -4 0 3 0.00 M M 2.7 12 250 M M 1 14 270
================================================================================
SM 2588 1926 0 248 6.19 M 184.8 M 94
================================================================================
AV 83.5 62.1 6.0 FASTST M M 3 MAX(MPH)
MISC ----> 32 230 41 230
================================================================================
NOTES:
# LAST OF SEVERAL OCCURRENCES
COLUMN 17 PEAK WIND IN M.P.H.
PRELIMINARY LOCAL CLIMATOLOGICAL DATA (WS FORM: F-6) , PAGE 2
STATION: BATTLE CREEK
MONTH: JULY
YEAR: 2023
LATITUDE: 42 17 N
LONGITUDE: 85 14 W
[TEMPERATURE DATA] [PRECIPITATION DATA] SYMBOLS USED IN COLUMN 16
AVERAGE MONTHLY: 72.8 TOTAL FOR MONTH: 6.19 1 = FOG OR MIST
DPTR FM NORMAL: 0.3 DPTR FM NORMAL: 2.84 2 = FOG REDUCING VISIBILITY
HIGHEST: 92 ON 5 GRTST 24HR 1.77 ON 28-29 TO 1/4 MILE OR LESS
LOWEST: 55 ON 31,18 3 = THUNDER
SNOW, ICE PELLETS, HAIL 4 = ICE PELLETS
TOTAL MONTH: M 5 = HAIL
GRTST 24HR M ON M 6 = FREEZING RAIN OR DRIZZLE
GRTST DEPTH: M ON M 7 = DUSTSTORM OR SANDSTORM:
VSBY 1/2 MILE OR LESS
8 = SMOKE OR HAZE
[NO. OF DAYS WITH] [WEATHER - DAYS WITH] 9 = BLOWING SNOW
X = TORNADO
MAX 32 OR BELOW: 0 0.01 INCH OR MORE: 11
MAX 90 OR ABOVE: 2 0.10 INCH OR MORE: 8
MIN 32 OR BELOW: 0 0.50 INCH OR MORE: 6
MIN 0 OR BELOW: 0 1.00 INCH OR MORE: 2
[HDD (BASE 65) ]
TOTAL THIS MO. 0 CLEAR (SCALE 0-3) 18
DPTR FM NORMAL -6 PTCLDY (SCALE 4-7) 13
TOTAL FM JUL 1 0 CLOUDY (SCALE 8-10) 0
DPTR FM NORMAL 0
[CDD (BASE 65) ]
TOTAL THIS MO. 248
DPTR FM NORMAL 10 [PRESSURE DATA]
TOTAL FM JAN 1 443 HIGHEST SLP 30.18 ON 31
DPTR FM NORMAL 1 LOWEST SLP 29.64 ON 12
[REMARKS]
#FINAL-07-23#