000
CXUS54 KLIX 011530
CLMBTR
CLIMATE REPORT
NATIONAL WEATHER SERVICE NEW ORLEANS
930 AM CST FRI DEC 01 2023
...................................
...THE BATON ROUGE CLIMATE SUMMARY FOR THE MONTH OF NOVEMBER 2023...
CLIMATE NORMAL PERIOD: 1991 TO 2020
CLIMATE RECORD PERIOD: 1894 TO 2023
WEATHER OBSERVED NORMAL DEPART LAST YEAR`S
VALUE DATE(S) VALUE FROM VALUE DATE(S)
NORMAL
................................................................
TEMPERATURE (F)
RECORD
HIGH 89 11/04/2016
11/03/1935
11/02/1935
LOW 21 11/30/1976
HIGHEST 86 11/07 MM MM 89 11/06
11/20
11/08
LOWEST 34 11/02 MM MM 30 11/18
AVG. MAXIMUM 71.9 71.0 0.9 71.9
AVG. MINIMUM 50.1 47.8 2.3 49.0
MEAN 61.0 59.4 1.6 60.5
DAYS MAX >= 90 0 0.0 0.0 0
DAYS MAX <= 32 0 0.0 0.0 0
DAYS MIN <= 32 0 1.7 -1.7 1
DAYS MIN <= 0 0 0.0 0.0 0
PRECIPITATION (INCHES)
RECORD
MAXIMUM 20.24 1929
MINIMUM 0.08 1949
TOTALS 3.67 3.90 -0.23 10.11
DAILY AVG. 0.12 0.13 -0.01 0.34
DAYS >= .01 9 8.0 1.0 12
DAYS >= .10 4 5.0 -1.0 8
DAYS >= .50 2 2.6 -0.6 4
DAYS >= 1.00 2 1.2 0.8 4
GREATEST
24 HR. TOTAL 1.42 11/20 TO 11/21 4.32 11/24 TO 11/25
SNOWFALL (INCHES)
RECORDS
TOTAL MM MM
24 HR TOTAL MM
SNOW DEPTH MM MM
TOTALS 0.0 0.0 0.0 0.0
SINCE 7/1 0.0 0.0 0.0 MM
SNOWDEPTH AVG. MM MM
DAYS >= TRACE 0 0.0 0.0 0
DAYS >= 1.0 0 0.0 0.0 0
GREATEST
SNOW DEPTH MM MM MM
24 HR TOTAL MM MM
DEGREE DAYS
HEATING TOTAL 152 210 -58 203
SINCE 7/1 184 255 -71 MM
COOLING TOTAL 37 42 -5 75
SINCE 1/1 3838 2796 1042 MM
................................................................
WIND (MPH)
AVERAGE WIND SPEED 5.6
HIGHEST WIND SPEED/DIRECTION 30/140 DATE 11/30
HIGHEST GUST SPEED/DIRECTION 45/140 DATE 11/30
SKY COVER
POSSIBLE SUNSHINE (PERCENT) MM
AVERAGE SKY COVER 0.43
NUMBER OF DAYS FAIR 13
NUMBER OF DAYS PC 10
NUMBER OF DAYS CLOUDY 7
AVERAGE RH (PERCENT) 72
WEATHER CONDITIONS. NUMBER OF DAYS WITH
THUNDERSTORM 1 MIXED PRECIP 0
HEAVY RAIN 3 RAIN 4
LIGHT RAIN 12 FREEZING RAIN 0
LT FREEZING RAIN 0 HAIL 0
HEAVY SNOW 0 SNOW 0
LIGHT SNOW 0 SLEET 0
FOG 16 FOG W/VIS <= 1/4 MILE 1
HAZE 0
- INDICATES NEGATIVE NUMBERS.
R INDICATES RECORD WAS SET OR TIED.
MM INDICATES DATA IS MISSING.
T INDICATES TRACE AMOUNT.
$$