000
CXUS54 KTSA 010950
CF6BVO
PRELIMINARY LOCAL CLIMATOLOGICAL DATA (WS FORM: F-6)
STATION: BARTLESVILLE OKLAHOMA
MONTH: JANUARY
YEAR: 2024
LATITUDE: 36 45 N
LONGITUDE: 96 0 W
TEMPERATURE IN F: :PCPN: SNOW: WIND :SUNSHINE: SKY :PK WND
================================================================================
1 2 3 4 5 6A 6B 7 8 9 10 11 12 13 14 15 16 17 18
12Z AVG MX 2MIN
DY MAX MIN AVG DEP HDD CDD WTR SNW DPTH SPD SPD DIR MIN PSBL S-S WX SPD DR
================================================================================
1 39 19 29 -5 36 0 0.00 0.0 M 3.1 12 20 M M 6 15 20
2 46 19 33 -1 32 0 0.00 0.0 M 2.1 14 220 M M 0 1 19 220
3 51 19 35 1 30 0 0.00 0.0 M 1.3 9 60 M M 0 1 12 40
4 50 20 35 1 30 0 0.00 0.0 M 3.0 12 40 M M 0 1 16 20
5 40 33 37 3 28 0 0.18 M M 4.3 13 170 M M 9 1 18 150
6 41 32 37 3 28 0 0.00 0.0 M 5.1 10 230 M M 9 1 16 310
7 51 22 37 3 28 0 0.00 0.0 M 7.0 16 150 M M 0 25 140
8 47 40 44 10 21 0 0.58 M M 9.9 20 150 M M 9 1 31 160
9 42 21 32 -2 33 0 0.04 M M 8.6 18 300 M M 8 1 34 280
10 51 17 34 0 31 0 0.00 0.0 M 7.2 18 170 M M 0 1 26 170
11 60 18 39 5 26 0 0.00 0.0 M 5.9 22 150 M M 0 31 150
12 35 15 25 -9 40 0 0.00 0.0 M 8.2 21 280 M M 5 18 36 290
13 23 1 12 -22 53 0 0.00 0.0 M 9.6 18 360 M M 0 8 29 360
14 5 -9 -2 -36 67 0 0.05 M M 5.5 17 10 M M 4 8 24 10
15 13 -9 2 -32 63 0 T M M 6.7 17 10 M M 6 8 23 10
16 20 -10 5 -29 60 0 0.00 0.0 M 3.1 12 230 M M 0 17 230
17 39 8 24 -10 41 0 0.00 0.0 M 9.3 22 160 M M 0 31 150
18 46 17 32 -2 33 0 0.00 0.0 M 5.6 22 360 M M 0 8 39 360
19 23 8 16 -19 49 0 0.00 0.0 M 8.8 18 350 M M 0 35 10
20 25 5 15 -20 50 0 0.00 0.0 M 4.5 12 10 M M 0 15 10
21 29 11 20 -15 45 0 0.02 M M 11.8 23 160 M M 7 146 32 150
22 33 28 31 -4 34 0 0.72 M M 6.1 20 140 M M 10 146 26 140
23 41 32 37 2 28 0 0.01 0.0 M 1.0 7 360 M M 10 12 10 360
24 45 37 41 6 24 0 0.01 0.0 M 2.5 7 10 M M 10 12 10 350
25 48 38 43 8 22 0 0.01 0.0 M 2.0 9 30 M M 10 12 11 300
26 46 39 43 8 22 0 0.03 0.0 M 4.7 12 10 M M 10 1 16 20
27 39 33 36 0 29 0 0.13 M M 7.0 16 10 M M 10 14 21 10
28 58 27 43 7 22 0 0.00 0.0 M 1.1 9 220 M M 4 12 14 290
29 70 24 47 11 18 0 0.00 0.0 M 2.2 9 260 M M 0 14 260
30 70 31 51 15 14 0 0.00 0.0 M 1.3 13 10 M M 0 8 17 350
31 71 26 49 13 16 0 0.00 0.0 M 2.9 13 170 M M 0 18 160
================================================================================
SM 1297 612 1053 0 1.78 0.0 161.4 M 127
================================================================================
AV 41.8 19.7 5.2 FASTST M M 4 MAX(MPH)
MISC ----> 23 160 39 360
================================================================================
NOTES:
# LAST OF SEVERAL OCCURRENCES
COLUMN 17 PEAK WIND IN M.P.H.
PRELIMINARY LOCAL CLIMATOLOGICAL DATA (WS FORM: F-6) , PAGE 2
STATION: BARTLESVILLE OKLAHOMA
MONTH: JANUARY
YEAR: 2024
LATITUDE: 36 45 N
LONGITUDE: 96 0 W
[TEMPERATURE DATA] [PRECIPITATION DATA] SYMBOLS USED IN COLUMN 16
AVERAGE MONTHLY: 30.8 TOTAL FOR MONTH: 1.78 1 = FOG OR MIST
DPTR FM NORMAL: -3.9 DPTR FM NORMAL: 0.25 2 = FOG REDUCING VISIBILITY
HIGHEST: 71 ON 31 GRTST 24HR 0.80 ON 26-27 TO 1/4 MILE OR LESS
LOWEST: -10 ON 16 3 = THUNDER
SNOW, ICE PELLETS, HAIL 4 = ICE PELLETS
TOTAL MONTH: 0.0 INCH 5 = HAIL
GRTST 24HR 0.0 6 = FREEZING RAIN OR DRIZZLE
GRTST DEPTH: M ON M 7 = DUSTSTORM OR SANDSTORM:
VSBY 1/2 MILE OR LESS
8 = SMOKE OR HAZE
[NO. OF DAYS WITH] [WEATHER - DAYS WITH] 9 = BLOWING SNOW
X = TORNADO
MAX 32 OR BELOW: 7 0.01 INCH OR MORE: 11
MAX 90 OR ABOVE: 0 0.10 INCH OR MORE: 4
MIN 32 OR BELOW: 25 0.50 INCH OR MORE: 2
MIN 0 OR BELOW: 3 1.00 INCH OR MORE: 0
[HDD (BASE 65) ]
TOTAL THIS MO. 1053 CLEAR (SCALE 0-3) 15
DPTR FM NORMAL 114 PTCLDY (SCALE 4-7) 7
TOTAL FM JUL 1 2394 CLOUDY (SCALE 8-10) 9
DPTR FM NORMAL -203
[CDD (BASE 65) ]
TOTAL THIS MO. 0
DPTR FM NORMAL 0 [PRESSURE DATA]
TOTAL FM JAN 1 0 HIGHEST SLP 30.76 ON 20
DPTR FM NORMAL 0 LOWEST SLP 29.37 ON 9
[REMARKS]
#FINAL-01-24#