000
CXUS54 KLZK 011330
CF6BVX
PRELIMINARY LOCAL CLIMATOLOGICAL DATA (WS FORM: F-6)
STATION: BATESVILLE REGIONAL AIRPORT
MONTH: DECEMBER
YEAR: 2022
LATITUDE: 35 43 N
LONGITUDE: 91 39 W
TEMPERATURE IN F: :PCPN: SNOW: WIND :SUNSHINE: SKY :PK WND
================================================================================
1 2 3 4 5 6A 6B 7 8 9 10 11 12 13 14 15 16 17 18
12Z AVG MX 2MIN
DY MAX MIN AVG DEP HDD CDD WTR SNW DPTH SPD SPD DIR MIN PSBL S-S WX SPD DR
================================================================================
1 47 25 36 -7 29 0 T M M 5.2 12 110 M M 2 M M
2 60 42 51 9 14 0 0.05 M M 6.3 10 230 M M 10 1 M M
3 62 33 48 6 17 0 0.00 M M 6.8 20 240 M M 2 26 240
4 41 30 36 -6 29 0 T M M 1.5 6 100 M M 7 M M
5 48 40 44 3 21 0 0.01 M M 2.6 7 140 M M 10 12 M M
6 67 47 57 16 8 0 0.01 M M 2.9 7 220 M M 9 12 M M
7 62 52 57 16 8 0 0.43 M M 4.4 7 70 M M 10 1 M M
8 56 50 53 13 12 0 1.02 M M 3.4 7 140 M M 10 13 M M
9 65 46 56 16 9 0 0.01 M M 1.5 7 280 M M 4 12 M M
10 48 44 46 6 19 0 0.52 M M 3.4 13 100 M M 9 1 17 110
11 49 44 47 7 18 0 T M M 5.1 9 60 M M 10 1 M M
12 44 41 43 4 22 0 0.00 M M 7.4 12 80 M M 10 1 M M
13 60 42 51 12 14 0 2.34 M M 6.4 16 100 M M 10 123 M M
14 58 39 49 10 16 0 0.02 M M 4.8 12 270 M M 6 12 M M
15 47 33 40 1 25 0 0.00 M M 8.8 18 250 M M 0 21 250
16 48 30 39 1 26 0 0.00 M M 9.9 16 240 M M 0 17 260
17 45 28 37 -1 28 0 0.00 M M 7.5 15 260 M M 0 22 300
18 49 26 38 0 27 0 0.00 M M 3.5 6 110 M M 0 M M
19 41 30 36 -2 29 0 0.00 M M 4.9 9 80 M M 7 M M
20 50 30 40 2 25 0 0.00 M M 2.8 7 30 M M 7 M M
21 46 26 36 -2 29 0 T M M 4.3 8 120 M M 3 M M
22 45 1 23 -15 42 0 0.02 M M 8.4 21 300 M M 8 12 37 310
23 M M M M M M 0.00 M M 10.8 16 280 M M 0 25 280
24 M M M M M M 0.00 M M 9.4 13 300 M M 2 23 290
25 M M M M M M 0.00 M M 5.3 10 190 M M 2 M M
26 M M M M M M T M M 5.9 10 350 M M 9 18 99
27 M M M M M M 0.00 M M 4.9 10 180 M M 3 M M
28 M M M M M M 0.00 M M 9.2 16 190 M M 1 23 180
29 M M M M M M 0.04 M M 9.8 13 170 M M 10 23 190
30 M M M M M M 0.84 M M 3.5 8 160 M M 9 M M
31 M M M M M M 0.00 M M 4.3 8 90 M M 8 18 M M
================================================================================
SM 1138 779 467 0 5.31 M 175.0 M 178
================================================================================
AV 51.7 35.4 5.6 FASTST M M 6 MAX(MPH)
MISC ----> 21 300 37 310
================================================================================
NOTES:
# LAST OF SEVERAL OCCURRENCES
COLUMN 17 PEAK WIND IN M.P.H.
PRELIMINARY LOCAL CLIMATOLOGICAL DATA (WS FORM: F-6) , PAGE 2
STATION: BATESVILLE REGIONAL AIRPORT
MONTH: DECEMBER
YEAR: 2022
LATITUDE: 35 43 N
LONGITUDE: 91 39 W
[TEMPERATURE DATA] [PRECIPITATION DATA] SYMBOLS USED IN COLUMN 16
AVERAGE MONTHLY: 43.6 TOTAL FOR MONTH: 5.31 1 = FOG OR MIST
DPTR FM NORMAL: 4.6 DPTR FM NORMAL: 0.56 2 = FOG REDUCING VISIBILITY
HIGHEST: 67 ON 6 GRTST 24HR 2.65 ON 13-13 TO 1/4 MILE OR LESS
LOWEST: 1 ON 22 3 = THUNDER
SNOW, ICE PELLETS, HAIL 4 = ICE PELLETS
TOTAL MONTH: M 5 = HAIL
GRTST 24HR M ON M 6 = FREEZING RAIN OR DRIZZLE
GRTST DEPTH: M ON M 7 = DUSTSTORM OR SANDSTORM:
VSBY 1/2 MILE OR LESS
8 = SMOKE OR HAZE
[NO. OF DAYS WITH] [WEATHER - DAYS WITH] 9 = BLOWING SNOW
X = TORNADO
MAX 32 OR BELOW: 0 0.01 INCH OR MORE: 12
MAX 90 OR ABOVE: 0 0.10 INCH OR MORE: 5
MIN 32 OR BELOW: 9 0.50 INCH OR MORE: 4
MIN 0 OR BELOW: 0 1.00 INCH OR MORE: 2
[HDD (BASE 65) ]
TOTAL THIS MO. 467 CLEAR (SCALE 0-3) 12
DPTR FM NORMAL -339 PTCLDY (SCALE 4-7) 7
TOTAL FM JUL 1 1106 CLOUDY (SCALE 8-10) 12
DPTR FM NORMAL -396
[CDD (BASE 65) ]
TOTAL THIS MO. 0
DPTR FM NORMAL 0 [PRESSURE DATA]
TOTAL FM JAN 1 2046 HIGHEST SLP 30.56 ON 1
DPTR FM NORMAL 303 LOWEST SLP 29.64 ON 14
[REMARKS]
#FINAL-12-22#