000
CXUS54 KLZK 011230
CF6BVX
PRELIMINARY LOCAL CLIMATOLOGICAL DATA (WS FORM: F-6)
STATION: BATESVILLE REGIONAL AIRPORT
MONTH: SEPTEMBER
YEAR: 2022
LATITUDE: 35 43 N
LONGITUDE: 91 39 W
TEMPERATURE IN F: :PCPN: SNOW: WIND :SUNSHINE: SKY :PK WND
================================================================================
1 2 3 4 5 6A 6B 7 8 9 10 11 12 13 14 15 16 17 18
12Z AVG MX 2MIN
DY MAX MIN AVG DEP HDD CDD WTR SNW DPTH SPD SPD DIR MIN PSBL S-S WX SPD DR
================================================================================
1 86 63 75 -2 0 10 0.00 M M 1.8 7 110 M M 0 M M
2 83 68 76 0 0 11 0.35 M M 3.2 7 140 M M 4 12 M M
3 85 70 78 2 0 13 0.82 M M 2.8 7 120 M M 5 13 M M
4 86 67 77 1 0 12 0.00 M M 2.9 6 30 M M 4 12 M M
5 87 67 77 1 0 12 0.03 M M 2.3 20 250 M M 2 1 M M
6 88 68 78 3 0 13 0.00 M M 1.8 6 290 M M 2 1 M M
7 87 69 78 3 0 13 T M M 2.7 7 20 M M 3 1 M M
8 85 64 75 1 0 10 0.00 M M 3.5 9 90 M M 1 1 M M
9 85 60 73 -1 0 8 T M M 3.3 7 80 M M 1 18 M M
10 85 66 76 2 0 11 0.00 M M 3.9 10 110 M M 6 1 M M
11 77 58 68 -5 0 3 0.00 M M 4.3 10 310 M M 6 12 18 320
12 80 52 66 -7 0 1 T M M 3.6 8 270 M M 0 M M
13 88 57 73 0 0 8 T M M 2.0 10 250 M M 0 M M
14 88 57 73 1 0 8 T M M 2.0 8 80 M M 0 16 80
15 85 57 71 -1 0 6 0.00 M M 3.0 10 100 M M 1 M M
16 87 60 74 3 0 9 0.00 M M 2.7 8 160 M M 2 M M
17 89 65 77 6 0 12 0.00 M M 5.4 9 120 M M 1 8 M M
18 93 70 82 11 0 17 0.00 M M 5.8 10 240 M M 0 M M
19 98 73 86 16 0 21 0.00 M M 3.9 10 250 M M 1 M M
20 98 71 85 15 0 20 0.00 M M 2.6 8 150 M M 0 8 M M
21 99 70 85 16 0 20 0.00 M M 3.0 10 220 M M 0 M M
22 76 63 70 1 0 5 T M M 5.8 12 30 M M 5 16 99
23 72 60 66 -2 0 1 0.00 M M 6.5 10 120 M M 7 18 120
24 M M M M M M 0.00 M M M M M M M M M M
25 87 61 74 6 0 9 0.00 M M 5.3 9 310 M M 0 21 10
26 79 53 66 -1 0 1 0.00 M M 4.6 10 300 M M 0 17 300
27 83 50 67 0 0 2 0.00 M M 2.6 6 110 M M 0 M M
28 77 48 63 -3 2 0 0.00 M M 5.5 13 90 M M 0 17 90
29 74 44 59 -7 6 0 0.00 M M 5.5 10 60 M M 0 8 16 50
30 78 44 61 -5 4 0 0.00 M M 4.3 8 70 M M 0 8 M M
================================================================================
SM 2465 1775 12 256 1.20 M 106.4 M 51
================================================================================
AV 85.0 61.2 3.7 FASTST M M 2 MAX(MPH)
MISC ----> 20 250 21 10
================================================================================
NOTES:
# LAST OF SEVERAL OCCURRENCES
COLUMN 17 PEAK WIND IN M.P.H.
PRELIMINARY LOCAL CLIMATOLOGICAL DATA (WS FORM: F-6) , PAGE 2
STATION: BATESVILLE REGIONAL AIRPORT
MONTH: SEPTEMBER
YEAR: 2022
LATITUDE: 35 43 N
LONGITUDE: 91 39 W
[TEMPERATURE DATA] [PRECIPITATION DATA] SYMBOLS USED IN COLUMN 16
AVERAGE MONTHLY: 73.1 TOTAL FOR MONTH: 1.20 1 = FOG OR MIST
DPTR FM NORMAL: 1.6 DPTR FM NORMAL: -2.52 2 = FOG REDUCING VISIBILITY
HIGHEST: 99 ON 21 GRTST 24HR 1.17 ON 2- 3 TO 1/4 MILE OR LESS
LOWEST: 44 ON 30,29 3 = THUNDER
SNOW, ICE PELLETS, HAIL 4 = ICE PELLETS
TOTAL MONTH: M 5 = HAIL
GRTST 24HR M ON M 6 = FREEZING RAIN OR DRIZZLE
GRTST DEPTH: M ON M 7 = DUSTSTORM OR SANDSTORM:
VSBY 1/2 MILE OR LESS
8 = SMOKE OR HAZE
[NO. OF DAYS WITH] [WEATHER - DAYS WITH] 9 = BLOWING SNOW
X = TORNADO
MAX 32 OR BELOW: 0 0.01 INCH OR MORE: 3
MAX 90 OR ABOVE: 4 0.10 INCH OR MORE: 2
MIN 32 OR BELOW: 0 0.50 INCH OR MORE: 1
MIN 0 OR BELOW: 0 1.00 INCH OR MORE: 0
[HDD (BASE 65) ]
TOTAL THIS MO. 12 CLEAR (SCALE 0-3) 21
DPTR FM NORMAL -15 PTCLDY (SCALE 4-7) 8
TOTAL FM JUL 1 12 CLOUDY (SCALE 8-10) 1
DPTR FM NORMAL -13
[CDD (BASE 65) ]
TOTAL THIS MO. 256
DPTR FM NORMAL 34 [PRESSURE DATA]
TOTAL FM JAN 1 1989 HIGHEST SLP 30.42 ON 29
DPTR FM NORMAL 295 LOWEST SLP 29.83 ON 8
[REMARKS]
#FINAL-09-22#