000
CXUS54 KLZK 011130
CF6BVX
PRELIMINARY LOCAL CLIMATOLOGICAL DATA (WS FORM: F-6)
STATION: BATESVILLE REGIONAL AIRPORT
MONTH: JUNE
YEAR: 2021
LATITUDE: 35 43 N
LONGITUDE: 91 39 W
TEMPERATURE IN F: :PCPN: SNOW: WIND :SUNSHINE: SKY :PK WND
================================================================================
1 2 3 4 5 6A 6B 7 8 9 10 11 12 13 14 15 16 17 18
12Z AVG MX 2MIN
DY MAX MIN AVG DEP HDD CDD WTR SNW DPTH SPD SPD DIR MIN PSBL S-S WX SPD DR
================================================================================
1 65 61 63 -10 2 0 0.93 M M 4.3 10 70 M M 10 1 M M
2 75 63 69 -4 0 4 0.04 M M 2.4 6 310 M M 9 12 M M
3 81 62 72 -1 0 7 0.00 M M 4.1 8 290 M M 5 M M
4 85 59 72 -2 0 7 0.00 M M 2.6 6 130 M M 0 1 M M
5 85 60 73 -1 0 8 0.24 M M 3.4 16 130 M M 4 1 24 130
6 82 67 75 1 0 10 0.13 M M 5.9 9 120 M M 8 1 M M
7 81 66 74 0 0 9 0.38 M M 5.5 10 180 M M 8 1 23 180
8 79 68 74 -1 0 9 0.01 M M 4.5 10 150 M M 8 1 M M
9 88 70 79 4 0 14 0.00 M M 2.3 7 190 M M 7 M M
10 91 72 82 7 0 17 0.30 0.0 0 4.1 8 190 M M 3 1 M M
11 93 70 82 6 0 17 0.17 0.0 0 4.7 13 330 M M 4 3 29 330
12 95 69 82 6 0 17 0.00 M M 4.5 12 200 M M 1 M M
13 92 70 81 5 0 16 0.00 0.0 0 3.5 8 30 M M 1 M M
14 91 65 78 2 0 13 0.00 M M 3.3 6 320 M M 0 M M
15 90 67 79 2 0 14 T M M 4.1 9 100 M M 0 M M
16 90 66 78 1 0 13 T M M 3.7 8 160 M M 2 1 M M
17 92 74 83 6 0 18 0.00 M M 6.6 14 240 M M 1 3 17 240
18 91 71 81 4 0 16 0.00 M M 7.0 12 220 M M 0 17 210
19 90 65 78 0 0 13 T M M 3.6 8 210 M M 0 M M
20 93 70 82 4 0 17 0.00 0.0 0 6.8 15 210 M M 1 20 220
21 84 61 73 -5 0 8 0.09 0.0 0 5.4 12 240 M M 4 1 23 310
22 80 54 67 -11 0 2 0.00 0.0 0 3.3 10 80 M M 0 M M
23 86 53 70 -8 0 5 0.00 0.0 0 3.4 9 150 M M 0 M M
24 91 71 81 2 0 16 0.00 0.0 0 5.8 12 230 M M 2 17 200
25 92 78 85 6 0 20 0.00 0.0 0 8.0 13 180 M M 2 20 200
26 91 76 84 5 0 19 0.00 0.0 0 8.5 14 180 M M 5 25 220
27 92 75 84 5 0 19 0.00 0.0 0 6.5 12 140 M M 4 17 140
28 92 71 82 3 0 17 T 0.0 0 5.0 12 120 M M 2 18 120
29 94 70 82 3 0 17 0.00 M M 2.4 8 150 M M 2 M M
30 93 70 82 2 0 17 0.00 M M 2.1 9 220 M M 1 M M
================================================================================
SM 2624 2014 2 379 2.29 0.0 137.2 M 94
================================================================================
AV 87.5 67.1 4.6 FASTST M M 3 MAX(MPH)
MISC ----> 16 130 29 330
================================================================================
NOTES:
# LAST OF SEVERAL OCCURRENCES
COLUMN 17 PEAK WIND IN M.P.H.
PRELIMINARY LOCAL CLIMATOLOGICAL DATA (WS FORM: F-6) , PAGE 2
STATION: BATESVILLE REGIONAL AIRPORT
MONTH: JUNE
YEAR: 2021
LATITUDE: 35 43 N
LONGITUDE: 91 39 W
[TEMPERATURE DATA] [PRECIPITATION DATA] SYMBOLS USED IN COLUMN 16
AVERAGE MONTHLY: 77.3 TOTAL FOR MONTH: 2.29 1 = FOG OR MIST
DPTR FM NORMAL: 0.7 DPTR FM NORMAL: -1.26 2 = FOG REDUCING VISIBILITY
HIGHEST: 95 ON 12 GRTST 24HR 0.99 ON 1- 2 TO 1/4 MILE OR LESS
LOWEST: 53 ON 23 3 = THUNDER
SNOW, ICE PELLETS, HAIL 4 = ICE PELLETS
TOTAL MONTH: 0.0 INCH 5 = HAIL
GRTST 24HR 0.0 6 = FREEZING RAIN OR DRIZZLE
GRTST DEPTH: 0 7 = DUSTSTORM OR SANDSTORM:
VSBY 1/2 MILE OR LESS
8 = SMOKE OR HAZE
[NO. OF DAYS WITH] [WEATHER - DAYS WITH] 9 = BLOWING SNOW
X = TORNADO
MAX 32 OR BELOW: 0 0.01 INCH OR MORE: 9
MAX 90 OR ABOVE: 18 0.10 INCH OR MORE: 6
MIN 32 OR BELOW: 0 0.50 INCH OR MORE: 1
MIN 0 OR BELOW: 0 1.00 INCH OR MORE: 0
[HDD (BASE 65) ]
TOTAL THIS MO. 2 CLEAR (SCALE 0-3) 17
DPTR FM NORMAL 0 PTCLDY (SCALE 4-7) 9
TOTAL FM JUL 1 3490 CLOUDY (SCALE 8-10) 4
DPTR FM NORMAL -298
[CDD (BASE 65) ]
TOTAL THIS MO. 379
DPTR FM NORMAL 31 [PRESSURE DATA]
TOTAL FM JAN 1 523 HIGHEST SLP 30.17 ON 29
DPTR FM NORMAL -8 LOWEST SLP 29.72 ON 11
[REMARKS]
#FINAL-06-21#