000
CXUS51 KLWX 010815
CF6BWI
PRELIMINARY LOCAL CLIMATOLOGICAL DATA (WS FORM: F-6)
STATION: BALTIMORE MD
MONTH: MAY
YEAR: 2023
LATITUDE: 39 10 N
LONGITUDE: 76 40 W
TEMPERATURE IN F: :PCPN: SNOW: WIND :SUNSHINE: SKY :PK WND
================================================================================
1 2 3 4 5 6A 6B 7 8 9 10 11 12 13 14 15 16 17 18
12Z AVG MX 2MIN
DY MAX MIN AVG DEP HDD CDD WTR SNW DPTH SPD SPD DIR MIN PSBL S-S WX SPD DR
================================================================================
1 62 46 54 -6 11 0 0.01 0.0 0 10.7 23 230 M M 7 33 240
2 56 46 51 -10 14 0 0.03 0.0 0 9.3 21 250 M M 9 29 260
3 57 43 50 -11 15 0 0.02 0.0 0 7.7 20 290 M M 8 29 290
4 65 40 53 -8 12 0 0.00 0.0 0 7.0 14 280 M M 5 23 360
5 69 41 55 -6 10 0 0.00 0.0 0 3.9 14 350 M M 4 22 360
6 75 43 59 -3 6 0 0.00 0.0 0 3.2 14 310 M M 3 20 330
7 76 47 62 0 3 0 0.02 M 0 1.8 10 230 M M 7 1 14 240
8 83 58 71 9 0 6 0.00 0.0 0 6.5 18 290 M M 7 1 33 340
9 69 49 59 -3 6 0 0.02 0.0 0 4.5 14 60 M M 7 23 60
10 74 46 60 -3 5 0 0.00 0.0 0 3.9 10 250 M M 3 17 20
11 83 46 65 2 0 0 0.00 0.0 0 3.6 14 230 M M 4 20 340
12 85 55 70 7 0 5 0.00 0.0 0 3.4 14 120 M M 7 1 19 50
13 74 58 66 2 0 1 0.30 0.0 0 3.1 12 340 M M 9 18 20 40
14 78 58 68 4 0 3 0.00 0.0 0 7.6 16 290 M M 4 28 20
15 77 51 64 0 1 0 0.00 0.0 0 5.2 13 250 M M 5 8 17 350
16 82 56 69 5 0 4 0.00 0.0 0 8.4 18 250 M M 7 8 30 270
17 72 55 64 -1 1 0 0.00 0.0 0 8.7 18 340 M M 5 28 350
18 71 47 59 -6 6 0 0.00 0.0 0 7.2 14 130 M M 4 21 100
19 75 50 63 -2 2 0 0.00 0.0 0 6.9 21 110 M M 6 31 100
20 79 58 69 4 0 4 0.13 0.0 0 5.1 14 300 M M 8 128 20 320
21 80 52 66 0 0 1 0.02 0.0 0 7.8 16 300 M M 3 32 330
22 82 51 67 1 0 2 0.00 0.0 0 4.5 13 100 M M 3 20 20
23 75 54 65 -1 0 0 0.00 0.0 0 6.7 15 60 M M 7 18 20 40
24 84 49 67 0 0 2 0.00 0.0 0 4.1 20 10 M M 7 29 20
25 74 54 64 -3 1 0 0.00 0.0 0 8.2 18 30 M M 4 30 30
26 75 49 62 -5 3 0 0.00 0.0 0 3.7 13 50 M M 3 18 90
27 78 48 63 -4 2 0 0.00 0.0 0 5.4 17 100 M M 5 22 60
28 77 52 65 -3 0 0 T 0.0 0 5.8 15 100 M M 8 19 100
29 78 64 71 3 0 6 T 0.0 0 8.6 21 70 M M 7 38 28 70
30 77 58 68 0 0 3 0.00 0.0 0 10.4 17 60 M M 7 24 50
31 80 46 63 -6 2 0 0.00 0.0 0 5.3 16 110 M M 1 21 110
================================================================================
SM 2322 1570 100 37 0.55 0.0 188.2 M 174
================================================================================
AV 74.9 50.6 6.1 FASTST M M 6 MAX(MPH)
MISC ----> 23 230 # 33 240
================================================================================
NOTES:
# LAST OF SEVERAL OCCURRENCES
COLUMN 17 PEAK WIND IN M.P.H.
PRELIMINARY LOCAL CLIMATOLOGICAL DATA (WS FORM: F-6) , PAGE 2
STATION: BALTIMORE MD
MONTH: MAY
YEAR: 2023
LATITUDE: 39 10 N
LONGITUDE: 76 40 W
[TEMPERATURE DATA] [PRECIPITATION DATA] SYMBOLS USED IN COLUMN 16
AVERAGE MONTHLY: 62.8 TOTAL FOR MONTH: 0.55 1 = FOG OR MIST
DPTR FM NORMAL: -1.6 DPTR FM NORMAL: -3.30 2 = FOG REDUCING VISIBILITY
HIGHEST: 85 ON 12 GRTST 24HR 0.30 ON 13-13 TO 1/4 MILE OR LESS
LOWEST: 40 ON 4 3 = THUNDER
SNOW, ICE PELLETS, HAIL 4 = ICE PELLETS
TOTAL MONTH: 0.0 INCH 5 = HAIL
GRTST 24HR 0.0 6 = FREEZING RAIN OR DRIZZLE
GRTST DEPTH: 0 7 = DUSTSTORM OR SANDSTORM:
VSBY 1/2 MILE OR LESS
8 = SMOKE OR HAZE
[NO. OF DAYS WITH] [WEATHER - DAYS WITH] 9 = BLOWING SNOW
X = TORNADO
MAX 32 OR BELOW: 0 0.01 INCH OR MORE: 8
MAX 90 OR ABOVE: 0 0.10 INCH OR MORE: 2
MIN 32 OR BELOW: 0 0.50 INCH OR MORE: 0
MIN 0 OR BELOW: 0 1.00 INCH OR MORE: 0
[HDD (BASE 65) ]
TOTAL THIS MO. 100 CLEAR (SCALE 0-3) 5
DPTR FM NORMAL -9 PTCLDY (SCALE 4-7) 24
TOTAL FM JUL 1 3654 CLOUDY (SCALE 8-10) 2
DPTR FM NORMAL -821
[CDD (BASE 65) ]
TOTAL THIS MO. 37
DPTR FM NORMAL -53 [PRESSURE DATA]
TOTAL FM JAN 1 89 HIGHEST SLP 30.33 ON 27
DPTR FM NORMAL -22 LOWEST SLP 29.25 ON 1
[REMARKS]
#FINAL-05-23#