000
CXUS51 KLWX 010915
CF6BWI
PRELIMINARY LOCAL CLIMATOLOGICAL DATA (WS FORM: F-6)
STATION: BALTIMORE MD
MONTH: FEBRUARY
YEAR: 2024
LATITUDE: 39 10 N
LONGITUDE: 76 40 W
TEMPERATURE IN F: :PCPN: SNOW: WIND :SUNSHINE: SKY :PK WND
================================================================================
1 2 3 4 5 6A 6B 7 8 9 10 11 12 13 14 15 16 17 18
12Z AVG MX 2MIN
DY MAX MIN AVG DEP HDD CDD WTR SNW DPTH SPD SPD DIR MIN PSBL S-S WX SPD DR
================================================================================
1 55 28 42 8 23 0 0.00 0.0 0 3.7 16 230 M M 5 1 20 220
2 50 41 46 12 19 0 0.02 0.0 0 7.3 18 350 M M 9 1 27 340
3 51 32 42 7 23 0 0.00 0.0 0 4.6 16 350 M M 2 22 350
4 55 27 41 6 24 0 0.00 0.0 0 2.5 9 40 M M 1 19 20
5 49 27 38 3 27 0 0.00 0.0 0 5.3 12 100 M M 1 23 350
6 45 28 37 2 28 0 0.00 0.0 0 6.6 16 50 M M 1 23 20
7 52 24 38 3 27 0 0.00 0.0 0 2.1 9 90 M M 2 16 20
8 56 28 42 7 23 0 0.00 0.0 0 3.0 10 140 M M 6 16 130
9 62 38 50 14 15 0 0.00 0.0 0 3.2 7 190 M M 7 M M
10 65 38 52 16 13 0 0.00 0.0 M 3.4 15 160 M M 10 23 170
11 58 47 53 17 12 0 0.05 M M 4.0 10 310 M M 10 18 17 50
12 49 42 46 10 19 0 0.10 0.0 0 4.6 17 90 M M 10 18 23 100
13 47 34 41 5 24 0 0.89 T 0 12.2 28 290 M M 8 14 40 300
14 44 27 36 0 29 0 0.00 0.0 0 9.5 25 300 M M 3 40 350
15 46 23 35 -2 30 0 T 0.0 0 3.3 14 110 M M 5 22 140
16 48 31 40 3 25 0 0.00 0.0 0 9.0 30 290 M M 5 42 270
17 40 25 33 -4 32 0 0.26 2.2 2 11.1 26 260 M M 6 12 37 280
18 48 23 36 -1 29 0 0.00 0.0 0 7.5 20 230 M M 4 29 220
19 48 24 36 -1 29 0 0.00 0.0 0 3.9 13 320 M M 1 19 350
20 47 27 37 -1 28 0 0.00 0.0 0 6.0 14 90 M M 4 22 110
21 46 24 35 -3 30 0 0.00 0.0 0 5.5 13 120 M M 2 19 50
22 46 26 36 -2 29 0 0.22 0.0 0 4.8 14 340 M M 8 13 20 170
23 50 38 44 6 21 0 0.01 0.0 0 4.1 12 330 M M 9 18 20 350
24 51 30 41 2 24 0 0.01 0.0 0 8.3 16 330 M M 7 1 24 350
25 47 21 34 -5 31 0 0.00 0.0 0 3.0 10 150 M M 1 16 270
26 62 30 46 7 19 0 T 0.0 0 2.7 12 60 M M 6 16 70
27 66 36 51 12 14 0 T 0.0 0 5.7 15 180 M M 8 1 26 190
28 66 40 53 13 12 0 0.28 0.0 0 13.3 37 280 M M 10 13 51 280
29 48 30 39 -1 26 0 0.00 0.0 0 11.6 31 290 M M 2 40 290
================================================================================
SM 1497 889 685 0 1.84 2.2 171.8 M 153
================================================================================
AV 51.6 30.7 5.9 FASTST M M 5 MAX(MPH)
MISC ----> 37 280 51 280
================================================================================
NOTES:
# LAST OF SEVERAL OCCURRENCES
COLUMN 17 PEAK WIND IN M.P.H.
PRELIMINARY LOCAL CLIMATOLOGICAL DATA (WS FORM: F-6) , PAGE 2
STATION: BALTIMORE MD
MONTH: FEBRUARY
YEAR: 2024
LATITUDE: 39 10 N
LONGITUDE: 76 40 W
[TEMPERATURE DATA] [PRECIPITATION DATA] SYMBOLS USED IN COLUMN 16
AVERAGE MONTHLY: 41.1 TOTAL FOR MONTH: 1.84 1 = FOG OR MIST
DPTR FM NORMAL: 4.5 DPTR FM NORMAL: -1.06 2 = FOG REDUCING VISIBILITY
HIGHEST: 66 ON 28,27 GRTST 24HR 0.99 ON 12-13 TO 1/4 MILE OR LESS
LOWEST: 21 ON 25 3 = THUNDER
SNOW, ICE PELLETS, HAIL 4 = ICE PELLETS
TOTAL MONTH: 2.2 INCHES 5 = HAIL
GRTST 24HR 2.2 ON 17-17 6 = FREEZING RAIN OR DRIZZLE
GRTST DEPTH: 2 ON 17 7 = DUSTSTORM OR SANDSTORM:
VSBY 1/2 MILE OR LESS
8 = SMOKE OR HAZE
[NO. OF DAYS WITH] [WEATHER - DAYS WITH] 9 = BLOWING SNOW
X = TORNADO
MAX 32 OR BELOW: 0 0.01 INCH OR MORE: 9
MAX 90 OR ABOVE: 0 0.10 INCH OR MORE: 5
MIN 32 OR BELOW: 20 0.50 INCH OR MORE: 1
MIN 0 OR BELOW: 0 1.00 INCH OR MORE: 0
[HDD (BASE 65) ]
TOTAL THIS MO. 685 CLEAR (SCALE 0-3) 9
DPTR FM NORMAL -109 PTCLDY (SCALE 4-7) 13
TOTAL FM JUL 1 2889 CLOUDY (SCALE 8-10) 7
DPTR FM NORMAL -565
[CDD (BASE 65) ]
TOTAL THIS MO. 0
DPTR FM NORMAL 0 [PRESSURE DATA]
TOTAL FM JAN 1 0 HIGHEST SLP 30.50 ON 29
DPTR FM NORMAL 0 LOWEST SLP 29.37 ON 13
[REMARKS]
#FINAL-02-24#